{"id":7611,"date":"2026-04-18T19:58:03","date_gmt":"2026-04-18T17:58:03","guid":{"rendered":"https:\/\/www.lelag.fr\/site\/?post_type=tribe_events&#038;p=7611"},"modified":"2026-04-18T19:58:03","modified_gmt":"2026-04-18T17:58:03","slug":"festival-nos-futurs-un-autre-monde-existe-deja","status":"publish","type":"tribe_events","link":"https:\/\/www.lelag.fr\/site\/agenda\/festival-nos-futurs-un-autre-monde-existe-deja\/","title":{"rendered":"Festival Nos futurs &#8211; Un autre monde existe d\u00e9j\u00e0"},"content":{"rendered":"<p>Le Lag est pr\u00e9sent au festival \u00ab\u00a0Nos futurs &#8211; un autre monde existe d\u00e9j\u00e0\u00a0\u00bb \u00e0 Lens<\/p>\n<p>Plus d&rsquo;infos : https:\/\/letoitcommun.org\/festival-nos-futurs-2026-le-programme\/<\/p>\n","protected":false},"excerpt":{"rendered":"<p>Le Lag est pr\u00e9sent au festival \u00ab\u00a0Nos futurs &#8211; un autre monde existe d\u00e9j\u00e0\u00a0\u00bb \u00e0 Lens Plus d&rsquo;infos : https:\/\/letoitcommun.org\/festival-nos-futurs-2026-le-programme\/<\/p>\n","protected":false},"author":2,"featured_media":0,"template":"","meta":{"_tribe_events_status":"","_tribe_events_status_reason":"","footnotes":""},"tags":[],"tribe_events_cat":[],"class_list":["post-7611","tribe_events","type-tribe_events","status-publish","hentry"],"_links":{"self":[{"href":"https:\/\/www.lelag.fr\/site\/wp-json\/wp\/v2\/tribe_events\/7611","targetHints":{"allow":["GET"]}}],"collection":[{"href":"https:\/\/www.lelag.fr\/site\/wp-json\/wp\/v2\/tribe_events"}],"about":[{"href":"https:\/\/www.lelag.fr\/site\/wp-json\/wp\/v2\/types\/tribe_events"}],"author":[{"embeddable":true,"href":"https:\/\/www.lelag.fr\/site\/wp-json\/wp\/v2\/users\/2"}],"version-history":[{"count":1,"href":"https:\/\/www.lelag.fr\/site\/wp-json\/wp\/v2\/tribe_events\/7611\/revisions"}],"predecessor-version":[{"id":7612,"href":"https:\/\/www.lelag.fr\/site\/wp-json\/wp\/v2\/tribe_events\/7611\/revisions\/7612"}],"wp:attachment":[{"href":"https:\/\/www.lelag.fr\/site\/wp-json\/wp\/v2\/media?parent=7611"}],"wp:term":[{"taxonomy":"post_tag","embeddable":true,"href":"https:\/\/www.lelag.fr\/site\/wp-json\/wp\/v2\/tags?post=7611"},{"taxonomy":"tribe_events_cat","embeddable":true,"href":"https:\/\/www.lelag.fr\/site\/wp-json\/wp\/v2\/tribe_events_cat?post=7611"}],"curies":[{"name":"wp","href":"https:\/\/api.w.org\/{rel}","templated":true}]}}

Festival Nos futurs &#8211; Un autre monde existe déjà

<p>Le Lag est présent au festival « Nos futurs &#8211; un autre monde existe déjà » à Lens</p>
<p>Plus d&rsquo;infos : https://letoitcommun.org/festival-nos-futurs-2026-le-programme/</p>

<p>Le Lag est présent au festival « Nos futurs &#8211; un autre monde existe déjà » à Lens Plus d&rsquo;infos : https://letoitcommun.org/festival-nos-futurs-2026-le-programme/</p>
