{"id":7550,"date":"2026-03-29T18:38:38","date_gmt":"2026-03-29T16:38:38","guid":{"rendered":"https:\/\/www.lelag.fr\/site\/?post_type=tribe_events&#038;p=7550"},"modified":"2026-04-03T17:03:08","modified_gmt":"2026-04-03T15:03:08","slug":"la-greve","status":"publish","type":"tribe_events","link":"https:\/\/www.lelag.fr\/site\/agenda\/la-greve\/","title":{"rendered":"La gr\u00e8ve &#8211; spectacle de Sabine Corre"},"content":{"rendered":"<p><a href=\"https:\/\/www.lelag.fr\/site\/wp-content\/uploads\/2026\/03\/Affiche-la-Greve.jpg\"><img loading=\"lazy\" decoding=\"async\" class=\"aligncenter size-medium wp-image-7597\" src=\"https:\/\/www.lelag.fr\/site\/wp-content\/uploads\/2026\/03\/Affiche-la-Greve-300x212.jpg\" alt=\"\" width=\"300\" height=\"212\" srcset=\"https:\/\/www.lelag.fr\/site\/wp-content\/uploads\/2026\/03\/Affiche-la-Greve-300x212.jpg 300w, https:\/\/www.lelag.fr\/site\/wp-content\/uploads\/2026\/03\/Affiche-la-Greve-1024x722.jpg 1024w, https:\/\/www.lelag.fr\/site\/wp-content\/uploads\/2026\/03\/Affiche-la-Greve-768x541.jpg 768w, https:\/\/www.lelag.fr\/site\/wp-content\/uploads\/2026\/03\/Affiche-la-Greve.jpg 1241w\" sizes=\"auto, (max-width: 300px) 100vw, 300px\" \/><\/a>Sabine Corre conte l\u2019histoire des ouvri\u00e8res des conserveries de Douarnenez et de la grande gr\u00e8ve des Penn Sardin de 1924. Spectacle \u00e9crit et interpr\u00e9t\u00e9 par Sabine Corre, inspir\u00e9 de <strong>Temp\u00eate sur Douarnenez<\/strong> d\u2019Henri Queff\u00e9lec (1951).<\/p>\n<div class=\"description clearfix mt-3\">\n<p>Nous sommes en Bretagne, dans le Finist\u00e8re, au bord de l\u2019oc\u00e9an, au bout du monde. C\u2019est l\u2019histoire de J\u00e9novefa le Meur, fille de paysan de Plomodiern, qui arrive pour travailler \u00e0 Douarnenez et rejoint le bataillon des ouvri\u00e8res d\u2019usine. Sa vie de toute jeune femme, dans l\u2019\u00e2pret\u00e9, les r\u00e8gles et les solidarit\u00e9s de l\u2019\u00e9poque, faite de joies et de drames, va bient\u00f4t rencontrer la grande Histoire, celle de la gr\u00e8ve des Penn Sardin qui opposa en 1924 les sardini\u00e8res aux patrons de conserverie. Un r\u00e9cit cont\u00e9, rythm\u00e9 par le chant des sardini\u00e8res, outil de r\u00e9sistance de ces femmes-courage, soutenues par Daniel le Flanchec, Charles Tillon, Lucie Colliard, personnages embl\u00e9matiques entr\u00e9s dans la m\u00e9moire de Douarnenez. Histoire palpitante, vive, rocambolesque de cette gr\u00e8ve des Penn Sardin qui ont su, \u00e0 bout de souffle, contaminer depuis leur <em>fin ar bed<\/em>* tous les ports de France. Voici l\u2019histoire de la jeune J\u00e9novefa, petit maillon dans l\u2019\u00e9pop\u00e9e des luttes du si\u00e8cle dernier, pour nous en souvenir, autant que pour nous pr\u00e9parer \u00e0 demain.<\/p>\n<p>&nbsp;<\/p>\n<\/div>\n","protected":false},"excerpt":{"rendered":"<p>Sabine Corre conte l\u2019histoire des ouvri\u00e8res des conserveries de Douarnenez et de la grande gr\u00e8ve des Penn Sardin de 1924. Spectacle \u00e9crit et interpr\u00e9t\u00e9 par Sabine Corre, inspir\u00e9 de Temp\u00eate sur Douarnenez d\u2019Henri Queff\u00e9lec (1951). Nous sommes en Bretagne, dans &hellip; <a href=\"https:\/\/www.lelag.fr\/site\/agenda\/la-greve\/\">Continuer la lecture <span class=\"meta-nav\">&rarr;<\/span><\/a><\/p>\n","protected":false},"author":2,"featured_media":0,"template":"","meta":{"_tribe_events_status":"","_tribe_events_status_reason":"","footnotes":""},"tags":[],"tribe_events_cat":[],"class_list":["post-7550","tribe_events","type-tribe_events","status-publish","hentry"],"_links":{"self":[{"href":"https:\/\/www.lelag.fr\/site\/wp-json\/wp\/v2\/tribe_events\/7550","targetHints":{"allow":["GET"]}}],"collection":[{"href":"https:\/\/www.lelag.fr\/site\/wp-json\/wp\/v2\/tribe_events"}],"about":[{"href":"https:\/\/www.lelag.fr\/site\/wp-json\/wp\/v2\/types\/tribe_events"}],"author":[{"embeddable":true,"href":"https:\/\/www.lelag.fr\/site\/wp-json\/wp\/v2\/users\/2"}],"version-history":[{"count":5,"href":"https:\/\/www.lelag.fr\/site\/wp-json\/wp\/v2\/tribe_events\/7550\/revisions"}],"predecessor-version":[{"id":7598,"href":"https:\/\/www.lelag.fr\/site\/wp-json\/wp\/v2\/tribe_events\/7550\/revisions\/7598"}],"wp:attachment":[{"href":"https:\/\/www.lelag.fr\/site\/wp-json\/wp\/v2\/media?parent=7550"}],"wp:term":[{"taxonomy":"post_tag","embeddable":true,"href":"https:\/\/www.lelag.fr\/site\/wp-json\/wp\/v2\/tags?post=7550"},{"taxonomy":"tribe_events_cat","embeddable":true,"href":"https:\/\/www.lelag.fr\/site\/wp-json\/wp\/v2\/tribe_events_cat?post=7550"}],"curies":[{"name":"wp","href":"https:\/\/api.w.org\/{rel}","templated":true}]}}

La grève &#8211; spectacle de Sabine Corre

<p><a href="https://www.lelag.fr/site/wp-content/uploads/2026/03/Affiche-la-Greve.jpg"><img loading="lazy" decoding="async" class="aligncenter size-medium wp-image-7597" src="https://www.lelag.fr/site/wp-content/uploads/2026/03/Affiche-la-Greve-300x212.jpg" alt="" width="300" height="212" srcset="https://www.lelag.fr/site/wp-content/uploads/2026/03/Affiche-la-Greve-300x212.jpg 300w, https://www.lelag.fr/site/wp-content/uploads/2026/03/Affiche-la-Greve-1024x722.jpg 1024w, https://www.lelag.fr/site/wp-content/uploads/2026/03/Affiche-la-Greve-768x541.jpg 768w, https://www.lelag.fr/site/wp-content/uploads/2026/03/Affiche-la-Greve.jpg 1241w" sizes="auto, (max-width: 300px) 100vw, 300px" /></a>Sabine Corre conte l’histoire des ouvrières des conserveries de Douarnenez et de la grande grève des Penn Sardin de 1924. Spectacle écrit et interprété par Sabine Corre, inspiré de <strong>Tempête sur Douarnenez</strong> d’Henri Queffélec (1951).</p>
<div class="description clearfix mt-3">
<p>Nous sommes en Bretagne, dans le Finistère, au bord de l’océan, au bout du monde. C’est l’histoire de Jénovefa le Meur, fille de paysan de Plomodiern, qui arrive pour travailler à Douarnenez et rejoint le bataillon des ouvrières d’usine. Sa vie de toute jeune femme, dans l’âpreté, les règles et les solidarités de l’époque, faite de joies et de drames, va bientôt rencontrer la grande Histoire, celle de la grève des Penn Sardin qui opposa en 1924 les sardinières aux patrons de conserverie. Un récit conté, rythmé par le chant des sardinières, outil de résistance de ces femmes-courage, soutenues par Daniel le Flanchec, Charles Tillon, Lucie Colliard, personnages emblématiques entrés dans la mémoire de Douarnenez. Histoire palpitante, vive, rocambolesque de cette grève des Penn Sardin qui ont su, à bout de souffle, contaminer depuis leur <em>fin ar bed</em>* tous les ports de France. Voici l’histoire de la jeune Jénovefa, petit maillon dans l’épopée des luttes du siècle dernier, pour nous en souvenir, autant que pour nous préparer à demain.</p>
<p>&nbsp;</p>
</div>

<p>Sabine Corre conte l’histoire des ouvrières des conserveries de Douarnenez et de la grande grève des Penn Sardin de 1924. Spectacle écrit et interprété par Sabine Corre, inspiré de Tempête sur Douarnenez d’Henri Queffélec (1951). Nous sommes en Bretagne, dans &hellip; <a href="https://www.lelag.fr/site/agenda/la-greve/">Continuer la lecture <span class="meta-nav">&rarr;</span></a></p>
