{"id":7451,"date":"2026-02-02T09:29:38","date_gmt":"2026-02-02T08:29:38","guid":{"rendered":"https:\/\/www.lelag.fr\/site\/?post_type=tribe_events&#038;p=7451"},"modified":"2026-03-01T16:15:31","modified_gmt":"2026-03-01T15:15:31","slug":"rencontre-souscripteurs%c2%b7trices","status":"publish","type":"tribe_events","link":"https:\/\/www.lelag.fr\/site\/agenda\/rencontre-souscripteurs%c2%b7trices\/","title":{"rendered":"Rencontre souscripteurs\u00b7trices"},"content":{"rendered":"<ul>\n<li>rencontre de toutes celles et ceux, militant-es et orgas, qui soutiennent le LAG<\/li>\n<li>\u00e0 10h00 au LAG, suivi d&rsquo;une auberge espagnole<\/li>\n<li>Au programme\u00a0:\n<ul>\n<li>retour sur l&rsquo;activit\u00e9 du LAG en 2025<\/li>\n<li>les perspectives 2026<\/li>\n<li>les aspects financiers<\/li>\n<li>\u00e9changes collectifs, concernant nos activit\u00e9s, les activit\u00e9s de nos souscripteurs-trices, les activit\u00e9s de notre \u00e9cosyst\u00e8me, l&rsquo;impact des municipales\u00a0: contexte et perspectives<\/li>\n<\/ul>\n<\/li>\n<\/ul>\n","protected":false},"excerpt":{"rendered":"<p>rencontre de toutes celles et ceux, militant-es et orgas, qui soutiennent le LAG \u00e0 10h00 au LAG, suivi d&rsquo;une auberge espagnole Au programme\u00a0: retour sur l&rsquo;activit\u00e9 du LAG en 2025 les perspectives 2026 les aspects financiers \u00e9changes collectifs, concernant nos &hellip; <a href=\"https:\/\/www.lelag.fr\/site\/agenda\/rencontre-souscripteurs%c2%b7trices\/\">Continuer la lecture <span class=\"meta-nav\">&rarr;<\/span><\/a><\/p>\n","protected":false},"author":2,"featured_media":0,"template":"","meta":{"_tribe_events_status":"","_tribe_events_status_reason":"","footnotes":""},"tags":[],"tribe_events_cat":[],"class_list":["post-7451","tribe_events","type-tribe_events","status-publish","hentry"],"_links":{"self":[{"href":"https:\/\/www.lelag.fr\/site\/wp-json\/wp\/v2\/tribe_events\/7451","targetHints":{"allow":["GET"]}}],"collection":[{"href":"https:\/\/www.lelag.fr\/site\/wp-json\/wp\/v2\/tribe_events"}],"about":[{"href":"https:\/\/www.lelag.fr\/site\/wp-json\/wp\/v2\/types\/tribe_events"}],"author":[{"embeddable":true,"href":"https:\/\/www.lelag.fr\/site\/wp-json\/wp\/v2\/users\/2"}],"version-history":[{"count":2,"href":"https:\/\/www.lelag.fr\/site\/wp-json\/wp\/v2\/tribe_events\/7451\/revisions"}],"predecessor-version":[{"id":7520,"href":"https:\/\/www.lelag.fr\/site\/wp-json\/wp\/v2\/tribe_events\/7451\/revisions\/7520"}],"wp:attachment":[{"href":"https:\/\/www.lelag.fr\/site\/wp-json\/wp\/v2\/media?parent=7451"}],"wp:term":[{"taxonomy":"post_tag","embeddable":true,"href":"https:\/\/www.lelag.fr\/site\/wp-json\/wp\/v2\/tags?post=7451"},{"taxonomy":"tribe_events_cat","embeddable":true,"href":"https:\/\/www.lelag.fr\/site\/wp-json\/wp\/v2\/tribe_events_cat?post=7451"}],"curies":[{"name":"wp","href":"https:\/\/api.w.org\/{rel}","templated":true}]}}

<ul>
<li>rencontre de toutes celles et ceux, militant-es et orgas, qui soutiennent le LAG</li>
<li>à 10h00 au LAG, suivi d&rsquo;une auberge espagnole</li>
<li>Au programme :
<ul>
<li>retour sur l&rsquo;activité du LAG en 2025</li>
<li>les perspectives 2026</li>
<li>les aspects financiers</li>
<li>échanges collectifs, concernant nos activités, les activités de nos souscripteurs-trices, les activités de notre écosystème, l&rsquo;impact des municipales : contexte et perspectives</li>
</ul>
</li>
</ul>

<p>rencontre de toutes celles et ceux, militant-es et orgas, qui soutiennent le LAG à 10h00 au LAG, suivi d&rsquo;une auberge espagnole Au programme : retour sur l&rsquo;activité du LAG en 2025 les perspectives 2026 les aspects financiers échanges collectifs, concernant nos &hellip; <a href="https://www.lelag.fr/site/agenda/rencontre-souscripteurs%c2%b7trices/">Continuer la lecture <span class="meta-nav">&rarr;</span></a></p>
