{"id":7407,"date":"2025-12-01T10:38:41","date_gmt":"2025-12-01T09:38:41","guid":{"rendered":"https:\/\/www.lelag.fr\/site\/?post_type=tribe_events&#038;p=7407"},"modified":"2025-12-01T10:38:41","modified_gmt":"2025-12-01T09:38:41","slug":"boutique-du-partage-special-noel","status":"publish","type":"tribe_events","link":"https:\/\/www.lelag.fr\/site\/agenda\/boutique-du-partage-special-noel\/","title":{"rendered":"Boutique du partage sp\u00e9cial No\u00ebl"},"content":{"rendered":"<p>Ouverte au public de 14h \u00e0 16h.<\/p>\n<p>Installation le matin.<\/p>\n","protected":false},"excerpt":{"rendered":"<p>Ouverte au public de 14h \u00e0 16h. Installation le matin.<\/p>\n","protected":false},"author":2,"featured_media":0,"template":"","meta":{"_tribe_events_status":"","_tribe_events_status_reason":"","footnotes":""},"tags":[],"tribe_events_cat":[],"class_list":["post-7407","tribe_events","type-tribe_events","status-publish","hentry"],"_links":{"self":[{"href":"https:\/\/www.lelag.fr\/site\/wp-json\/wp\/v2\/tribe_events\/7407","targetHints":{"allow":["GET"]}}],"collection":[{"href":"https:\/\/www.lelag.fr\/site\/wp-json\/wp\/v2\/tribe_events"}],"about":[{"href":"https:\/\/www.lelag.fr\/site\/wp-json\/wp\/v2\/types\/tribe_events"}],"author":[{"embeddable":true,"href":"https:\/\/www.lelag.fr\/site\/wp-json\/wp\/v2\/users\/2"}],"version-history":[{"count":1,"href":"https:\/\/www.lelag.fr\/site\/wp-json\/wp\/v2\/tribe_events\/7407\/revisions"}],"predecessor-version":[{"id":7408,"href":"https:\/\/www.lelag.fr\/site\/wp-json\/wp\/v2\/tribe_events\/7407\/revisions\/7408"}],"wp:attachment":[{"href":"https:\/\/www.lelag.fr\/site\/wp-json\/wp\/v2\/media?parent=7407"}],"wp:term":[{"taxonomy":"post_tag","embeddable":true,"href":"https:\/\/www.lelag.fr\/site\/wp-json\/wp\/v2\/tags?post=7407"},{"taxonomy":"tribe_events_cat","embeddable":true,"href":"https:\/\/www.lelag.fr\/site\/wp-json\/wp\/v2\/tribe_events_cat?post=7407"}],"curies":[{"name":"wp","href":"https:\/\/api.w.org\/{rel}","templated":true}]}}

Boutique du partage spécial Noël

<p>Ouverte au public de 14h à 16h.</p>
<p>Installation le matin.</p>

<p>Ouverte au public de 14h à 16h. Installation le matin.</p>
