{"id":7322,"date":"2025-11-04T18:30:22","date_gmt":"2025-11-04T17:30:22","guid":{"rendered":"https:\/\/www.lelag.fr\/site\/?post_type=tribe_events&#038;p=7322"},"modified":"2025-11-04T18:30:22","modified_gmt":"2025-11-04T17:30:22","slug":"la-cantine-du-lag-2","status":"publish","type":"tribe_events","link":"https:\/\/www.lelag.fr\/site\/agenda\/la-cantine-du-lag-2\/","title":{"rendered":"La Cantine du Lag"},"content":{"rendered":"<p>Chaque dernier vendredi du mois (sauf d\u00e9cembre), de 12h \u00e0 13h30. Repas complet \u00e0 prix libre. Venez seul ou avec vos coll\u00e8gues, vos amis, vos voisins, &#8230; L&rsquo;id\u00e9e c&rsquo;est de partager un repas ensemble fait maison, quels que soient vos moyens.<\/p>\n","protected":false},"excerpt":{"rendered":"<p>Chaque dernier vendredi du mois (sauf d\u00e9cembre), de 12h \u00e0 13h30. Repas complet \u00e0 prix libre. Venez seul ou avec vos coll\u00e8gues, vos amis, vos voisins, &#8230; L&rsquo;id\u00e9e c&rsquo;est de partager un repas ensemble fait maison, quels que soient vos &hellip; <a href=\"https:\/\/www.lelag.fr\/site\/agenda\/la-cantine-du-lag-2\/\">Continuer la lecture <span class=\"meta-nav\">&rarr;<\/span><\/a><\/p>\n","protected":false},"author":2,"featured_media":0,"template":"","meta":{"_tribe_events_status":"","_tribe_events_status_reason":"","footnotes":""},"tags":[],"tribe_events_cat":[],"class_list":["post-7322","tribe_events","type-tribe_events","status-publish","hentry"],"_links":{"self":[{"href":"https:\/\/www.lelag.fr\/site\/wp-json\/wp\/v2\/tribe_events\/7322","targetHints":{"allow":["GET"]}}],"collection":[{"href":"https:\/\/www.lelag.fr\/site\/wp-json\/wp\/v2\/tribe_events"}],"about":[{"href":"https:\/\/www.lelag.fr\/site\/wp-json\/wp\/v2\/types\/tribe_events"}],"author":[{"embeddable":true,"href":"https:\/\/www.lelag.fr\/site\/wp-json\/wp\/v2\/users\/2"}],"version-history":[{"count":1,"href":"https:\/\/www.lelag.fr\/site\/wp-json\/wp\/v2\/tribe_events\/7322\/revisions"}],"predecessor-version":[{"id":7323,"href":"https:\/\/www.lelag.fr\/site\/wp-json\/wp\/v2\/tribe_events\/7322\/revisions\/7323"}],"wp:attachment":[{"href":"https:\/\/www.lelag.fr\/site\/wp-json\/wp\/v2\/media?parent=7322"}],"wp:term":[{"taxonomy":"post_tag","embeddable":true,"href":"https:\/\/www.lelag.fr\/site\/wp-json\/wp\/v2\/tags?post=7322"},{"taxonomy":"tribe_events_cat","embeddable":true,"href":"https:\/\/www.lelag.fr\/site\/wp-json\/wp\/v2\/tribe_events_cat?post=7322"}],"curies":[{"name":"wp","href":"https:\/\/api.w.org\/{rel}","templated":true}]}}

<p>Chaque dernier vendredi du mois (sauf décembre), de 12h à 13h30. Repas complet à prix libre. Venez seul ou avec vos collègues, vos amis, vos voisins, &#8230; L&rsquo;idée c&rsquo;est de partager un repas ensemble fait maison, quels que soient vos moyens.</p>

<p>Chaque dernier vendredi du mois (sauf décembre), de 12h à 13h30. Repas complet à prix libre. Venez seul ou avec vos collègues, vos amis, vos voisins, &#8230; L&rsquo;idée c&rsquo;est de partager un repas ensemble fait maison, quels que soient vos &hellip; <a href="https://www.lelag.fr/site/agenda/la-cantine-du-lag-2/">Continuer la lecture <span class="meta-nav">&rarr;</span></a></p>
