{"id":7313,"date":"2025-11-04T17:48:33","date_gmt":"2025-11-04T16:48:33","guid":{"rendered":"https:\/\/www.lelag.fr\/site\/?post_type=tribe_events&#038;p=7313"},"modified":"2025-11-04T19:40:38","modified_gmt":"2025-11-04T18:40:38","slug":"la-papote-le-salon-de-the-du-lag-6","status":"publish","type":"tribe_events","link":"https:\/\/www.lelag.fr\/site\/agenda\/la-papote-le-salon-de-the-du-lag-6\/","title":{"rendered":"La Papote &#8211; Le salon de th\u00e9 du Lag"},"content":{"rendered":"<p><span style=\"font-size: small;\">Vous avez envie de vous poser devant un th\u00e9 d\u00e9licieux et une savoureuse assiette de g\u00e2teaux maison. De rencontrer des gens avec qui discuter, ou au contraire de vous retrouver d\u2019abord avec vous-m\u00eame. De papoter, ou au choix de causer, bavarder, tailler une bavette, babiller, ou encore placoter comme nos cousins qu\u00e9b\u00e9cois \u2026 vous \u00eates le ou la bienvenu-e \u00e0 la Papote, le salon de th\u00e9 du Lag.<\/span><\/p>\n<p><span style=\"font-size: small;\">Chaque 1er et 3\u00e8me lundis du mois, de 14h \u00e0 16h. Ouverture le lundi 1er d\u00e9cembre 2025. Puis les 15 d\u00e9cembre, 5 janvier, 19 janvier, 2 f\u00e9vrier, 16 f\u00e9vrier, 2 mars, 16 mars.<\/span><\/p>\n","protected":false},"excerpt":{"rendered":"<p>Vous avez envie de vous poser devant un th\u00e9 d\u00e9licieux et une savoureuse assiette de g\u00e2teaux maison. De rencontrer des gens avec qui discuter, ou au contraire de vous retrouver d\u2019abord avec vous-m\u00eame. De papoter, ou au choix de causer, &hellip; <a href=\"https:\/\/www.lelag.fr\/site\/agenda\/la-papote-le-salon-de-the-du-lag-6\/\">Continuer la lecture <span class=\"meta-nav\">&rarr;<\/span><\/a><\/p>\n","protected":false},"author":2,"featured_media":0,"template":"","meta":{"_tribe_events_status":"","_tribe_events_status_reason":"","footnotes":""},"tags":[],"tribe_events_cat":[],"class_list":["post-7313","tribe_events","type-tribe_events","status-publish","hentry"],"_links":{"self":[{"href":"https:\/\/www.lelag.fr\/site\/wp-json\/wp\/v2\/tribe_events\/7313","targetHints":{"allow":["GET"]}}],"collection":[{"href":"https:\/\/www.lelag.fr\/site\/wp-json\/wp\/v2\/tribe_events"}],"about":[{"href":"https:\/\/www.lelag.fr\/site\/wp-json\/wp\/v2\/types\/tribe_events"}],"author":[{"embeddable":true,"href":"https:\/\/www.lelag.fr\/site\/wp-json\/wp\/v2\/users\/2"}],"version-history":[{"count":2,"href":"https:\/\/www.lelag.fr\/site\/wp-json\/wp\/v2\/tribe_events\/7313\/revisions"}],"predecessor-version":[{"id":7334,"href":"https:\/\/www.lelag.fr\/site\/wp-json\/wp\/v2\/tribe_events\/7313\/revisions\/7334"}],"wp:attachment":[{"href":"https:\/\/www.lelag.fr\/site\/wp-json\/wp\/v2\/media?parent=7313"}],"wp:term":[{"taxonomy":"post_tag","embeddable":true,"href":"https:\/\/www.lelag.fr\/site\/wp-json\/wp\/v2\/tags?post=7313"},{"taxonomy":"tribe_events_cat","embeddable":true,"href":"https:\/\/www.lelag.fr\/site\/wp-json\/wp\/v2\/tribe_events_cat?post=7313"}],"curies":[{"name":"wp","href":"https:\/\/api.w.org\/{rel}","templated":true}]}}

La Papote &#8211; Le salon de thé du Lag

<p><span style="font-size: small;">Vous avez envie de vous poser devant un thé délicieux et une savoureuse assiette de gâteaux maison. De rencontrer des gens avec qui discuter, ou au contraire de vous retrouver d’abord avec vous-même. De papoter, ou au choix de causer, bavarder, tailler une bavette, babiller, ou encore placoter comme nos cousins québécois … vous êtes le ou la bienvenu-e à la Papote, le salon de thé du Lag.</span></p>
<p><span style="font-size: small;">Chaque 1er et 3ème lundis du mois, de 14h à 16h. Ouverture le lundi 1er décembre 2025. Puis les 15 décembre, 5 janvier, 19 janvier, 2 février, 16 février, 2 mars, 16 mars.</span></p>

<p>Vous avez envie de vous poser devant un thé délicieux et une savoureuse assiette de gâteaux maison. De rencontrer des gens avec qui discuter, ou au contraire de vous retrouver d’abord avec vous-même. De papoter, ou au choix de causer, &hellip; <a href="https://www.lelag.fr/site/agenda/la-papote-le-salon-de-the-du-lag-6/">Continuer la lecture <span class="meta-nav">&rarr;</span></a></p>
