{"id":7278,"date":"2025-09-24T11:28:53","date_gmt":"2025-09-24T09:28:53","guid":{"rendered":"https:\/\/www.lelag.fr\/site\/?post_type=tribe_events&#038;p=7278"},"modified":"2025-09-24T11:28:53","modified_gmt":"2025-09-24T09:28:53","slug":"reunion-accad-16","status":"publish","type":"tribe_events","link":"https:\/\/www.lelag.fr\/site\/agenda\/reunion-accad-16\/","title":{"rendered":"R\u00e9union ACCAD"},"content":{"rendered":"<p><strong>Pr\u00e9sence souhait\u00e9e par le collectif ACCAD pour toutes personnes int\u00e9ress\u00e9es par les th\u00e8mes suivants :<\/strong><\/p>\n<p style=\"padding-left: 40px;\"><strong>&#8211; Compteur Linky<\/strong><\/p>\n<p style=\"padding-left: 40px;\"><strong>&#8211; ElectroHyperSensiblit\u00e9<\/strong><\/p>\n<p style=\"padding-left: 40px;\"><strong>&#8211; Antenne 5G et son monde<\/strong><\/p>\n<p style=\"padding-left: 40px;\"><strong>&#8211; Num\u00e9risation de la soci\u00e9t\u00e9<\/strong><\/p>\n<p style=\"padding-left: 40px;\"><strong>&#8211; Surexposition des \u00e9crans<\/strong><\/p>\n<p style=\"padding-left: 40px;\"><strong>&#8211; \u00ab\u00a0Intelligence\u00a0\u00bb Artificielle<\/strong><\/p>\n","protected":false},"excerpt":{"rendered":"<p>Pr\u00e9sence souhait\u00e9e par le collectif ACCAD pour toutes personnes int\u00e9ress\u00e9es par les th\u00e8mes suivants : &#8211; Compteur Linky &#8211; ElectroHyperSensiblit\u00e9 &#8211; Antenne 5G et son monde &#8211; Num\u00e9risation de la soci\u00e9t\u00e9 &#8211; Surexposition des \u00e9crans &#8211; \u00ab\u00a0Intelligence\u00a0\u00bb Artificielle<\/p>\n","protected":false},"author":2,"featured_media":0,"template":"","meta":{"_tribe_events_status":"","_tribe_events_status_reason":"","footnotes":""},"tags":[],"tribe_events_cat":[],"class_list":["post-7278","tribe_events","type-tribe_events","status-publish","hentry"],"_links":{"self":[{"href":"https:\/\/www.lelag.fr\/site\/wp-json\/wp\/v2\/tribe_events\/7278","targetHints":{"allow":["GET"]}}],"collection":[{"href":"https:\/\/www.lelag.fr\/site\/wp-json\/wp\/v2\/tribe_events"}],"about":[{"href":"https:\/\/www.lelag.fr\/site\/wp-json\/wp\/v2\/types\/tribe_events"}],"author":[{"embeddable":true,"href":"https:\/\/www.lelag.fr\/site\/wp-json\/wp\/v2\/users\/2"}],"version-history":[{"count":1,"href":"https:\/\/www.lelag.fr\/site\/wp-json\/wp\/v2\/tribe_events\/7278\/revisions"}],"predecessor-version":[{"id":7279,"href":"https:\/\/www.lelag.fr\/site\/wp-json\/wp\/v2\/tribe_events\/7278\/revisions\/7279"}],"wp:attachment":[{"href":"https:\/\/www.lelag.fr\/site\/wp-json\/wp\/v2\/media?parent=7278"}],"wp:term":[{"taxonomy":"post_tag","embeddable":true,"href":"https:\/\/www.lelag.fr\/site\/wp-json\/wp\/v2\/tags?post=7278"},{"taxonomy":"tribe_events_cat","embeddable":true,"href":"https:\/\/www.lelag.fr\/site\/wp-json\/wp\/v2\/tribe_events_cat?post=7278"}],"curies":[{"name":"wp","href":"https:\/\/api.w.org\/{rel}","templated":true}]}}

Réunion ACCAD

<p><strong>Présence souhaitée par le collectif ACCAD pour toutes personnes intéressées par les thèmes suivants :</strong></p>
<p style="padding-left: 40px;"><strong>&#8211; Compteur Linky</strong></p>
<p style="padding-left: 40px;"><strong>&#8211; ElectroHyperSensiblité</strong></p>
<p style="padding-left: 40px;"><strong>&#8211; Antenne 5G et son monde</strong></p>
<p style="padding-left: 40px;"><strong>&#8211; Numérisation de la société</strong></p>
<p style="padding-left: 40px;"><strong>&#8211; Surexposition des écrans</strong></p>
<p style="padding-left: 40px;"><strong>&#8211; « Intelligence » Artificielle</strong></p>

<p>Présence souhaitée par le collectif ACCAD pour toutes personnes intéressées par les thèmes suivants : &#8211; Compteur Linky &#8211; ElectroHyperSensiblité &#8211; Antenne 5G et son monde &#8211; Numérisation de la société &#8211; Surexposition des écrans &#8211; « Intelligence » Artificielle</p>
