{"id":7180,"date":"2025-06-23T15:09:06","date_gmt":"2025-06-23T13:09:06","guid":{"rendered":"https:\/\/www.lelag.fr\/site\/?post_type=tribe_events&#038;p=7180"},"modified":"2025-06-23T15:09:06","modified_gmt":"2025-06-23T13:09:06","slug":"planning-familial-10","status":"publish","type":"tribe_events","link":"https:\/\/www.lelag.fr\/site\/agenda\/planning-familial-10\/","title":{"rendered":"Planning familial"},"content":{"rendered":"<p>Journ\u00e9e de travail interne du Planning Familial sur le fonctionnement autog\u00e9r\u00e9.<\/p>\n","protected":false},"excerpt":{"rendered":"<p>Journ\u00e9e de travail interne du Planning Familial sur le fonctionnement autog\u00e9r\u00e9.<\/p>\n","protected":false},"author":2,"featured_media":0,"template":"","meta":{"_tribe_events_status":"","_tribe_events_status_reason":"","footnotes":""},"tags":[],"tribe_events_cat":[],"class_list":["post-7180","tribe_events","type-tribe_events","status-publish","hentry"],"_links":{"self":[{"href":"https:\/\/www.lelag.fr\/site\/wp-json\/wp\/v2\/tribe_events\/7180","targetHints":{"allow":["GET"]}}],"collection":[{"href":"https:\/\/www.lelag.fr\/site\/wp-json\/wp\/v2\/tribe_events"}],"about":[{"href":"https:\/\/www.lelag.fr\/site\/wp-json\/wp\/v2\/types\/tribe_events"}],"author":[{"embeddable":true,"href":"https:\/\/www.lelag.fr\/site\/wp-json\/wp\/v2\/users\/2"}],"version-history":[{"count":1,"href":"https:\/\/www.lelag.fr\/site\/wp-json\/wp\/v2\/tribe_events\/7180\/revisions"}],"predecessor-version":[{"id":7181,"href":"https:\/\/www.lelag.fr\/site\/wp-json\/wp\/v2\/tribe_events\/7180\/revisions\/7181"}],"wp:attachment":[{"href":"https:\/\/www.lelag.fr\/site\/wp-json\/wp\/v2\/media?parent=7180"}],"wp:term":[{"taxonomy":"post_tag","embeddable":true,"href":"https:\/\/www.lelag.fr\/site\/wp-json\/wp\/v2\/tags?post=7180"},{"taxonomy":"tribe_events_cat","embeddable":true,"href":"https:\/\/www.lelag.fr\/site\/wp-json\/wp\/v2\/tribe_events_cat?post=7180"}],"curies":[{"name":"wp","href":"https:\/\/api.w.org\/{rel}","templated":true}]}}

<p>Journée de travail interne du Planning Familial sur le fonctionnement autogéré.</p>
