{"id":6296,"date":"2022-03-27T16:27:30","date_gmt":"2022-03-27T14:27:30","guid":{"rendered":"https:\/\/www.lelag.fr\/site\/?post_type=tribe_events&#038;p=6296"},"modified":"2022-04-26T17:02:16","modified_gmt":"2022-04-26T15:02:16","slug":"medias-et-extreme-droite","status":"publish","type":"tribe_events","link":"https:\/\/www.lelag.fr\/site\/agenda\/medias-et-extreme-droite\/","title":{"rendered":"M\u00e9dias et extr\u00eame droite"},"content":{"rendered":"<p>Dans le cadre des 10 ans du LAG, une initiative de <a href=\"https:\/\/micros-rebelles.fr\">Micros-rebelles<\/a><\/p>\n<p>L&rsquo;extr\u00eame droite gagne du terrain. On peut sans doute en d\u00e9gager trois grandes causes :<\/p>\n<p>1\u00b0) la crise du syst\u00e8me capitaliste, avec son cort\u00e8ge de licenciements, de chomage, de pauvret\u00e9 et d&rsquo;exclusion sociale permet le renforcement de pr\u00e9jug\u00e9s nationalistes, de la x\u00e9nophobie, et du racisme;<\/p>\n<p>2\u00b0) les partis traditionnels qui se sont succ\u00e9d\u00e9s au pouvoir se sont discr\u00e9dit\u00e9s en imposant des plans d&rsquo;aust\u00e9rit\u00e9 et la casse des services publics, et se livrent \u00e0 la surench\u00e8re s\u00e9curitaire, et \u00e0 la mise en place de politiques d&rsquo;exclusion et racistes;<\/p>\n<p>3\u00b0) la surm\u00e9diatisation, la \u00ab\u00a0d\u00e9diabolisation\u00a0\u00bb et la banalisation de l&rsquo;extr\u00eame droite constituent une constante du paysage m\u00e9diatique.<\/p>\n<p>C&rsquo;est autour de ce dernier point que Micros-rebelles se propose d&rsquo;\u00e9changer avec ses auditrices et auditeurs, \u00e0 l&rsquo;occasion d&rsquo;une \u00e9mission publique, le samedi 14 mai \u00e0 15h00 au LAG (un \u00e9v\u00e8nement qui prend place dans le cadre des initiatives pour les 10 ans du LAG).<\/p>\n<p>Il s&rsquo;agira d&rsquo;une table ronde radiophonique avec ACRIMED (Action &#8211; Critique &#8211; M\u00e9dias : Pauline Perrenot) et VISA (Vigilance et Initiatives Syndicales Antifascistes), dans laquelle le public a la possibilit\u00e9 d&rsquo;intervenir.<\/p>\n<p>Cette table ronde est par ailleurs diffus\u00e9e en direct sur micros-rebelles.fr.<\/p>\n<p><a href=\"https:\/\/www.lelag.fr\/site\/wp-content\/uploads\/2022\/03\/20220514-MediasEtExtremeDroite.jpg\"><img loading=\"lazy\" decoding=\"async\" class=\"aligncenter size-large wp-image-6315\" src=\"https:\/\/www.lelag.fr\/site\/wp-content\/uploads\/2022\/03\/20220514-MediasEtExtremeDroite-724x1024.jpg\" alt=\"\" width=\"640\" height=\"905\" srcset=\"https:\/\/www.lelag.fr\/site\/wp-content\/uploads\/2022\/03\/20220514-MediasEtExtremeDroite-724x1024.jpg 724w, https:\/\/www.lelag.fr\/site\/wp-content\/uploads\/2022\/03\/20220514-MediasEtExtremeDroite-212x300.jpg 212w, https:\/\/www.lelag.fr\/site\/wp-content\/uploads\/2022\/03\/20220514-MediasEtExtremeDroite-768x1086.jpg 768w, https:\/\/www.lelag.fr\/site\/wp-content\/uploads\/2022\/03\/20220514-MediasEtExtremeDroite-1086x1536.jpg 1086w, https:\/\/www.lelag.fr\/site\/wp-content\/uploads\/2022\/03\/20220514-MediasEtExtremeDroite.jpg 1389w\" sizes=\"auto, (max-width: 640px) 100vw, 640px\" \/><\/a><\/p>\n","protected":false},"excerpt":{"rendered":"<p>Dans le cadre des 10 ans du LAG, une initiative de Micros-rebelles L&rsquo;extr\u00eame droite gagne du terrain. On peut sans doute en d\u00e9gager trois grandes causes : 1\u00b0) la crise du syst\u00e8me capitaliste, avec son cort\u00e8ge de licenciements, de chomage, &hellip; <a href=\"https:\/\/www.lelag.fr\/site\/agenda\/medias-et-extreme-droite\/\">Continuer la lecture <span class=\"meta-nav\">&rarr;<\/span><\/a><\/p>\n","protected":false},"author":1,"featured_media":0,"template":"","meta":{"_tribe_events_status":"","_tribe_events_status_reason":"","footnotes":""},"tags":[],"tribe_events_cat":[],"class_list":["post-6296","tribe_events","type-tribe_events","status-publish","hentry"],"_links":{"self":[{"href":"https:\/\/www.lelag.fr\/site\/wp-json\/wp\/v2\/tribe_events\/6296","targetHints":{"allow":["GET"]}}],"collection":[{"href":"https:\/\/www.lelag.fr\/site\/wp-json\/wp\/v2\/tribe_events"}],"about":[{"href":"https:\/\/www.lelag.fr\/site\/wp-json\/wp\/v2\/types\/tribe_events"}],"author":[{"embeddable":true,"href":"https:\/\/www.lelag.fr\/site\/wp-json\/wp\/v2\/users\/1"}],"version-history":[{"count":5,"href":"https:\/\/www.lelag.fr\/site\/wp-json\/wp\/v2\/tribe_events\/6296\/revisions"}],"predecessor-version":[{"id":6316,"href":"https:\/\/www.lelag.fr\/site\/wp-json\/wp\/v2\/tribe_events\/6296\/revisions\/6316"}],"wp:attachment":[{"href":"https:\/\/www.lelag.fr\/site\/wp-json\/wp\/v2\/media?parent=6296"}],"wp:term":[{"taxonomy":"post_tag","embeddable":true,"href":"https:\/\/www.lelag.fr\/site\/wp-json\/wp\/v2\/tags?post=6296"},{"taxonomy":"tribe_events_cat","embeddable":true,"href":"https:\/\/www.lelag.fr\/site\/wp-json\/wp\/v2\/tribe_events_cat?post=6296"}],"curies":[{"name":"wp","href":"https:\/\/api.w.org\/{rel}","templated":true}]}}

Médias et extrême droite

<p>Dans le cadre des 10 ans du LAG, une initiative de <a href="https://micros-rebelles.fr">Micros-rebelles</a></p>
<p>L&rsquo;extrême droite gagne du terrain. On peut sans doute en dégager trois grandes causes :</p>
<p>1°) la crise du système capitaliste, avec son cortège de licenciements, de chomage, de pauvreté et d&rsquo;exclusion sociale permet le renforcement de préjugés nationalistes, de la xénophobie, et du racisme;</p>
<p>2°) les partis traditionnels qui se sont succédés au pouvoir se sont discrédités en imposant des plans d&rsquo;austérité et la casse des services publics, et se livrent à la surenchère sécuritaire, et à la mise en place de politiques d&rsquo;exclusion et racistes;</p>
<p>3°) la surmédiatisation, la « dédiabolisation » et la banalisation de l&rsquo;extrême droite constituent une constante du paysage médiatique.</p>
<p>C&rsquo;est autour de ce dernier point que Micros-rebelles se propose d&rsquo;échanger avec ses auditrices et auditeurs, à l&rsquo;occasion d&rsquo;une émission publique, le samedi 14 mai à 15h00 au LAG (un évènement qui prend place dans le cadre des initiatives pour les 10 ans du LAG).</p>
<p>Il s&rsquo;agira d&rsquo;une table ronde radiophonique avec ACRIMED (Action &#8211; Critique &#8211; Médias : Pauline Perrenot) et VISA (Vigilance et Initiatives Syndicales Antifascistes), dans laquelle le public a la possibilité d&rsquo;intervenir.</p>
<p>Cette table ronde est par ailleurs diffusée en direct sur micros-rebelles.fr.</p>
<p><a href="https://www.lelag.fr/site/wp-content/uploads/2022/03/20220514-MediasEtExtremeDroite.jpg"><img loading="lazy" decoding="async" class="aligncenter size-large wp-image-6315" src="https://www.lelag.fr/site/wp-content/uploads/2022/03/20220514-MediasEtExtremeDroite-724x1024.jpg" alt="" width="640" height="905" srcset="https://www.lelag.fr/site/wp-content/uploads/2022/03/20220514-MediasEtExtremeDroite-724x1024.jpg 724w, https://www.lelag.fr/site/wp-content/uploads/2022/03/20220514-MediasEtExtremeDroite-212x300.jpg 212w, https://www.lelag.fr/site/wp-content/uploads/2022/03/20220514-MediasEtExtremeDroite-768x1086.jpg 768w, https://www.lelag.fr/site/wp-content/uploads/2022/03/20220514-MediasEtExtremeDroite-1086x1536.jpg 1086w, https://www.lelag.fr/site/wp-content/uploads/2022/03/20220514-MediasEtExtremeDroite.jpg 1389w" sizes="auto, (max-width: 640px) 100vw, 640px" /></a></p>

<p>Dans le cadre des 10 ans du LAG, une initiative de Micros-rebelles L&rsquo;extrême droite gagne du terrain. On peut sans doute en dégager trois grandes causes : 1°) la crise du système capitaliste, avec son cortège de licenciements, de chomage, &hellip; <a href="https://www.lelag.fr/site/agenda/medias-et-extreme-droite/">Continuer la lecture <span class="meta-nav">&rarr;</span></a></p>
