{"id":6024,"date":"2021-11-09T20:20:11","date_gmt":"2021-11-09T19:20:11","guid":{"rendered":"https:\/\/www.lelag.fr\/site\/?post_type=tribe_events&#038;p=6024"},"modified":"2022-04-11T09:49:40","modified_gmt":"2022-04-11T07:49:40","slug":"concert-far-from-atlas","status":"publish","type":"tribe_events","link":"https:\/\/www.lelag.fr\/site\/agenda\/concert-far-from-atlas\/","title":{"rendered":"concert \u00ab\u00a0far from atlas\u00a0\u00bb"},"content":{"rendered":"<p><a href=\"https:\/\/www.lelag.fr\/site\/wp-content\/uploads\/2021\/11\/spireshards.jpg\"><img loading=\"lazy\" decoding=\"async\" class=\"aligncenter size-medium wp-image-6305\" src=\"https:\/\/www.lelag.fr\/site\/wp-content\/uploads\/2021\/11\/spireshards-300x200.jpg\" alt=\"\" width=\"300\" height=\"200\" srcset=\"https:\/\/www.lelag.fr\/site\/wp-content\/uploads\/2021\/11\/spireshards-300x200.jpg 300w, https:\/\/www.lelag.fr\/site\/wp-content\/uploads\/2021\/11\/spireshards-1024x683.jpg 1024w, https:\/\/www.lelag.fr\/site\/wp-content\/uploads\/2021\/11\/spireshards-768x512.jpg 768w, https:\/\/www.lelag.fr\/site\/wp-content\/uploads\/2021\/11\/spireshards-1536x1025.jpg 1536w, https:\/\/www.lelag.fr\/site\/wp-content\/uploads\/2021\/11\/spireshards.jpg 2048w\" sizes=\"auto, (max-width: 300px) 100vw, 300px\" \/><\/a>Soir\u00e9e m\u00e9tal au LAG. La soir\u00e9e commencera avec chant hurl\u00e9 (mais pas trop !) et les grosses guitares de Spire Shards pour un concert qui s\u2019annonce intense.<\/p>\n<p>La soir\u00e9e glissera vers des rivages plus apais\u00e9s avec Far From Atlas qui arrivent avec pas mal de nouveaux titres \u00e0 nous faire d\u00e9couvrir.<a href=\"https:\/\/www.lelag.fr\/site\/wp-content\/uploads\/2021\/11\/far-from-atlas-2.jpg\"><img loading=\"lazy\" decoding=\"async\" class=\"aligncenter size-medium wp-image-6303\" src=\"https:\/\/www.lelag.fr\/site\/wp-content\/uploads\/2021\/11\/far-from-atlas-2-300x169.jpg\" alt=\"\" width=\"300\" height=\"169\" srcset=\"https:\/\/www.lelag.fr\/site\/wp-content\/uploads\/2021\/11\/far-from-atlas-2-300x169.jpg 300w, https:\/\/www.lelag.fr\/site\/wp-content\/uploads\/2021\/11\/far-from-atlas-2-1024x576.jpg 1024w, https:\/\/www.lelag.fr\/site\/wp-content\/uploads\/2021\/11\/far-from-atlas-2-768x432.jpg 768w, https:\/\/www.lelag.fr\/site\/wp-content\/uploads\/2021\/11\/far-from-atlas-2-1536x864.jpg 1536w, https:\/\/www.lelag.fr\/site\/wp-content\/uploads\/2021\/11\/far-from-atlas-2.jpg 2048w\" sizes=\"auto, (max-width: 300px) 100vw, 300px\" \/><\/a><\/p>\n<p>PRIX LIBRE<\/p>\n<p>ouverture des portes \u00e0 19h30<\/p>\n","protected":false},"excerpt":{"rendered":"<p>Soir\u00e9e m\u00e9tal au LAG. La soir\u00e9e commencera avec chant hurl\u00e9 (mais pas trop !) et les grosses guitares de Spire Shards pour un concert qui s\u2019annonce intense. La soir\u00e9e glissera vers des rivages plus apais\u00e9s avec Far From Atlas qui &hellip; <a href=\"https:\/\/www.lelag.fr\/site\/agenda\/concert-far-from-atlas\/\">Continuer la lecture <span class=\"meta-nav\">&rarr;<\/span><\/a><\/p>\n","protected":false},"author":2,"featured_media":0,"template":"","meta":{"_tribe_events_status":"","_tribe_events_status_reason":"","footnotes":""},"tags":[],"tribe_events_cat":[],"class_list":["post-6024","tribe_events","type-tribe_events","status-publish","hentry"],"_links":{"self":[{"href":"https:\/\/www.lelag.fr\/site\/wp-json\/wp\/v2\/tribe_events\/6024","targetHints":{"allow":["GET"]}}],"collection":[{"href":"https:\/\/www.lelag.fr\/site\/wp-json\/wp\/v2\/tribe_events"}],"about":[{"href":"https:\/\/www.lelag.fr\/site\/wp-json\/wp\/v2\/types\/tribe_events"}],"author":[{"embeddable":true,"href":"https:\/\/www.lelag.fr\/site\/wp-json\/wp\/v2\/users\/2"}],"version-history":[{"count":5,"href":"https:\/\/www.lelag.fr\/site\/wp-json\/wp\/v2\/tribe_events\/6024\/revisions"}],"predecessor-version":[{"id":6229,"href":"https:\/\/www.lelag.fr\/site\/wp-json\/wp\/v2\/tribe_events\/6024\/revisions\/6229"}],"wp:attachment":[{"href":"https:\/\/www.lelag.fr\/site\/wp-json\/wp\/v2\/media?parent=6024"}],"wp:term":[{"taxonomy":"post_tag","embeddable":true,"href":"https:\/\/www.lelag.fr\/site\/wp-json\/wp\/v2\/tags?post=6024"},{"taxonomy":"tribe_events_cat","embeddable":true,"href":"https:\/\/www.lelag.fr\/site\/wp-json\/wp\/v2\/tribe_events_cat?post=6024"}],"curies":[{"name":"wp","href":"https:\/\/api.w.org\/{rel}","templated":true}]}}

<p><a href="https://www.lelag.fr/site/wp-content/uploads/2021/11/spireshards.jpg"><img loading="lazy" decoding="async" class="aligncenter size-medium wp-image-6305" src="https://www.lelag.fr/site/wp-content/uploads/2021/11/spireshards-300x200.jpg" alt="" width="300" height="200" srcset="https://www.lelag.fr/site/wp-content/uploads/2021/11/spireshards-300x200.jpg 300w, https://www.lelag.fr/site/wp-content/uploads/2021/11/spireshards-1024x683.jpg 1024w, https://www.lelag.fr/site/wp-content/uploads/2021/11/spireshards-768x512.jpg 768w, https://www.lelag.fr/site/wp-content/uploads/2021/11/spireshards-1536x1025.jpg 1536w, https://www.lelag.fr/site/wp-content/uploads/2021/11/spireshards.jpg 2048w" sizes="auto, (max-width: 300px) 100vw, 300px" /></a>Soirée métal au LAG. La soirée commencera avec chant hurlé (mais pas trop !) et les grosses guitares de Spire Shards pour un concert qui s’annonce intense.</p>
<p>La soirée glissera vers des rivages plus apaisés avec Far From Atlas qui arrivent avec pas mal de nouveaux titres à nous faire découvrir.<a href="https://www.lelag.fr/site/wp-content/uploads/2021/11/far-from-atlas-2.jpg"><img loading="lazy" decoding="async" class="aligncenter size-medium wp-image-6303" src="https://www.lelag.fr/site/wp-content/uploads/2021/11/far-from-atlas-2-300x169.jpg" alt="" width="300" height="169" srcset="https://www.lelag.fr/site/wp-content/uploads/2021/11/far-from-atlas-2-300x169.jpg 300w, https://www.lelag.fr/site/wp-content/uploads/2021/11/far-from-atlas-2-1024x576.jpg 1024w, https://www.lelag.fr/site/wp-content/uploads/2021/11/far-from-atlas-2-768x432.jpg 768w, https://www.lelag.fr/site/wp-content/uploads/2021/11/far-from-atlas-2-1536x864.jpg 1536w, https://www.lelag.fr/site/wp-content/uploads/2021/11/far-from-atlas-2.jpg 2048w" sizes="auto, (max-width: 300px) 100vw, 300px" /></a></p>
<p>PRIX LIBRE</p>
<p>ouverture des portes à 19h30</p>

<p>Soirée métal au LAG. La soirée commencera avec chant hurlé (mais pas trop !) et les grosses guitares de Spire Shards pour un concert qui s’annonce intense. La soirée glissera vers des rivages plus apaisés avec Far From Atlas qui &hellip; <a href="https://www.lelag.fr/site/agenda/concert-far-from-atlas/">Continuer la lecture <span class="meta-nav">&rarr;</span></a></p>
