{"id":5625,"date":"2020-10-13T18:33:51","date_gmt":"2020-10-13T16:33:51","guid":{"rendered":"http:\/\/www.lelag.fr\/site\/?post_type=tribe_events&#038;p=5625"},"modified":"2020-10-25T10:41:14","modified_gmt":"2020-10-25T09:41:14","slug":"micros-rebelles-12","status":"publish","type":"tribe_events","link":"https:\/\/www.lelag.fr\/site\/agenda\/micros-rebelles-12\/","title":{"rendered":"Micros-rebelles"},"content":{"rendered":"<div class=\"entry-content\">\n<p>Chaque dernier samedi du mois, Micros-rebelles propose \u00e0 ses adh\u00e9rent-es, ainsi qu\u2019\u00e0 ses auditrices et auditeurs, de se retrouver dans le cadre d\u2019ateliers d\u2019\u00e9change, autour des \u00e9missions radiophoniques mises en \u0153uvre par Micros-rebelles, et\/ou autour de la vie et des projets de l\u2019association<\/p>\n<p>Rendez-vous donc de 10h00 \u00e0 12h30.<\/p>\n<p><strong>Attention ! En raison de l\u2019occupation de la Maison des jeunes Buisson, cette AG de Micros-rebelles aura lieu au LAG, 23 avenue Jean Jaur\u00e8s \u00e0 Li\u00e9vin.<\/strong><\/p>\n<h3>La th\u00e9matique de cette AG du 31 octobre 2020<\/h3>\n<p>En 2019, nous avions fait une AG coll\u00e9giale et fort sympathique avec pour question principale : Quelle radio pour le bassin minier ?<\/p>\n<p>Ce fructueux temps d\u2019\u00e9change s\u2019\u00e9tait d\u00e9roul\u00e9 en vue de notre candidature au DAB, la nouvelle technologie de diffusion radio. Malheureusement notre candidature, comme vous le savez, a \u00e9t\u00e9 refus\u00e9e, pour on ne sait trop quels motifs?<\/p>\n<p>Cela a plusieurs cons\u00e9quences : cela influe \u00e9videmment sur le mod\u00e8le \u00e9conomique que nous voulions mettre en place, \u00e7a modifie la mani\u00e8re de nous implanter dans le bassin minier en tant que m\u00e9dia (pour beaucoup, radio =ondes hertziennes) et donc change la mani\u00e8re dont nous pouvons faire de la radio (pour le web et les podcasts ou pour le direct retransmis sur les ondes).<\/p>\n<p>C\u2019est sur ce dernier point que nous aimerions solliciter les adh\u00e9rent.es et auditrices et auditeurs :\u00a0 Quels programmes, et via quel support (quel site internet), devons nous proposer ?<\/p>\n<p>Jusqu\u2019ici, nous avions plut\u00f4t fait de la radio selon les \u00ab\u00a0normes\u00a0\u00bb d\u2019une radio locale hertzienne. Mais est-ce qu\u2019on \u00e9coute une webradio comme une radio hertzienne locale ?<\/p>\n<p>Quelques questions :<\/p>\n<ul>\n<li>notre site internet devient notre unique interface, faut-il tenterde l\u2019am\u00e9liorer ? Comment ?<\/li>\n<li>nos programmes doivent-ils tendre vers des formats qui correspondent mieux \u00e0 ce qu\u2019on peut attendre d\u2019une webradio ? par exemple, garder des formats li\u00e9s \u00e0 l\u2019actualit\u00e9 (et bien sur notre hebdo), mais tendre aussi vers des formats plus longs, type documentaires.<br \/>\nProposer un autre temps m\u00e9diatique et introduire un aspect plus<br \/>\ncr\u00e9atif : avoir en t\u00eate qu\u2019une webradio permet des formats plus libres.<\/li>\n<li>doit-on continuer \u00e0 ne diffuser que de la musique libre ?<\/li>\n<li>enfin que fait-on du direct, faut-il le garder pour le web ?<\/li>\n<\/ul>\n<p><em>N\u2019oubliez pas votre masque.<\/em><\/p>\n<\/div>\n","protected":false},"excerpt":{"rendered":"<p>Chaque dernier samedi du mois, Micros-rebelles propose \u00e0 ses adh\u00e9rent-es, ainsi qu\u2019\u00e0 ses auditrices et auditeurs, de se retrouver dans le cadre d\u2019ateliers d\u2019\u00e9change, autour des \u00e9missions radiophoniques mises en \u0153uvre par Micros-rebelles, et\/ou autour de la vie et des &hellip; <a href=\"https:\/\/www.lelag.fr\/site\/agenda\/micros-rebelles-12\/\">Continuer la lecture <span class=\"meta-nav\">&rarr;<\/span><\/a><\/p>\n","protected":false},"author":1,"featured_media":0,"template":"","meta":{"_tribe_events_status":"","_tribe_events_status_reason":"","footnotes":""},"tags":[],"tribe_events_cat":[],"class_list":["post-5625","tribe_events","type-tribe_events","status-publish","hentry"],"_links":{"self":[{"href":"https:\/\/www.lelag.fr\/site\/wp-json\/wp\/v2\/tribe_events\/5625","targetHints":{"allow":["GET"]}}],"collection":[{"href":"https:\/\/www.lelag.fr\/site\/wp-json\/wp\/v2\/tribe_events"}],"about":[{"href":"https:\/\/www.lelag.fr\/site\/wp-json\/wp\/v2\/types\/tribe_events"}],"author":[{"embeddable":true,"href":"https:\/\/www.lelag.fr\/site\/wp-json\/wp\/v2\/users\/1"}],"version-history":[{"count":2,"href":"https:\/\/www.lelag.fr\/site\/wp-json\/wp\/v2\/tribe_events\/5625\/revisions"}],"predecessor-version":[{"id":5678,"href":"https:\/\/www.lelag.fr\/site\/wp-json\/wp\/v2\/tribe_events\/5625\/revisions\/5678"}],"wp:attachment":[{"href":"https:\/\/www.lelag.fr\/site\/wp-json\/wp\/v2\/media?parent=5625"}],"wp:term":[{"taxonomy":"post_tag","embeddable":true,"href":"https:\/\/www.lelag.fr\/site\/wp-json\/wp\/v2\/tags?post=5625"},{"taxonomy":"tribe_events_cat","embeddable":true,"href":"https:\/\/www.lelag.fr\/site\/wp-json\/wp\/v2\/tribe_events_cat?post=5625"}],"curies":[{"name":"wp","href":"https:\/\/api.w.org\/{rel}","templated":true}]}}

<div class="entry-content">
<p>Chaque dernier samedi du mois, Micros-rebelles propose à ses adhérent-es, ainsi qu’à ses auditrices et auditeurs, de se retrouver dans le cadre d’ateliers d’échange, autour des émissions radiophoniques mises en œuvre par Micros-rebelles, et/ou autour de la vie et des projets de l’association</p>
<p>Rendez-vous donc de 10h00 à 12h30.</p>
<p><strong>Attention ! En raison de l’occupation de la Maison des jeunes Buisson, cette AG de Micros-rebelles aura lieu au LAG, 23 avenue Jean Jaurès à Liévin.</strong></p>
<h3>La thématique de cette AG du 31 octobre 2020</h3>
<p>En 2019, nous avions fait une AG collégiale et fort sympathique avec pour question principale : Quelle radio pour le bassin minier ?</p>
<p>Ce fructueux temps d’échange s’était déroulé en vue de notre candidature au DAB, la nouvelle technologie de diffusion radio. Malheureusement notre candidature, comme vous le savez, a été refusée, pour on ne sait trop quels motifs?</p>
<p>Cela a plusieurs conséquences : cela influe évidemment sur le modèle économique que nous voulions mettre en place, ça modifie la manière de nous implanter dans le bassin minier en tant que média (pour beaucoup, radio =ondes hertziennes) et donc change la manière dont nous pouvons faire de la radio (pour le web et les podcasts ou pour le direct retransmis sur les ondes).</p>
<p>C’est sur ce dernier point que nous aimerions solliciter les adhérent.es et auditrices et auditeurs :  Quels programmes, et via quel support (quel site internet), devons nous proposer ?</p>
<p>Jusqu’ici, nous avions plutôt fait de la radio selon les « normes » d’une radio locale hertzienne. Mais est-ce qu’on écoute une webradio comme une radio hertzienne locale ?</p>
<p>Quelques questions :</p>
<ul>
<li>notre site internet devient notre unique interface, faut-il tenterde l’améliorer ? Comment ?</li>
<li>nos programmes doivent-ils tendre vers des formats qui correspondent mieux à ce qu’on peut attendre d’une webradio ? par exemple, garder des formats liés à l’actualité (et bien sur notre hebdo), mais tendre aussi vers des formats plus longs, type documentaires.<br />
Proposer un autre temps médiatique et introduire un aspect plus<br />
créatif : avoir en tête qu’une webradio permet des formats plus libres.</li>
<li>doit-on continuer à ne diffuser que de la musique libre ?</li>
<li>enfin que fait-on du direct, faut-il le garder pour le web ?</li>
</ul>
<p><em>N’oubliez pas votre masque.</em></p>
</div>

<p>Chaque dernier samedi du mois, Micros-rebelles propose à ses adhérent-es, ainsi qu’à ses auditrices et auditeurs, de se retrouver dans le cadre d’ateliers d’échange, autour des émissions radiophoniques mises en œuvre par Micros-rebelles, et/ou autour de la vie et des &hellip; <a href="https://www.lelag.fr/site/agenda/micros-rebelles-12/">Continuer la lecture <span class="meta-nav">&rarr;</span></a></p>
