{"id":5581,"date":"2020-08-27T10:57:22","date_gmt":"2020-08-27T08:57:22","guid":{"rendered":"http:\/\/www.lelag.fr\/site\/?post_type=tribe_events&#038;p=5581"},"modified":"2020-10-23T10:36:56","modified_gmt":"2020-10-23T08:36:56","slug":"projection-lettre-a-g","status":"publish","type":"tribe_events","link":"https:\/\/www.lelag.fr\/site\/agenda\/projection-lettre-a-g\/","title":{"rendered":"<strike>projection \u00ab\u00a0Lettre a G.\u00a0\u00bb<\/strike>"},"content":{"rendered":"<p>Cette initiative est report\u00e9e !<\/p>\n<p>Film sur la pens\u00e9e d&rsquo;Andr\u00e9 Gorz qui questionne la place de la technologie dans nos vies<\/p>\n<p><a href=\"http:\/\/www.lelag.fr\/site\/wp-content\/uploads\/2020\/08\/20201024-ClissXXI-LettreAG.png\"><img loading=\"lazy\" decoding=\"async\" class=\"aligncenter size-full wp-image-5671\" src=\"http:\/\/www.lelag.fr\/site\/wp-content\/uploads\/2020\/08\/20201024-ClissXXI-LettreAG.png\" alt=\"\" width=\"826\" height=\"1169\" srcset=\"https:\/\/www.lelag.fr\/site\/wp-content\/uploads\/2020\/08\/20201024-ClissXXI-LettreAG.png 826w, https:\/\/www.lelag.fr\/site\/wp-content\/uploads\/2020\/08\/20201024-ClissXXI-LettreAG-212x300.png 212w, https:\/\/www.lelag.fr\/site\/wp-content\/uploads\/2020\/08\/20201024-ClissXXI-LettreAG-724x1024.png 724w, https:\/\/www.lelag.fr\/site\/wp-content\/uploads\/2020\/08\/20201024-ClissXXI-LettreAG-768x1087.png 768w\" sizes=\"auto, (max-width: 826px) 100vw, 826px\" \/><\/a><\/p>\n","protected":false},"excerpt":{"rendered":"<p>Cette initiative est report\u00e9e ! Film sur la pens\u00e9e d&rsquo;Andr\u00e9 Gorz qui questionne la place de la technologie dans nos vies<\/p>\n","protected":false},"author":1,"featured_media":0,"template":"","meta":{"_tribe_events_status":"","_tribe_events_status_reason":"","footnotes":""},"tags":[],"tribe_events_cat":[],"class_list":["post-5581","tribe_events","type-tribe_events","status-publish","hentry"],"_links":{"self":[{"href":"https:\/\/www.lelag.fr\/site\/wp-json\/wp\/v2\/tribe_events\/5581","targetHints":{"allow":["GET"]}}],"collection":[{"href":"https:\/\/www.lelag.fr\/site\/wp-json\/wp\/v2\/tribe_events"}],"about":[{"href":"https:\/\/www.lelag.fr\/site\/wp-json\/wp\/v2\/types\/tribe_events"}],"author":[{"embeddable":true,"href":"https:\/\/www.lelag.fr\/site\/wp-json\/wp\/v2\/users\/1"}],"version-history":[{"count":3,"href":"https:\/\/www.lelag.fr\/site\/wp-json\/wp\/v2\/tribe_events\/5581\/revisions"}],"predecessor-version":[{"id":5672,"href":"https:\/\/www.lelag.fr\/site\/wp-json\/wp\/v2\/tribe_events\/5581\/revisions\/5672"}],"wp:attachment":[{"href":"https:\/\/www.lelag.fr\/site\/wp-json\/wp\/v2\/media?parent=5581"}],"wp:term":[{"taxonomy":"post_tag","embeddable":true,"href":"https:\/\/www.lelag.fr\/site\/wp-json\/wp\/v2\/tags?post=5581"},{"taxonomy":"tribe_events_cat","embeddable":true,"href":"https:\/\/www.lelag.fr\/site\/wp-json\/wp\/v2\/tribe_events_cat?post=5581"}],"curies":[{"name":"wp","href":"https:\/\/api.w.org\/{rel}","templated":true}]}}

<p>Cette initiative est reportée !</p>
<p>Film sur la pensée d&rsquo;André Gorz qui questionne la place de la technologie dans nos vies</p>
<p><a href="http://www.lelag.fr/site/wp-content/uploads/2020/08/20201024-ClissXXI-LettreAG.png"><img loading="lazy" decoding="async" class="aligncenter size-full wp-image-5671" src="http://www.lelag.fr/site/wp-content/uploads/2020/08/20201024-ClissXXI-LettreAG.png" alt="" width="826" height="1169" srcset="https://www.lelag.fr/site/wp-content/uploads/2020/08/20201024-ClissXXI-LettreAG.png 826w, https://www.lelag.fr/site/wp-content/uploads/2020/08/20201024-ClissXXI-LettreAG-212x300.png 212w, https://www.lelag.fr/site/wp-content/uploads/2020/08/20201024-ClissXXI-LettreAG-724x1024.png 724w, https://www.lelag.fr/site/wp-content/uploads/2020/08/20201024-ClissXXI-LettreAG-768x1087.png 768w" sizes="auto, (max-width: 826px) 100vw, 826px" /></a></p>

<p>Cette initiative est reportée ! Film sur la pensée d&rsquo;André Gorz qui questionne la place de la technologie dans nos vies</p>
