{"id":5540,"date":"2020-06-15T16:35:57","date_gmt":"2020-06-15T14:35:57","guid":{"rendered":"http:\/\/www.lelag.fr\/site\/?post_type=tribe_events&#038;p=5540"},"modified":"2020-06-15T16:41:03","modified_gmt":"2020-06-15T14:41:03","slug":"le-menage-du-lag-3","status":"publish","type":"tribe_events","link":"https:\/\/www.lelag.fr\/site\/agenda\/le-menage-du-lag-3\/","title":{"rendered":"Le grand m\u00e9nage du LAG"},"content":{"rendered":"<p>Tous les mercredi apr\u00e8s midi au mois de juin , et plus si besoin, c&rsquo;est m\u00e9nage, jardinage et rangement au LAG en attendant le grand remue m\u00e9nage..<\/p>\n<p>Vous \u00eates tous et toutes les bienvenu-es<\/p>\n","protected":false},"excerpt":{"rendered":"<p>Tous les mercredi apr\u00e8s midi au mois de juin , et plus si besoin, c&rsquo;est m\u00e9nage, jardinage et rangement au LAG en attendant le grand remue m\u00e9nage.. Vous \u00eates tous et toutes les bienvenu-es<\/p>\n","protected":false},"author":2,"featured_media":0,"template":"","meta":{"_tribe_events_status":"","_tribe_events_status_reason":"","footnotes":""},"tags":[],"tribe_events_cat":[],"class_list":["post-5540","tribe_events","type-tribe_events","status-publish","hentry"],"_links":{"self":[{"href":"https:\/\/www.lelag.fr\/site\/wp-json\/wp\/v2\/tribe_events\/5540","targetHints":{"allow":["GET"]}}],"collection":[{"href":"https:\/\/www.lelag.fr\/site\/wp-json\/wp\/v2\/tribe_events"}],"about":[{"href":"https:\/\/www.lelag.fr\/site\/wp-json\/wp\/v2\/types\/tribe_events"}],"author":[{"embeddable":true,"href":"https:\/\/www.lelag.fr\/site\/wp-json\/wp\/v2\/users\/2"}],"version-history":[{"count":3,"href":"https:\/\/www.lelag.fr\/site\/wp-json\/wp\/v2\/tribe_events\/5540\/revisions"}],"predecessor-version":[{"id":5548,"href":"https:\/\/www.lelag.fr\/site\/wp-json\/wp\/v2\/tribe_events\/5540\/revisions\/5548"}],"wp:attachment":[{"href":"https:\/\/www.lelag.fr\/site\/wp-json\/wp\/v2\/media?parent=5540"}],"wp:term":[{"taxonomy":"post_tag","embeddable":true,"href":"https:\/\/www.lelag.fr\/site\/wp-json\/wp\/v2\/tags?post=5540"},{"taxonomy":"tribe_events_cat","embeddable":true,"href":"https:\/\/www.lelag.fr\/site\/wp-json\/wp\/v2\/tribe_events_cat?post=5540"}],"curies":[{"name":"wp","href":"https:\/\/api.w.org\/{rel}","templated":true}]}}

Le grand ménage du LAG

<p>Tous les mercredi après midi au mois de juin , et plus si besoin, c&rsquo;est ménage, jardinage et rangement au LAG en attendant le grand remue ménage..</p>
<p>Vous êtes tous et toutes les bienvenu-es</p>

<p>Tous les mercredi après midi au mois de juin , et plus si besoin, c&rsquo;est ménage, jardinage et rangement au LAG en attendant le grand remue ménage.. Vous êtes tous et toutes les bienvenu-es</p>
