{"id":5513,"date":"2020-06-04T17:40:28","date_gmt":"2020-06-04T15:40:28","guid":{"rendered":"http:\/\/www.lelag.fr\/site\/?post_type=tribe_events&#038;p=5513"},"modified":"2020-06-04T17:40:28","modified_gmt":"2020-06-04T15:40:28","slug":"reouverture-du-magasin-gratuit","status":"publish","type":"tribe_events","link":"https:\/\/www.lelag.fr\/site\/agenda\/reouverture-du-magasin-gratuit\/","title":{"rendered":"R\u00e9ouverture du magasin gratuit"},"content":{"rendered":"<p>Le magasin gratuit, c&rsquo;est au LAG, le Lieu Auto G\u00e9r\u00e9 du bassin minier, au 23 avenue Jean Jaur\u00e8s \u00e0 Li\u00e9vin.<\/p>\n<p>Apr\u00e8s plusieurs semaines de confinement, le magasin gratuit red\u00e9marre :<\/p>\n<p style=\"padding-left: 40px;\"><strong>Jeudi 11 juin<\/strong><\/p>\n<p style=\"padding-left: 40px;\"><strong>de 14h00 \u00e0 16h00<\/strong><\/p>\n<p>Vous \u00eates int\u00e9ress\u00e9-es ? N&rsquo;h\u00e9sitez pas \u00e0 vous y rendre, avec votre masque (les autres consignes de s\u00e9curit\u00e9 vous seront indiqu\u00e9es sur place).<\/p>\n<p>Comme son nom l&rsquo;indique, tout ce que propose le magasin gratuit est &#8230; gratuit, et sans contrepartie. Le magasin gratuit propose notamment :<\/p>\n<ul>\n<li>des v\u00eatements, enfants et adultes<\/li>\n<li>des livres<\/li>\n<li>de la vaisselle<\/li>\n<li>de la pu\u00e9riculture<\/li>\n<li>des chaussures<\/li>\n<li>des CDs et DVDs<\/li>\n<li>de la d\u00e9co<\/li>\n<li>du mat\u00e9riel scolaire<\/li>\n<li>des jouets<\/li>\n<li>&#8230;<\/li>\n<\/ul>\n","protected":false},"excerpt":{"rendered":"<p>Le magasin gratuit, c&rsquo;est au LAG, le Lieu Auto G\u00e9r\u00e9 du bassin minier, au 23 avenue Jean Jaur\u00e8s \u00e0 Li\u00e9vin. Apr\u00e8s plusieurs semaines de confinement, le magasin gratuit red\u00e9marre : Jeudi 11 juin de 14h00 \u00e0 16h00 Vous \u00eates int\u00e9ress\u00e9-es &hellip; <a href=\"https:\/\/www.lelag.fr\/site\/agenda\/reouverture-du-magasin-gratuit\/\">Continuer la lecture <span class=\"meta-nav\">&rarr;<\/span><\/a><\/p>\n","protected":false},"author":1,"featured_media":0,"template":"","meta":{"_tribe_events_status":"","_tribe_events_status_reason":"","footnotes":""},"tags":[],"tribe_events_cat":[],"class_list":["post-5513","tribe_events","type-tribe_events","status-publish","hentry"],"_links":{"self":[{"href":"https:\/\/www.lelag.fr\/site\/wp-json\/wp\/v2\/tribe_events\/5513","targetHints":{"allow":["GET"]}}],"collection":[{"href":"https:\/\/www.lelag.fr\/site\/wp-json\/wp\/v2\/tribe_events"}],"about":[{"href":"https:\/\/www.lelag.fr\/site\/wp-json\/wp\/v2\/types\/tribe_events"}],"author":[{"embeddable":true,"href":"https:\/\/www.lelag.fr\/site\/wp-json\/wp\/v2\/users\/1"}],"version-history":[{"count":1,"href":"https:\/\/www.lelag.fr\/site\/wp-json\/wp\/v2\/tribe_events\/5513\/revisions"}],"predecessor-version":[{"id":5514,"href":"https:\/\/www.lelag.fr\/site\/wp-json\/wp\/v2\/tribe_events\/5513\/revisions\/5514"}],"wp:attachment":[{"href":"https:\/\/www.lelag.fr\/site\/wp-json\/wp\/v2\/media?parent=5513"}],"wp:term":[{"taxonomy":"post_tag","embeddable":true,"href":"https:\/\/www.lelag.fr\/site\/wp-json\/wp\/v2\/tags?post=5513"},{"taxonomy":"tribe_events_cat","embeddable":true,"href":"https:\/\/www.lelag.fr\/site\/wp-json\/wp\/v2\/tribe_events_cat?post=5513"}],"curies":[{"name":"wp","href":"https:\/\/api.w.org\/{rel}","templated":true}]}}

Réouverture du magasin gratuit

<p>Le magasin gratuit, c&rsquo;est au LAG, le Lieu Auto Géré du bassin minier, au 23 avenue Jean Jaurès à Liévin.</p>
<p>Après plusieurs semaines de confinement, le magasin gratuit redémarre :</p>
<p style="padding-left: 40px;"><strong>Jeudi 11 juin</strong></p>
<p style="padding-left: 40px;"><strong>de 14h00 à 16h00</strong></p>
<p>Vous êtes intéressé-es ? N&rsquo;hésitez pas à vous y rendre, avec votre masque (les autres consignes de sécurité vous seront indiquées sur place).</p>
<p>Comme son nom l&rsquo;indique, tout ce que propose le magasin gratuit est &#8230; gratuit, et sans contrepartie. Le magasin gratuit propose notamment :</p>
<ul>
<li>des vêtements, enfants et adultes</li>
<li>des livres</li>
<li>de la vaisselle</li>
<li>de la puériculture</li>
<li>des chaussures</li>
<li>des CDs et DVDs</li>
<li>de la déco</li>
<li>du matériel scolaire</li>
<li>des jouets</li>
<li>&#8230;</li>
</ul>

<p>Le magasin gratuit, c&rsquo;est au LAG, le Lieu Auto Géré du bassin minier, au 23 avenue Jean Jaurès à Liévin. Après plusieurs semaines de confinement, le magasin gratuit redémarre : Jeudi 11 juin de 14h00 à 16h00 Vous êtes intéressé-es &hellip; <a href="https://www.lelag.fr/site/agenda/reouverture-du-magasin-gratuit/">Continuer la lecture <span class="meta-nav">&rarr;</span></a></p>
