{"id":5443,"date":"2020-01-22T12:01:35","date_gmt":"2020-01-22T11:01:35","guid":{"rendered":"http:\/\/www.lelag.fr\/site\/?post_type=tribe_events&#038;p=5443"},"modified":"2020-06-04T17:38:48","modified_gmt":"2020-06-04T15:38:48","slug":"la-chorale-du-lag-a-18h30-initiation-a-la-guitare-et-a-19h00-pour-chanter-4","status":"publish","type":"tribe_events","link":"https:\/\/www.lelag.fr\/site\/agenda\/la-chorale-du-lag-a-18h30-initiation-a-la-guitare-et-a-19h00-pour-chanter-4\/","title":{"rendered":"<strike>La chorale du LAG \u00e0 18h30, initiation \u00e0 la guitare et \u00e0 19h00 pour chanter<\/strike>"},"content":{"rendered":"<p>Chantons ensemble en partageant des chants de lutte \u00ab Une chanson, un po\u00e8me valent plus que mille discours pour redonner espoir et go\u00fbt de la lutte \u00bb.<\/p>\n","protected":false},"excerpt":{"rendered":"<p>Chantons ensemble en partageant des chants de lutte \u00ab Une chanson, un po\u00e8me valent plus que mille discours pour redonner espoir et go\u00fbt de la lutte \u00bb.<\/p>\n","protected":false},"author":2,"featured_media":0,"template":"","meta":{"_tribe_events_status":"","_tribe_events_status_reason":"","footnotes":""},"tags":[],"tribe_events_cat":[],"class_list":["post-5443","tribe_events","type-tribe_events","status-publish","hentry"],"_links":{"self":[{"href":"https:\/\/www.lelag.fr\/site\/wp-json\/wp\/v2\/tribe_events\/5443","targetHints":{"allow":["GET"]}}],"collection":[{"href":"https:\/\/www.lelag.fr\/site\/wp-json\/wp\/v2\/tribe_events"}],"about":[{"href":"https:\/\/www.lelag.fr\/site\/wp-json\/wp\/v2\/types\/tribe_events"}],"author":[{"embeddable":true,"href":"https:\/\/www.lelag.fr\/site\/wp-json\/wp\/v2\/users\/2"}],"version-history":[{"count":2,"href":"https:\/\/www.lelag.fr\/site\/wp-json\/wp\/v2\/tribe_events\/5443\/revisions"}],"predecessor-version":[{"id":5512,"href":"https:\/\/www.lelag.fr\/site\/wp-json\/wp\/v2\/tribe_events\/5443\/revisions\/5512"}],"wp:attachment":[{"href":"https:\/\/www.lelag.fr\/site\/wp-json\/wp\/v2\/media?parent=5443"}],"wp:term":[{"taxonomy":"post_tag","embeddable":true,"href":"https:\/\/www.lelag.fr\/site\/wp-json\/wp\/v2\/tags?post=5443"},{"taxonomy":"tribe_events_cat","embeddable":true,"href":"https:\/\/www.lelag.fr\/site\/wp-json\/wp\/v2\/tribe_events_cat?post=5443"}],"curies":[{"name":"wp","href":"https:\/\/api.w.org\/{rel}","templated":true}]}}

<strike>La chorale du LAG à 18h30, initiation à la guitare et à 19h00 pour chanter</strike>

<p>Chantons ensemble en partageant des chants de lutte « Une chanson, un poème valent plus que mille discours pour redonner espoir et goût de la lutte ».</p>
