{"id":4794,"date":"2018-10-26T11:35:21","date_gmt":"2018-10-26T09:35:21","guid":{"rendered":"http:\/\/www.lelag.fr\/site\/?post_type=tribe_events&#038;p=4794"},"modified":"2018-10-26T11:35:21","modified_gmt":"2018-10-26T09:35:21","slug":"formation-civique-et-citoyenne","status":"publish","type":"tribe_events","link":"https:\/\/www.lelag.fr\/site\/agenda\/formation-civique-et-citoyenne\/","title":{"rendered":"formation civique et citoyenne"},"content":{"rendered":"<p>Formation \u00e0 destination des volontaires du P\u00f4le M\u00e9tropolitain de l&rsquo;Artois, en partenariat avec la ligue de l&rsquo;enseignement.<\/p>\n","protected":false},"excerpt":{"rendered":"<p>Formation \u00e0 destination des volontaires du P\u00f4le M\u00e9tropolitain de l&rsquo;Artois, en partenariat avec la ligue de l&rsquo;enseignement.<\/p>\n","protected":false},"author":2,"featured_media":0,"template":"","meta":{"_tribe_events_status":"","_tribe_events_status_reason":"","footnotes":""},"tags":[],"tribe_events_cat":[],"class_list":["post-4794","tribe_events","type-tribe_events","status-publish","hentry"],"_links":{"self":[{"href":"https:\/\/www.lelag.fr\/site\/wp-json\/wp\/v2\/tribe_events\/4794","targetHints":{"allow":["GET"]}}],"collection":[{"href":"https:\/\/www.lelag.fr\/site\/wp-json\/wp\/v2\/tribe_events"}],"about":[{"href":"https:\/\/www.lelag.fr\/site\/wp-json\/wp\/v2\/types\/tribe_events"}],"author":[{"embeddable":true,"href":"https:\/\/www.lelag.fr\/site\/wp-json\/wp\/v2\/users\/2"}],"version-history":[{"count":1,"href":"https:\/\/www.lelag.fr\/site\/wp-json\/wp\/v2\/tribe_events\/4794\/revisions"}],"predecessor-version":[{"id":4795,"href":"https:\/\/www.lelag.fr\/site\/wp-json\/wp\/v2\/tribe_events\/4794\/revisions\/4795"}],"wp:attachment":[{"href":"https:\/\/www.lelag.fr\/site\/wp-json\/wp\/v2\/media?parent=4794"}],"wp:term":[{"taxonomy":"post_tag","embeddable":true,"href":"https:\/\/www.lelag.fr\/site\/wp-json\/wp\/v2\/tags?post=4794"},{"taxonomy":"tribe_events_cat","embeddable":true,"href":"https:\/\/www.lelag.fr\/site\/wp-json\/wp\/v2\/tribe_events_cat?post=4794"}],"curies":[{"name":"wp","href":"https:\/\/api.w.org\/{rel}","templated":true}]}}

<p>Formation à destination des volontaires du Pôle Métropolitain de l&rsquo;Artois, en partenariat avec la ligue de l&rsquo;enseignement.</p>
