{"id":4547,"date":"2018-05-11T11:31:36","date_gmt":"2018-05-11T09:31:36","guid":{"rendered":"http:\/\/www.lelag.fr\/site\/?post_type=tribe_events&#038;p=4547"},"modified":"2018-05-11T11:31:36","modified_gmt":"2018-05-11T09:31:36","slug":"formation-de-conferencier-e-s-gesticulant-e-s-2","status":"publish","type":"tribe_events","link":"https:\/\/www.lelag.fr\/site\/agenda\/formation-de-conferencier-e-s-gesticulant-e-s-2\/","title":{"rendered":"Formation de conf\u00e9rencier.e.s gesticulant.e.s"},"content":{"rendered":"<div class=\"content-second pdl20 pdr20\">\n<h1 class=\"the-title entry-title\">Monte ta Conf\u2019<\/h1>\n<\/div>\n<div class=\"content-third pdl20 pdr20\">\n<hr class=\"mrt10 mrb10\" \/>\n<p><span class=\"switty-entry-meta\"> <span class=\"vcard author\"><span class=\"fn\"> <a class=\"url authorurl\" href=\"http:\/\/l-etincelle.fr\/index.php\/author\/admin9345\/\" rel=\"author\">L&rsquo;\u00e9tincelle<\/a><\/span><\/span> <span class=\"categoryurl\"><a href=\"http:\/\/l-etincelle.fr\/index.php\/category\/conferences-gesticulees\/\" rel=\"category tag\">Conf\u00e9rences gesticul\u00e9es<\/a>, <a href=\"http:\/\/l-etincelle.fr\/index.php\/category\/formations\/\" rel=\"category tag\">Formations<\/a><\/span> <a href=\"http:\/\/l-etincelle.fr\/index.php\/2017\/03\/17\/monte-ta-conf\/\"><span class=\"post-date updated\">17 March 2017<\/span><\/a> <\/span><\/p>\n<hr class=\"mrt10 mrb10\" \/>\n<div class=\"entry-content\">\n<p>\u00c9crire une conf\u00e9rence gesticul\u00e9e, c\u2019est d\u2019abord un cadeau \u00e0 se faire \u00e0 soi-m\u00eame et \u00e0 la soci\u00e9t\u00e9. Il s\u2019agit de la formation la plus compl\u00e8te cr\u00e9\u00e9e depuis le renouveau de l\u2019\u00e9ducation populaire politique. Pour tout-e-s celles et ceux qui l\u2019ont exp\u00e9riment\u00e9e, c\u2019est un bout de chemin de leur \u00e9mancipation.<\/p>\n<p>M\u00eame si l\u2019objet sc\u00e9nique final n\u2019est pas une fin en soi, vivre une introspection au sein d\u2019un collectif, la recherche de savoir critique permettant d\u2019analyser son parcours de vie, le tout m\u00eal\u00e9 \u00e0 une mise en corps est une aventure \u00e0 vivre. Les enjeux :\u00a0cr\u00e9er de la th\u00e9orie incarn\u00e9e ! Articuler le \u00ab\u00a0je\u00a0\u00bb au \u00ab\u00a0nous\u00a0\u00bb, placer votre petite histoire en relief de l\u2019histoire sociale, aliment\u00e9e de concepts permettant de penser le monde tel qu\u2019il est mais aussi tel que l\u2019on voudrait qu\u2019il soit.<\/p>\n<h2><\/h2>\n<h2>Les probl\u00e9matiques travaill\u00e9es<\/h2>\n<p>&nbsp;<\/p>\n<ul>\n<li>\n<h4>R\u00e9cit de vie, analyser son parcours de mani\u00e8re critique et collective ;<\/h4>\n<\/li>\n<li>\n<h4>Recherche-action, lire et \u00e9tudier des m\u00e9canismes socio-politico-historique ;<\/h4>\n<\/li>\n<li>\n<h4>Collectiviser de l\u2019individuel, parler de soi dans un groupe ;<\/h4>\n<\/li>\n<li>\n<h4>Entra\u00eenement mental, parler de soi, nommer les probl\u00e8mes, proposer des analyses ;<\/h4>\n<\/li>\n<li>\n<h4>Mise en corps des id\u00e9es, des anecdotes, pratiquer la th\u00e9orie incarn\u00e9e ;<\/h4>\n<\/li>\n<li>\n<h4>Travailler l\u2019\u00e9motion politique, \u00eatre capable de toucher sans apitoyer.<\/h4>\n<\/li>\n<\/ul>\n<\/div>\n<\/div>\n","protected":false},"excerpt":{"rendered":"<p>Monte ta Conf\u2019 L&rsquo;\u00e9tincelle Conf\u00e9rences gesticul\u00e9es, Formations 17 March 2017 \u00c9crire une conf\u00e9rence gesticul\u00e9e, c\u2019est d\u2019abord un cadeau \u00e0 se faire \u00e0 soi-m\u00eame et \u00e0 la soci\u00e9t\u00e9. Il s\u2019agit de la formation la plus compl\u00e8te cr\u00e9\u00e9e depuis le renouveau de &hellip; <a href=\"https:\/\/www.lelag.fr\/site\/agenda\/formation-de-conferencier-e-s-gesticulant-e-s-2\/\">Continuer la lecture <span class=\"meta-nav\">&rarr;<\/span><\/a><\/p>\n","protected":false},"author":2,"featured_media":0,"template":"","meta":{"_tribe_events_status":"","_tribe_events_status_reason":"","footnotes":""},"tags":[],"tribe_events_cat":[],"class_list":["post-4547","tribe_events","type-tribe_events","status-publish","hentry"],"_links":{"self":[{"href":"https:\/\/www.lelag.fr\/site\/wp-json\/wp\/v2\/tribe_events\/4547","targetHints":{"allow":["GET"]}}],"collection":[{"href":"https:\/\/www.lelag.fr\/site\/wp-json\/wp\/v2\/tribe_events"}],"about":[{"href":"https:\/\/www.lelag.fr\/site\/wp-json\/wp\/v2\/types\/tribe_events"}],"author":[{"embeddable":true,"href":"https:\/\/www.lelag.fr\/site\/wp-json\/wp\/v2\/users\/2"}],"version-history":[{"count":1,"href":"https:\/\/www.lelag.fr\/site\/wp-json\/wp\/v2\/tribe_events\/4547\/revisions"}],"predecessor-version":[{"id":4548,"href":"https:\/\/www.lelag.fr\/site\/wp-json\/wp\/v2\/tribe_events\/4547\/revisions\/4548"}],"wp:attachment":[{"href":"https:\/\/www.lelag.fr\/site\/wp-json\/wp\/v2\/media?parent=4547"}],"wp:term":[{"taxonomy":"post_tag","embeddable":true,"href":"https:\/\/www.lelag.fr\/site\/wp-json\/wp\/v2\/tags?post=4547"},{"taxonomy":"tribe_events_cat","embeddable":true,"href":"https:\/\/www.lelag.fr\/site\/wp-json\/wp\/v2\/tribe_events_cat?post=4547"}],"curies":[{"name":"wp","href":"https:\/\/api.w.org\/{rel}","templated":true}]}}

Formation de conférencier.e.s gesticulant.e.s

<div class="content-second pdl20 pdr20">
<h1 class="the-title entry-title">Monte ta Conf’</h1>
</div>
<div class="content-third pdl20 pdr20">
<hr class="mrt10 mrb10" />
<p><span class="switty-entry-meta"> <span class="vcard author"><span class="fn"> <a class="url authorurl" href="http://l-etincelle.fr/index.php/author/admin9345/" rel="author">L&rsquo;étincelle</a></span></span> <span class="categoryurl"><a href="http://l-etincelle.fr/index.php/category/conferences-gesticulees/" rel="category tag">Conférences gesticulées</a>, <a href="http://l-etincelle.fr/index.php/category/formations/" rel="category tag">Formations</a></span> <a href="http://l-etincelle.fr/index.php/2017/03/17/monte-ta-conf/"><span class="post-date updated">17 March 2017</span></a> </span></p>
<hr class="mrt10 mrb10" />
<div class="entry-content">
<p>Écrire une conférence gesticulée, c’est d’abord un cadeau à se faire à soi-même et à la société. Il s’agit de la formation la plus complète créée depuis le renouveau de l’éducation populaire politique. Pour tout-e-s celles et ceux qui l’ont expérimentée, c’est un bout de chemin de leur émancipation.</p>
<p>Même si l’objet scénique final n’est pas une fin en soi, vivre une introspection au sein d’un collectif, la recherche de savoir critique permettant d’analyser son parcours de vie, le tout mêlé à une mise en corps est une aventure à vivre. Les enjeux : créer de la théorie incarnée ! Articuler le « je » au « nous », placer votre petite histoire en relief de l’histoire sociale, alimentée de concepts permettant de penser le monde tel qu’il est mais aussi tel que l’on voudrait qu’il soit.</p>
<h2></h2>
<h2>Les problématiques travaillées</h2>
<p>&nbsp;</p>
<ul>
<li>
<h4>Récit de vie, analyser son parcours de manière critique et collective ;</h4>
</li>
<li>
<h4>Recherche-action, lire et étudier des mécanismes socio-politico-historique ;</h4>
</li>
<li>
<h4>Collectiviser de l’individuel, parler de soi dans un groupe ;</h4>
</li>
<li>
<h4>Entraînement mental, parler de soi, nommer les problèmes, proposer des analyses ;</h4>
</li>
<li>
<h4>Mise en corps des idées, des anecdotes, pratiquer la théorie incarnée ;</h4>
</li>
<li>
<h4>Travailler l’émotion politique, être capable de toucher sans apitoyer.</h4>
</li>
</ul>
</div>
</div>

<p>Monte ta Conf’ L&rsquo;étincelle Conférences gesticulées, Formations 17 March 2017 Écrire une conférence gesticulée, c’est d’abord un cadeau à se faire à soi-même et à la société. Il s’agit de la formation la plus complète créée depuis le renouveau de &hellip; <a href="https://www.lelag.fr/site/agenda/formation-de-conferencier-e-s-gesticulant-e-s-2/">Continuer la lecture <span class="meta-nav">&rarr;</span></a></p>
