{"id":4106,"date":"2017-11-05T22:28:53","date_gmt":"2017-11-05T21:28:53","guid":{"rendered":"http:\/\/www.lelag.fr\/site\/?post_type=tribe_events&#038;p=4106"},"modified":"2017-12-03T16:49:34","modified_gmt":"2017-12-03T15:49:34","slug":"jusquou-faut-il-aller-par-amour-des-animaux","status":"publish","type":"tribe_events","link":"https:\/\/www.lelag.fr\/site\/agenda\/jusquou-faut-il-aller-par-amour-des-animaux\/","title":{"rendered":"Jusqu&rsquo;o\u00f9 faut il aller par amour des animaux?"},"content":{"rendered":"<ul>\n<li>Soir\u00e9e cin\u00e9 sp\u00e9ciale <b>Droit des animaux<\/b><\/li>\n<li>Repas vegan suivi d\u2019un film\u00a0: Bold Native<\/li>\n<li>De 18h00 \u00e0 22h30, au LAG<\/li>\n<li>\u00c0 l&rsquo;initiative de la Positive Association<\/li>\n<li>Entr\u00e9e \u00e0 prix libre<\/li>\n<\/ul>\n<p><a href=\"http:\/\/www.lelag.fr\/site\/wp-content\/uploads\/2017\/11\/20171209-PositiveAssociationLAG.jpg\"><img loading=\"lazy\" decoding=\"async\" class=\"aligncenter size-full wp-image-4161\" src=\"http:\/\/www.lelag.fr\/site\/wp-content\/uploads\/2017\/11\/20171209-PositiveAssociationLAG.jpg\" alt=\"\" width=\"2748\" height=\"3664\" srcset=\"https:\/\/www.lelag.fr\/site\/wp-content\/uploads\/2017\/11\/20171209-PositiveAssociationLAG.jpg 2748w, https:\/\/www.lelag.fr\/site\/wp-content\/uploads\/2017\/11\/20171209-PositiveAssociationLAG-225x300.jpg 225w, https:\/\/www.lelag.fr\/site\/wp-content\/uploads\/2017\/11\/20171209-PositiveAssociationLAG-768x1024.jpg 768w\" sizes=\"auto, (max-width: 2748px) 100vw, 2748px\" \/><\/a><\/p>\n","protected":false},"excerpt":{"rendered":"<p>Soir\u00e9e cin\u00e9 sp\u00e9ciale Droit des animaux Repas vegan suivi d\u2019un film\u00a0: Bold Native De 18h00 \u00e0 22h30, au LAG \u00c0 l&rsquo;initiative de la Positive Association Entr\u00e9e \u00e0 prix libre<\/p>\n","protected":false},"author":2,"featured_media":0,"template":"","meta":{"_tribe_events_status":"","_tribe_events_status_reason":"","footnotes":""},"tags":[],"tribe_events_cat":[],"class_list":["post-4106","tribe_events","type-tribe_events","status-publish","hentry"],"_links":{"self":[{"href":"https:\/\/www.lelag.fr\/site\/wp-json\/wp\/v2\/tribe_events\/4106","targetHints":{"allow":["GET"]}}],"collection":[{"href":"https:\/\/www.lelag.fr\/site\/wp-json\/wp\/v2\/tribe_events"}],"about":[{"href":"https:\/\/www.lelag.fr\/site\/wp-json\/wp\/v2\/types\/tribe_events"}],"author":[{"embeddable":true,"href":"https:\/\/www.lelag.fr\/site\/wp-json\/wp\/v2\/users\/2"}],"version-history":[{"count":3,"href":"https:\/\/www.lelag.fr\/site\/wp-json\/wp\/v2\/tribe_events\/4106\/revisions"}],"predecessor-version":[{"id":4162,"href":"https:\/\/www.lelag.fr\/site\/wp-json\/wp\/v2\/tribe_events\/4106\/revisions\/4162"}],"wp:attachment":[{"href":"https:\/\/www.lelag.fr\/site\/wp-json\/wp\/v2\/media?parent=4106"}],"wp:term":[{"taxonomy":"post_tag","embeddable":true,"href":"https:\/\/www.lelag.fr\/site\/wp-json\/wp\/v2\/tags?post=4106"},{"taxonomy":"tribe_events_cat","embeddable":true,"href":"https:\/\/www.lelag.fr\/site\/wp-json\/wp\/v2\/tribe_events_cat?post=4106"}],"curies":[{"name":"wp","href":"https:\/\/api.w.org\/{rel}","templated":true}]}}

Jusqu&rsquo;où faut il aller par amour des animaux?

<ul>
<li>Soirée ciné spéciale <b>Droit des animaux</b></li>
<li>Repas vegan suivi d’un film : Bold Native</li>
<li>De 18h00 à 22h30, au LAG</li>
<li>À l&rsquo;initiative de la Positive Association</li>
<li>Entrée à prix libre</li>
</ul>
<p><a href="http://www.lelag.fr/site/wp-content/uploads/2017/11/20171209-PositiveAssociationLAG.jpg"><img loading="lazy" decoding="async" class="aligncenter size-full wp-image-4161" src="http://www.lelag.fr/site/wp-content/uploads/2017/11/20171209-PositiveAssociationLAG.jpg" alt="" width="2748" height="3664" srcset="https://www.lelag.fr/site/wp-content/uploads/2017/11/20171209-PositiveAssociationLAG.jpg 2748w, https://www.lelag.fr/site/wp-content/uploads/2017/11/20171209-PositiveAssociationLAG-225x300.jpg 225w, https://www.lelag.fr/site/wp-content/uploads/2017/11/20171209-PositiveAssociationLAG-768x1024.jpg 768w" sizes="auto, (max-width: 2748px) 100vw, 2748px" /></a></p>

<p>Soirée ciné spéciale Droit des animaux Repas vegan suivi d’un film : Bold Native De 18h00 à 22h30, au LAG À l&rsquo;initiative de la Positive Association Entrée à prix libre</p>
