{"id":4095,"date":"2017-10-15T22:34:33","date_gmt":"2017-10-15T20:34:33","guid":{"rendered":"http:\/\/www.lelag.fr\/site\/?post_type=tribe_events&#038;p=4095"},"modified":"2017-10-15T22:34:33","modified_gmt":"2017-10-15T20:34:33","slug":"le-travail-et-apresconference-debat-en-presence-de-deux-des-auteurs-bernard-legros-et-jean-christophe-giuliani-httpecosociete-orglivresle-travail-et-apres","status":"publish","type":"tribe_events","link":"https:\/\/www.lelag.fr\/site\/agenda\/le-travail-et-apresconference-debat-en-presence-de-deux-des-auteurs-bernard-legros-et-jean-christophe-giuliani-httpecosociete-orglivresle-travail-et-apres\/","title":{"rendered":"\u00ab\u00a0Le travail, et apr\u00e8s?\u00a0\u00bbconf\u00e9rence d\u00e9bat en pr\u00e9sence de deux des auteurs : Bernard Legros et Jean Christophe Giuliani http:\/\/ecosociete.org\/livres\/le-travail-et-apres"},"content":{"rendered":"","protected":false},"excerpt":{"rendered":"","protected":false},"author":2,"featured_media":0,"template":"","meta":{"_tribe_events_status":"","_tribe_events_status_reason":"","footnotes":""},"tags":[],"tribe_events_cat":[],"class_list":["post-4095","tribe_events","type-tribe_events","status-publish","hentry"],"_links":{"self":[{"href":"https:\/\/www.lelag.fr\/site\/wp-json\/wp\/v2\/tribe_events\/4095","targetHints":{"allow":["GET"]}}],"collection":[{"href":"https:\/\/www.lelag.fr\/site\/wp-json\/wp\/v2\/tribe_events"}],"about":[{"href":"https:\/\/www.lelag.fr\/site\/wp-json\/wp\/v2\/types\/tribe_events"}],"author":[{"embeddable":true,"href":"https:\/\/www.lelag.fr\/site\/wp-json\/wp\/v2\/users\/2"}],"version-history":[{"count":1,"href":"https:\/\/www.lelag.fr\/site\/wp-json\/wp\/v2\/tribe_events\/4095\/revisions"}],"predecessor-version":[{"id":4096,"href":"https:\/\/www.lelag.fr\/site\/wp-json\/wp\/v2\/tribe_events\/4095\/revisions\/4096"}],"wp:attachment":[{"href":"https:\/\/www.lelag.fr\/site\/wp-json\/wp\/v2\/media?parent=4095"}],"wp:term":[{"taxonomy":"post_tag","embeddable":true,"href":"https:\/\/www.lelag.fr\/site\/wp-json\/wp\/v2\/tags?post=4095"},{"taxonomy":"tribe_events_cat","embeddable":true,"href":"https:\/\/www.lelag.fr\/site\/wp-json\/wp\/v2\/tribe_events_cat?post=4095"}],"curies":[{"name":"wp","href":"https:\/\/api.w.org\/{rel}","templated":true}]}}

« Le travail, et après? »conférence débat en présence de deux des auteurs : Bernard Legros et Jean Christophe Giuliani http://ecosociete.org/livres/le-travail-et-apres
