{"id":3028,"date":"2015-10-18T10:39:45","date_gmt":"2015-10-18T08:39:45","guid":{"rendered":"http:\/\/www.lelag.fr\/site\/?post_type=tribe_events&#038;p=3028"},"modified":"2015-10-18T10:39:45","modified_gmt":"2015-10-18T08:39:45","slug":"le-lag-au-cabaret-de-coleres-du-present","status":"publish","type":"tribe_events","link":"https:\/\/www.lelag.fr\/site\/agenda\/le-lag-au-cabaret-de-coleres-du-present\/","title":{"rendered":"Le LAG au Cabaret de Col\u00e8res du pr\u00e9sent"},"content":{"rendered":"<ul>\n<li>Toute la semaine, Col\u00e8res du Pr\u00e9sent invite ses ami-es \u00e0 l&rsquo;Hotel de Guines. Notamment, tous les apr\u00e8s-midi, le LAG et Col\u00e8res du pr\u00e9sent proposeront aux arrageois-es le <b>magasin gratuit<\/b>.<\/li>\n<li>Le jeudi soir, soir\u00e9e exceptionnelle propos\u00e9e par le LAG, sur le th\u00e8me de l&rsquo;<strong>autogestion<\/strong>. Avec la participation de deux organisations membres du LAG\u00a0: les <strong>d\u00e9croissant-es du Pas-de-Calais, et le groupe Arras-B\u00e9thune de la F\u00e9d\u00e9ration anarchiste<\/strong>.<\/li>\n<\/ul>\n<p><strong>C&rsquo;est donc \u00e0 l&rsquo;Hotel de Guines, \u00e0 Arras.<\/strong><\/p>\n","protected":false},"excerpt":{"rendered":"<p>Toute la semaine, Col\u00e8res du Pr\u00e9sent invite ses ami-es \u00e0 l&rsquo;Hotel de Guines. Notamment, tous les apr\u00e8s-midi, le LAG et Col\u00e8res du pr\u00e9sent proposeront aux arrageois-es le magasin gratuit. Le jeudi soir, soir\u00e9e exceptionnelle propos\u00e9e par le LAG, sur le &hellip; <a href=\"https:\/\/www.lelag.fr\/site\/agenda\/le-lag-au-cabaret-de-coleres-du-present\/\">Continuer la lecture <span class=\"meta-nav\">&rarr;<\/span><\/a><\/p>\n","protected":false},"author":1,"featured_media":0,"template":"","meta":{"_tribe_events_status":"","_tribe_events_status_reason":"","footnotes":""},"tags":[],"tribe_events_cat":[],"class_list":["post-3028","tribe_events","type-tribe_events","status-publish","hentry"],"_links":{"self":[{"href":"https:\/\/www.lelag.fr\/site\/wp-json\/wp\/v2\/tribe_events\/3028","targetHints":{"allow":["GET"]}}],"collection":[{"href":"https:\/\/www.lelag.fr\/site\/wp-json\/wp\/v2\/tribe_events"}],"about":[{"href":"https:\/\/www.lelag.fr\/site\/wp-json\/wp\/v2\/types\/tribe_events"}],"author":[{"embeddable":true,"href":"https:\/\/www.lelag.fr\/site\/wp-json\/wp\/v2\/users\/1"}],"version-history":[{"count":0,"href":"https:\/\/www.lelag.fr\/site\/wp-json\/wp\/v2\/tribe_events\/3028\/revisions"}],"wp:attachment":[{"href":"https:\/\/www.lelag.fr\/site\/wp-json\/wp\/v2\/media?parent=3028"}],"wp:term":[{"taxonomy":"post_tag","embeddable":true,"href":"https:\/\/www.lelag.fr\/site\/wp-json\/wp\/v2\/tags?post=3028"},{"taxonomy":"tribe_events_cat","embeddable":true,"href":"https:\/\/www.lelag.fr\/site\/wp-json\/wp\/v2\/tribe_events_cat?post=3028"}],"curies":[{"name":"wp","href":"https:\/\/api.w.org\/{rel}","templated":true}]}}

Le LAG au Cabaret de Colères du présent

<ul>
<li>Toute la semaine, Colères du Présent invite ses ami-es à l&rsquo;Hotel de Guines. Notamment, tous les après-midi, le LAG et Colères du présent proposeront aux arrageois-es le <b>magasin gratuit</b>.</li>
<li>Le jeudi soir, soirée exceptionnelle proposée par le LAG, sur le thème de l&rsquo;<strong>autogestion</strong>. Avec la participation de deux organisations membres du LAG : les <strong>décroissant-es du Pas-de-Calais, et le groupe Arras-Béthune de la Fédération anarchiste</strong>.</li>
</ul>
<p><strong>C&rsquo;est donc à l&rsquo;Hotel de Guines, à Arras.</strong></p>

<p>Toute la semaine, Colères du Présent invite ses ami-es à l&rsquo;Hotel de Guines. Notamment, tous les après-midi, le LAG et Colères du présent proposeront aux arrageois-es le magasin gratuit. Le jeudi soir, soirée exceptionnelle proposée par le LAG, sur le &hellip; <a href="https://www.lelag.fr/site/agenda/le-lag-au-cabaret-de-coleres-du-present/">Continuer la lecture <span class="meta-nav">&rarr;</span></a></p>
