{"id":1503,"date":"2013-10-07T19:25:32","date_gmt":"2013-10-07T17:25:32","guid":{"rendered":"http:\/\/lag.bassinminier62.org\/site\/?post_type=tribe_events&#038;p=1503"},"modified":"2013-10-07T19:31:14","modified_gmt":"2013-10-07T17:31:14","slug":"reunion-decroissance","status":"publish","type":"tribe_events","link":"https:\/\/www.lelag.fr\/site\/agenda\/reunion-decroissance\/","title":{"rendered":"R\u00e9union d\u00e9croissance"},"content":{"rendered":"<p>Chaque 4\u00e8me jeudi du mois<\/p>\n","protected":false},"excerpt":{"rendered":"<p>Chaque 4\u00e8me jeudi du mois<\/p>\n","protected":false},"author":1,"featured_media":0,"template":"","meta":{"_tribe_events_status":"","_tribe_events_status_reason":"","footnotes":""},"tags":[],"tribe_events_cat":[],"class_list":["post-1503","tribe_events","type-tribe_events","status-publish","hentry"],"_links":{"self":[{"href":"https:\/\/www.lelag.fr\/site\/wp-json\/wp\/v2\/tribe_events\/1503","targetHints":{"allow":["GET"]}}],"collection":[{"href":"https:\/\/www.lelag.fr\/site\/wp-json\/wp\/v2\/tribe_events"}],"about":[{"href":"https:\/\/www.lelag.fr\/site\/wp-json\/wp\/v2\/types\/tribe_events"}],"author":[{"embeddable":true,"href":"https:\/\/www.lelag.fr\/site\/wp-json\/wp\/v2\/users\/1"}],"version-history":[{"count":1,"href":"https:\/\/www.lelag.fr\/site\/wp-json\/wp\/v2\/tribe_events\/1503\/revisions"}],"predecessor-version":[{"id":1504,"href":"https:\/\/www.lelag.fr\/site\/wp-json\/wp\/v2\/tribe_events\/1503\/revisions\/1504"}],"wp:attachment":[{"href":"https:\/\/www.lelag.fr\/site\/wp-json\/wp\/v2\/media?parent=1503"}],"wp:term":[{"taxonomy":"post_tag","embeddable":true,"href":"https:\/\/www.lelag.fr\/site\/wp-json\/wp\/v2\/tags?post=1503"},{"taxonomy":"tribe_events_cat","embeddable":true,"href":"https:\/\/www.lelag.fr\/site\/wp-json\/wp\/v2\/tribe_events_cat?post=1503"}],"curies":[{"name":"wp","href":"https:\/\/api.w.org\/{rel}","templated":true}]}}

Réunion décroissance

<p>Chaque 4ème jeudi du mois</p>
