{"id":1482,"date":"2013-09-20T18:30:08","date_gmt":"2013-09-20T16:30:08","guid":{"rendered":"http:\/\/lag.bassinminier62.org\/site\/?post_type=tribe_events&#038;p=1482"},"modified":"2013-09-20T18:30:08","modified_gmt":"2013-09-20T16:30:08","slug":"reunion-des-objecteurs-de-croissance","status":"publish","type":"tribe_events","link":"https:\/\/www.lelag.fr\/site\/agenda\/reunion-des-objecteurs-de-croissance\/","title":{"rendered":"R\u00e9union des Objecteurs de croissance"},"content":{"rendered":"<p>chaque quatri\u00e8me jeudi du mois, r\u00e9union du groupe.<\/p>\n<p>contact : <strong>contact@objecteursdecroissance62.fr<\/strong><\/p>\n","protected":false},"excerpt":{"rendered":"<p>chaque quatri\u00e8me jeudi du mois, r\u00e9union du groupe. contact : contact@objecteursdecroissance62.fr<\/p>\n","protected":false},"author":2,"featured_media":0,"template":"","meta":{"_tribe_events_status":"","_tribe_events_status_reason":"","footnotes":""},"tags":[],"tribe_events_cat":[],"class_list":["post-1482","tribe_events","type-tribe_events","status-publish","hentry"],"_links":{"self":[{"href":"https:\/\/www.lelag.fr\/site\/wp-json\/wp\/v2\/tribe_events\/1482","targetHints":{"allow":["GET"]}}],"collection":[{"href":"https:\/\/www.lelag.fr\/site\/wp-json\/wp\/v2\/tribe_events"}],"about":[{"href":"https:\/\/www.lelag.fr\/site\/wp-json\/wp\/v2\/types\/tribe_events"}],"author":[{"embeddable":true,"href":"https:\/\/www.lelag.fr\/site\/wp-json\/wp\/v2\/users\/2"}],"version-history":[{"count":0,"href":"https:\/\/www.lelag.fr\/site\/wp-json\/wp\/v2\/tribe_events\/1482\/revisions"}],"wp:attachment":[{"href":"https:\/\/www.lelag.fr\/site\/wp-json\/wp\/v2\/media?parent=1482"}],"wp:term":[{"taxonomy":"post_tag","embeddable":true,"href":"https:\/\/www.lelag.fr\/site\/wp-json\/wp\/v2\/tags?post=1482"},{"taxonomy":"tribe_events_cat","embeddable":true,"href":"https:\/\/www.lelag.fr\/site\/wp-json\/wp\/v2\/tribe_events_cat?post=1482"}],"curies":[{"name":"wp","href":"https:\/\/api.w.org\/{rel}","templated":true}]}}

Réunion des Objecteurs de croissance

<p>chaque quatrième jeudi du mois, réunion du groupe.</p>
<p>contact : <strong>contact@objecteursdecroissance62.fr</strong></p>

<p>chaque quatrième jeudi du mois, réunion du groupe. contact : contact@objecteursdecroissance62.fr</p>
