{"id":1435,"date":"2013-09-04T17:49:53","date_gmt":"2013-09-04T15:49:53","guid":{"rendered":"http:\/\/lag.bassinminier62.org\/site\/?post_type=tribe_events&#038;p=1435"},"modified":"2013-09-17T18:52:11","modified_gmt":"2013-09-17T16:52:11","slug":"collectif-jeunes-maraichers-bassin-minier","status":"publish","type":"tribe_events","link":"https:\/\/www.lelag.fr\/site\/agenda\/collectif-jeunes-maraichers-bassin-minier\/","title":{"rendered":"Collectif jeunes mara\u00eechers Bassin minier"},"content":{"rendered":"<p>Pr\u00e9paration soir\u00e9e du 28 septembre<\/p>\n","protected":false},"excerpt":{"rendered":"<p>Pr\u00e9paration soir\u00e9e du 28 septembre<\/p>\n","protected":false},"author":1,"featured_media":0,"template":"","meta":{"_tribe_events_status":"","_tribe_events_status_reason":"","footnotes":""},"tags":[],"tribe_events_cat":[],"class_list":["post-1435","tribe_events","type-tribe_events","status-publish","hentry"],"_links":{"self":[{"href":"https:\/\/www.lelag.fr\/site\/wp-json\/wp\/v2\/tribe_events\/1435","targetHints":{"allow":["GET"]}}],"collection":[{"href":"https:\/\/www.lelag.fr\/site\/wp-json\/wp\/v2\/tribe_events"}],"about":[{"href":"https:\/\/www.lelag.fr\/site\/wp-json\/wp\/v2\/types\/tribe_events"}],"author":[{"embeddable":true,"href":"https:\/\/www.lelag.fr\/site\/wp-json\/wp\/v2\/users\/1"}],"version-history":[{"count":0,"href":"https:\/\/www.lelag.fr\/site\/wp-json\/wp\/v2\/tribe_events\/1435\/revisions"}],"wp:attachment":[{"href":"https:\/\/www.lelag.fr\/site\/wp-json\/wp\/v2\/media?parent=1435"}],"wp:term":[{"taxonomy":"post_tag","embeddable":true,"href":"https:\/\/www.lelag.fr\/site\/wp-json\/wp\/v2\/tags?post=1435"},{"taxonomy":"tribe_events_cat","embeddable":true,"href":"https:\/\/www.lelag.fr\/site\/wp-json\/wp\/v2\/tribe_events_cat?post=1435"}],"curies":[{"name":"wp","href":"https:\/\/api.w.org\/{rel}","templated":true}]}}

Collectif jeunes maraîchers Bassin minier

<p>Préparation soirée du 28 septembre</p>
