{"id":1421,"date":"2013-07-22T11:35:09","date_gmt":"2013-07-22T09:35:09","guid":{"rendered":"http:\/\/lag.bassinminier62.org\/site\/?post_type=tribe_events&#038;p=1421"},"modified":"2013-09-14T11:36:39","modified_gmt":"2013-09-14T09:36:39","slug":"echange-culture-commune-le-lag","status":"publish","type":"tribe_events","link":"https:\/\/www.lelag.fr\/site\/agenda\/echange-culture-commune-le-lag\/","title":{"rendered":"\u00e9change Culture Commune \/ le LAG"},"content":{"rendered":"<p>R\u00e9union de pr\u00e9paration de la performance introductive du spectacle \u00ab\u00a0les larmes de Bristlecone\u00a0\u00bb pr\u00e9vu en f\u00e9vrier 2014 au LAG, propos\u00e9 par Culture Commune.<\/p>\n","protected":false},"excerpt":{"rendered":"<p>R\u00e9union de pr\u00e9paration de la performance introductive du spectacle \u00ab\u00a0les larmes de Bristlecone\u00a0\u00bb pr\u00e9vu en f\u00e9vrier 2014 au LAG, propos\u00e9 par Culture Commune.<\/p>\n","protected":false},"author":2,"featured_media":0,"template":"","meta":{"_tribe_events_status":"","_tribe_events_status_reason":"","footnotes":""},"tags":[],"tribe_events_cat":[],"class_list":["post-1421","tribe_events","type-tribe_events","status-publish","hentry"],"_links":{"self":[{"href":"https:\/\/www.lelag.fr\/site\/wp-json\/wp\/v2\/tribe_events\/1421","targetHints":{"allow":["GET"]}}],"collection":[{"href":"https:\/\/www.lelag.fr\/site\/wp-json\/wp\/v2\/tribe_events"}],"about":[{"href":"https:\/\/www.lelag.fr\/site\/wp-json\/wp\/v2\/types\/tribe_events"}],"author":[{"embeddable":true,"href":"https:\/\/www.lelag.fr\/site\/wp-json\/wp\/v2\/users\/2"}],"version-history":[{"count":0,"href":"https:\/\/www.lelag.fr\/site\/wp-json\/wp\/v2\/tribe_events\/1421\/revisions"}],"wp:attachment":[{"href":"https:\/\/www.lelag.fr\/site\/wp-json\/wp\/v2\/media?parent=1421"}],"wp:term":[{"taxonomy":"post_tag","embeddable":true,"href":"https:\/\/www.lelag.fr\/site\/wp-json\/wp\/v2\/tags?post=1421"},{"taxonomy":"tribe_events_cat","embeddable":true,"href":"https:\/\/www.lelag.fr\/site\/wp-json\/wp\/v2\/tribe_events_cat?post=1421"}],"curies":[{"name":"wp","href":"https:\/\/api.w.org\/{rel}","templated":true}]}}

échange Culture Commune / le LAG

<p>Réunion de préparation de la performance introductive du spectacle « les larmes de Bristlecone » prévu en février 2014 au LAG, proposé par Culture Commune.</p>
