{"id":826,"date":"2012-12-10T21:13:37","date_gmt":"2012-12-10T20:13:37","guid":{"rendered":"http:\/\/lag.bassinminier62.org\/site\/?page_id=826"},"modified":"2014-04-04T14:16:18","modified_gmt":"2014-04-04T12:16:18","slug":"docu-femmes","status":"publish","type":"page","link":"https:\/\/www.lelag.fr\/site\/cinema\/docu-femmes\/","title":{"rendered":"Docu Femmes"},"content":{"rendered":"<p><strong>Un cycle de documentaires d&rsquo;auteur, social et politique, sur le th\u00e8me de l&rsquo;\u00e9mancipation des femmes.<\/strong><\/p>\n<p><strong>Chaque s\u00e9ance se tient le vendredi \u00e0 20h00 (sauf exception), est suivie d&rsquo;un d\u00e9bat, et se d\u00e9roule en pr\u00e9sence du r\u00e9alisateur \u2013 de la r\u00e9alisatrice.<\/strong><\/p>\n<p>Chaque s\u00e9ance du cycle Docu femmes est propos\u00e9e \u00e0 <a title=\"Le prix libre\" href=\"http:\/\/lag.bassinminier62.org\/site\/le-lag\/fonctionnement-charte-du-lag\/le-prix-libre\/\">prix libre.<\/a><\/p>\n<h1>Programmation 2014<\/h1>\n<ul>\n<li>Vendredi 4 avril &#8211; 20h00 : <a title=\"Marie-Jos\u00e8phe Bonnet \u2013 Histoires d\u2019amours f\u00e9minines\" href=\"http:\/\/www.lelag.fr\/site\/marie-josephe-bonnet-histoires-damours-feminines\/\">Marie-Jos\u00e8phe Bonnet &#8211; Histoires d&rsquo;amours f\u00e9minines<\/a><\/li>\n<li>Samedi 17 mai &#8211; 20h00 : <a title=\"Kelly\" href=\"http:\/\/www.lelag.fr\/site\/kelly\/\">Kelly<\/a><\/li>\n<li>Vendredi 6 juin &#8211; 20h00 : <a title=\"Le Prince Miiaou\" href=\"http:\/\/www.lelag.fr\/site\/le-prince-miiaou\/\">Le Prince Miiaou<\/a><\/li>\n<li>Vendredi 4 juillet &#8211; 20h00 : <a title=\"Le 2\u00e8me i d\u2019\u00c9milie\" href=\"http:\/\/www.lelag.fr\/site\/le-2eme-i-demilie\/\">Le 2\u00e8me i d&rsquo;\u00c9milie<\/a><\/li>\n<li>Vendredi 5 septembre, 20h00 : <a title=\"Visages d\u2019une absente\" href=\"http:\/\/www.lelag.fr\/site\/visages-dune-absente\/\">Visages d&rsquo;une absente<\/a><\/li>\n<li>Vendredi 3 octobre &#8211; 20h00 : <a title=\"Entre leurs mains\" href=\"http:\/\/www.lelag.fr\/site\/entre-leurs-mains\/\">Entre leurs mains<\/a><\/li>\n<\/ul>\n<h1>Programmation 2013<\/h1>\n<ul>\n<li>Vendredi 1er f\u00e9vrier &#8211; 20h00 : <a title=\"SAFAR\" href=\"http:\/\/lag.bassinminier62.org\/site\/safar\/\">SAFAR<\/a><\/li>\n<li>Vendredi 1er mars &#8211; 20h00 : <a title=\"L\u2019\u00eele de Chelo\" href=\"http:\/\/lag.bassinminier62.org\/site\/lile-de-chelo\/\">L\u2019\u00eele de Chelo<\/a><\/li>\n<li>Samedi 23 mars (dans le cadre de Bobines Rebelles 62) :\n<ul>\n<li>11h00 : <a title=\"Cheveux rouges et caf\u00e9 noir\" href=\"http:\/\/lag.bassinminier62.org\/site\/cheveux-rouges-et-cafe-noir\/\">Cheveux rouges et caf\u00e9 noir<\/a><\/li>\n<li>18h00 : <a title=\"D\u2019\u00e9gal \u00e0 \u00e9gales\" href=\"http:\/\/lag.bassinminier62.org\/site\/degal-a-egales\/\">D\u2019\u00e9gal \u00e0 \u00e9gales<\/a><\/li>\n<\/ul>\n<\/li>\n<li>Vendredi 5 avril &#8211; 20h00\u00a0 : <a title=\"La langue de Zahra\" href=\"http:\/\/lag.bassinminier62.org\/site\/la-langue-de-zahra\/\">La langue de Zahra<\/a><\/li>\n<\/ul>\n<h1>Docu femmes<\/h1>\n<p>Cycle th\u00e9matique : en programmant pendant plusieurs mois une s\u00e9rie de films documentaires, nous voulons proposer des moments forts, permettant de cr\u00e9er une v\u00e9ritable dynamique de r\u00e9flexion, approfondie, et abordant des facettes vari\u00e9es du th\u00e8me choisi : l&rsquo;\u00e9mancipation des femmes.<\/p>\n<p>Documentaire\u00a0: en revendiquant un point de vue clairement affirm\u00e9, le documentaire permet de faire appara\u00eetre une r\u00e9alit\u00e9 qui, d\u2019habitude, nous est cach\u00e9e. Il favorise une d\u00e9marche critique et l\u2019\u00e9mergence d\u2019une conscience politique plus engag\u00e9e.<\/p>\n<p>D&rsquo;auteur\u00a0: le documentaire d\u02bcauteur est un prisme particulier permettant de nourrir une r\u00e9flexion collective. Ce cin\u00e9ma laisse une large place au spectateur dans l&rsquo;\u00e9laboration d&rsquo;une pens\u00e9e (\u00e0 l\u02bcinverse d\u02bcun reportage t\u00e9l\u00e9visuel, o\u00f9 le cerveau du spectateur est pris dans l\u02bc\u00e9tau des \u00e9vidences et autres lieux communs).<\/p>\n<p>Social et politique\u00a0: \u00e0 l\u2019heure o\u00f9 les tenants du pouvoir nous imposent une pens\u00e9e unique associ\u00e9e \u00e0 une fausse bipolarisation politique, nous voulons partager nos interrogations, confronter nos dissidences. Ind\u00e9pendance politique et autonomie de pens\u00e9e sont, aujourd\u2019hui, une exigence sociale<\/p>\n<p><em>\u00ab Le documentaire social se distingue du documentaire tout court et des actualit\u00e9s de la semaine par le point de vue que d\u00e9fend nettement son auteur. Ce documentaire social exige que l\u2019on prenne position car il met les points sur les i. S\u2019il n\u2019engage pas un artiste, il engage au moins un homme. Ceci vaut bien cela. (\u2026) Ce documentaire social devra nous dessiller les yeux. \u00bb<\/em> Jean Vigo (1905-1934)<\/p>\n<h1 align=\"justify\"><\/h1>\n","protected":false},"excerpt":{"rendered":"<p>Un cycle de documentaires d&rsquo;auteur, social et politique, sur le th\u00e8me de l&rsquo;\u00e9mancipation des femmes. Chaque s\u00e9ance se tient le vendredi \u00e0 20h00 (sauf exception), est suivie d&rsquo;un d\u00e9bat, et se d\u00e9roule en pr\u00e9sence du r\u00e9alisateur \u2013 de la r\u00e9alisatrice. &hellip; <a href=\"https:\/\/www.lelag.fr\/site\/cinema\/docu-femmes\/\">Continuer la lecture <span class=\"meta-nav\">&rarr;<\/span><\/a><\/p>\n","protected":false},"author":1,"featured_media":0,"parent":1024,"menu_order":30,"comment_status":"closed","ping_status":"open","template":"","meta":{"footnotes":""},"class_list":["post-826","page","type-page","status-publish","hentry"],"_links":{"self":[{"href":"https:\/\/www.lelag.fr\/site\/wp-json\/wp\/v2\/pages\/826","targetHints":{"allow":["GET"]}}],"collection":[{"href":"https:\/\/www.lelag.fr\/site\/wp-json\/wp\/v2\/pages"}],"about":[{"href":"https:\/\/www.lelag.fr\/site\/wp-json\/wp\/v2\/types\/page"}],"author":[{"embeddable":true,"href":"https:\/\/www.lelag.fr\/site\/wp-json\/wp\/v2\/users\/1"}],"replies":[{"embeddable":true,"href":"https:\/\/www.lelag.fr\/site\/wp-json\/wp\/v2\/comments?post=826"}],"version-history":[{"count":49,"href":"https:\/\/www.lelag.fr\/site\/wp-json\/wp\/v2\/pages\/826\/revisions"}],"predecessor-version":[{"id":2109,"href":"https:\/\/www.lelag.fr\/site\/wp-json\/wp\/v2\/pages\/826\/revisions\/2109"}],"up":[{"embeddable":true,"href":"https:\/\/www.lelag.fr\/site\/wp-json\/wp\/v2\/pages\/1024"}],"wp:attachment":[{"href":"https:\/\/www.lelag.fr\/site\/wp-json\/wp\/v2\/media?parent=826"}],"curies":[{"name":"wp","href":"https:\/\/api.w.org\/{rel}","templated":true}]}}

<p><strong>Un cycle de documentaires d&rsquo;auteur, social et politique, sur le thème de l&rsquo;émancipation des femmes.</strong></p>
<p><strong>Chaque séance se tient le vendredi à 20h00 (sauf exception), est suivie d&rsquo;un débat, et se déroule en présence du réalisateur – de la réalisatrice.</strong></p>
<p>Chaque séance du cycle Docu femmes est proposée à <a title="Le prix libre" href="http://lag.bassinminier62.org/site/le-lag/fonctionnement-charte-du-lag/le-prix-libre/">prix libre.</a></p>
<h1>Programmation 2014</h1>
<ul>
<li>Vendredi 4 avril &#8211; 20h00 : <a title="Marie-Josèphe Bonnet – Histoires d’amours féminines" href="http://www.lelag.fr/site/marie-josephe-bonnet-histoires-damours-feminines/">Marie-Josèphe Bonnet &#8211; Histoires d&rsquo;amours féminines</a></li>
<li>Samedi 17 mai &#8211; 20h00 : <a title="Kelly" href="http://www.lelag.fr/site/kelly/">Kelly</a></li>
<li>Vendredi 6 juin &#8211; 20h00 : <a title="Le Prince Miiaou" href="http://www.lelag.fr/site/le-prince-miiaou/">Le Prince Miiaou</a></li>
<li>Vendredi 4 juillet &#8211; 20h00 : <a title="Le 2ème i d’Émilie" href="http://www.lelag.fr/site/le-2eme-i-demilie/">Le 2ème i d&rsquo;Émilie</a></li>
<li>Vendredi 5 septembre, 20h00 : <a title="Visages d’une absente" href="http://www.lelag.fr/site/visages-dune-absente/">Visages d&rsquo;une absente</a></li>
<li>Vendredi 3 octobre &#8211; 20h00 : <a title="Entre leurs mains" href="http://www.lelag.fr/site/entre-leurs-mains/">Entre leurs mains</a></li>
</ul>
<h1>Programmation 2013</h1>
<ul>
<li>Vendredi 1er février &#8211; 20h00 : <a title="SAFAR" href="http://lag.bassinminier62.org/site/safar/">SAFAR</a></li>
<li>Vendredi 1er mars &#8211; 20h00 : <a title="L’île de Chelo" href="http://lag.bassinminier62.org/site/lile-de-chelo/">L’île de Chelo</a></li>
<li>Samedi 23 mars (dans le cadre de Bobines Rebelles 62) :
<ul>
<li>11h00 : <a title="Cheveux rouges et café noir" href="http://lag.bassinminier62.org/site/cheveux-rouges-et-cafe-noir/">Cheveux rouges et café noir</a></li>
<li>18h00 : <a title="D’égal à égales" href="http://lag.bassinminier62.org/site/degal-a-egales/">D’égal à égales</a></li>
</ul>
</li>
<li>Vendredi 5 avril &#8211; 20h00  : <a title="La langue de Zahra" href="http://lag.bassinminier62.org/site/la-langue-de-zahra/">La langue de Zahra</a></li>
</ul>
<h1>Docu femmes</h1>
<p>Cycle thématique : en programmant pendant plusieurs mois une série de films documentaires, nous voulons proposer des moments forts, permettant de créer une véritable dynamique de réflexion, approfondie, et abordant des facettes variées du thème choisi : l&rsquo;émancipation des femmes.</p>
<p>Documentaire : en revendiquant un point de vue clairement affirmé, le documentaire permet de faire apparaître une réalité qui, d’habitude, nous est cachée. Il favorise une démarche critique et l’émergence d’une conscience politique plus engagée.</p>
<p>D&rsquo;auteur : le documentaire dʼauteur est un prisme particulier permettant de nourrir une réflexion collective. Ce cinéma laisse une large place au spectateur dans l&rsquo;élaboration d&rsquo;une pensée (à lʼinverse dʼun reportage télévisuel, où le cerveau du spectateur est pris dans lʼétau des évidences et autres lieux communs).</p>
<p>Social et politique : à l’heure où les tenants du pouvoir nous imposent une pensée unique associée à une fausse bipolarisation politique, nous voulons partager nos interrogations, confronter nos dissidences. Indépendance politique et autonomie de pensée sont, aujourd’hui, une exigence sociale</p>
<p><em>« Le documentaire social se distingue du documentaire tout court et des actualités de la semaine par le point de vue que défend nettement son auteur. Ce documentaire social exige que l’on prenne position car il met les points sur les i. S’il n’engage pas un artiste, il engage au moins un homme. Ceci vaut bien cela. (…) Ce documentaire social devra nous dessiller les yeux. »</em> Jean Vigo (1905-1934)</p>
<h1 align="justify"></h1>

<p>Un cycle de documentaires d&rsquo;auteur, social et politique, sur le thème de l&rsquo;émancipation des femmes. Chaque séance se tient le vendredi à 20h00 (sauf exception), est suivie d&rsquo;un débat, et se déroule en présence du réalisateur – de la réalisatrice. &hellip; <a href="https://www.lelag.fr/site/cinema/docu-femmes/">Continuer la lecture <span class="meta-nav">&rarr;</span></a></p>
