{"id":76,"date":"2012-07-15T00:00:22","date_gmt":"2012-07-14T23:00:22","guid":{"rendered":"http:\/\/lag.bassinminier62.org\/site\/?page_id=76"},"modified":"2012-12-24T16:02:17","modified_gmt":"2012-12-24T15:02:17","slug":"la-naissance-du-lag","status":"publish","type":"page","link":"https:\/\/www.lelag.fr\/site\/le-lag\/les-archives-du-lag\/la-naissance-du-lag\/","title":{"rendered":"Le LAG : naissance"},"content":{"rendered":"<h1>Avant le LAG&#8230;<\/h1>\n<p>Depuis la fin 2008, diff\u00e9rents collectifs avaient pris l&rsquo;habitude de se r\u00e9unir \u00e0 Lens, au <a title=\"Le caf\u00e9 l'Estrade, \u00e0 Lens\" href=\"http:\/\/estrade-cafe.jimdo.com\">caf\u00e9 l&rsquo;Estrade.<\/a> Ils y tenaient leurs r\u00e9unions, internes ou publiques, et participaient aux initiatives propos\u00e9es par l&rsquo;ami Pierre : groupe de r\u00e9flexion citoyen, animations culturelles et artistiques&#8230;<\/p>\n<p>Et puis, apr\u00e8s un peu moins de trois ann\u00e9es d&rsquo;existence, le caf\u00e9 l&rsquo;Estrade a ferm\u00e9. Nous nous sommes ainsi retrouv\u00e9s \u00ab\u00a0\u00e0 la rue\u00a0\u00bb&#8230;<\/p>\n<h1>Le Printemps 2011 de Politis 62<\/h1>\n<p>Plusieurs collectifs utilisateurs du caf\u00e9 \u00e9taient par ailleurs investis au sein du collectif <a title=\"Politis 62\" href=\"http:\/\/politis62.org\/index.php?title=Politis_62\">Politis 62<\/a>, et participaient notamment au Printemps de Politis 62.<\/p>\n<p>C&rsquo;est ainsi que l&rsquo;id\u00e9e a germ\u00e9 de se mettre en recherche d&rsquo;un nouvel endroit pour se retrouver, et, de fil en aiguille, d&rsquo;aller jusqu&rsquo;au bout d&rsquo;une d\u00e9marche de recherche d&rsquo;un lieu largement ouvert, et autog\u00e9r\u00e9. Pourquoi se contenter de remplacer le caf\u00e9 l&rsquo;Estrade par un autre caf\u00e9, par exemple ? Voyons tout de suite plus grand : investissons un lieu qui soit vraiment \u00e0 nous, de mani\u00e8re ind\u00e9pendante, autonome, et dans lequel nous organiserons nous m\u00eame ce que bon nous semble&#8230;<\/p>\n<p>Ainsi, d\u00e8s le <a title=\"Le Printemps 2011 de Politis 62\" href=\"http:\/\/www.politis62.org\/index.php?title=Le_Printemps_2011_de_Politis62\">Printemps 2011 de Politis 62<\/a>, nous proposons aux diff\u00e9rent-es participant-es, individuel-les et structures collectives, de s&rsquo;investir, ensemble, pour la mise en place d&rsquo;un lieu autog\u00e9r\u00e9 dans le bassin minier&#8230;<\/p>\n<p><strong>Ci dessous : l&rsquo;affiche appos\u00e9e \u00e0 l&rsquo;occasion du Printemps 2011 de Politis 62.<\/strong><\/p>\n<p>&nbsp;<\/p>\n<div id=\"attachment_23\" style=\"width: 650px\" class=\"wp-caption aligncenter\"><a href=\"http:\/\/lag.bassinminier62.org\/site\/wp-content\/uploads\/2012\/07\/20110528-LieuAutogerePrintempsPolitis62.jpg\"><img loading=\"lazy\" decoding=\"async\" aria-describedby=\"caption-attachment-23\" class=\"size-large wp-image-23\" title=\"20110528-LieuAutogerePrintempsPolitis62\" alt=\"Pr\u00e9sentation du projet &quot;Lieu autog\u00e9r\u00e9&quot; lors du Printemps 2011 de Politis 62\" src=\"http:\/\/lag.bassinminier62.org\/site\/wp-content\/uploads\/2012\/07\/20110528-LieuAutogerePrintempsPolitis62-723x1024.jpg\" width=\"640\" height=\"906\" srcset=\"https:\/\/www.lelag.fr\/site\/wp-content\/uploads\/2012\/07\/20110528-LieuAutogerePrintempsPolitis62-723x1024.jpg 723w, https:\/\/www.lelag.fr\/site\/wp-content\/uploads\/2012\/07\/20110528-LieuAutogerePrintempsPolitis62-211x300.jpg 211w, https:\/\/www.lelag.fr\/site\/wp-content\/uploads\/2012\/07\/20110528-LieuAutogerePrintempsPolitis62.jpg 826w\" sizes=\"auto, (max-width: 640px) 100vw, 640px\" \/><\/a><p id=\"caption-attachment-23\" class=\"wp-caption-text\">Pr\u00e9sentation du projet \u00ab\u00a0Lieu autog\u00e9r\u00e9\u00a0\u00bb lors du Printemps 2011 de Politis 62<\/p><\/div>\n<h1>On ach\u00e8te, on loue, ou on squatte ?<\/h1>\n<p>C&rsquo;est la premi\u00e8re question que nous nous sommes pos\u00e9e. L&rsquo;option \u00ab\u00a0Achat\u00a0\u00bb a rapidement \u00e9t\u00e9 \u00e9cart\u00e9e : on ne tenait pas \u00e0 jouer les propri\u00e9taires \ud83d\ude09<\/p>\n<p>On a s\u00e9rieusement \u00e9tudi\u00e9 quelques possibilit\u00e9s de squat. Par exemple :<\/p>\n<p>&nbsp;<\/p>\n<div id=\"attachment_31\" style=\"width: 310px\" class=\"wp-caption aligncenter\"><a href=\"http:\/\/lag.bassinminier62.org\/site\/wp-content\/uploads\/2012\/07\/MaisonEclusier.jpg\"><img loading=\"lazy\" decoding=\"async\" aria-describedby=\"caption-attachment-31\" class=\"size-medium wp-image-31\" title=\"MaisonEclusier\" alt=\"La maison de l'\u00e9clusier, \u00e0 Lens\" src=\"http:\/\/lag.bassinminier62.org\/site\/wp-content\/uploads\/2012\/07\/MaisonEclusier-300x225.jpg\" width=\"300\" height=\"225\" srcset=\"https:\/\/www.lelag.fr\/site\/wp-content\/uploads\/2012\/07\/MaisonEclusier-300x225.jpg 300w, https:\/\/www.lelag.fr\/site\/wp-content\/uploads\/2012\/07\/MaisonEclusier.jpg 640w\" sizes=\"auto, (max-width: 300px) 100vw, 300px\" \/><\/a><p id=\"caption-attachment-31\" class=\"wp-caption-text\">La maison de l&rsquo;\u00e9clusier, \u00e0 Lens<\/p><\/div>\n<p>&nbsp;<\/p>\n<div id=\"attachment_32\" style=\"width: 310px\" class=\"wp-caption aligncenter\"><a href=\"http:\/\/lag.bassinminier62.org\/site\/wp-content\/uploads\/2012\/07\/CPAM.jpg\"><img loading=\"lazy\" decoding=\"async\" aria-describedby=\"caption-attachment-32\" class=\"size-medium wp-image-32\" title=\"CPAM\" alt=\"Les anciens locaux de la s\u00e9cu, \u00e0 Lens\" src=\"http:\/\/lag.bassinminier62.org\/site\/wp-content\/uploads\/2012\/07\/CPAM-300x225.jpg\" width=\"300\" height=\"225\" srcset=\"https:\/\/www.lelag.fr\/site\/wp-content\/uploads\/2012\/07\/CPAM-300x225.jpg 300w, https:\/\/www.lelag.fr\/site\/wp-content\/uploads\/2012\/07\/CPAM.jpg 640w\" sizes=\"auto, (max-width: 300px) 100vw, 300px\" \/><\/a><p id=\"caption-attachment-32\" class=\"wp-caption-text\">Les anciens locaux de la s\u00e9cu, \u00e0 Lens<\/p><\/div>\n<p>&nbsp;<\/p>\n<p>Au final, on a abandonn\u00e9 cette id\u00e9e de squatter pour la raison suivante : nous souhaitons que le lieu autog\u00e9r\u00e9 nous permette de toucher de nombreuses personnes, y compris des personnes peu impliqu\u00e9es dans nos collectifs et nos r\u00e9seaux militants. <strong>Et on a imagin\u00e9 le sc\u00e9nario suivant :<\/strong><\/p>\n<ul>\n<li>Un soir, nous sommes dans notre squatt autog\u00e9r\u00e9, pour un cin\u00e9-d\u00e9bat concernant l&rsquo;anniversaire de la r\u00e9pression de la Commune (c&rsquo;est un exemple). Il y a de nombreuses personnes, y compris des personnes qu&rsquo;on n&rsquo;a pas l&rsquo;habitude de voir.<\/li>\n<li>Descente de flics, qui souhaitent compl\u00e9ter leurs fichiers antiterroristes \ud83d\ude09<\/li>\n<li>Nous nous replions dans un autre endroit, par exempe chez un-e militant-e.<\/li>\n<\/ul>\n<p>La question que nous nous sommes pos\u00e9e est ainsi la suivante : <strong>est-ce que les nouvelles personnes nous suivent ?<\/strong> <strong>Est-ce qu&rsquo;elles reviennent lors de notre prochain cin\u00e9-d\u00e9bat?<br \/>\n<\/strong><\/p>\n<p><strong>Ce sont donc ces r\u00e9flexions qui nous on fait opter pour la location d&rsquo;un lieu&#8230;<\/strong><\/p>\n<h1>Les visites de locaux<\/h1>\n<p>Durant le 1er semestre 2012, ces visites se sont acc\u00e9l\u00e9r\u00e9es. On peut citer, entre autres :<\/p>\n<div id=\"attachment_39\" style=\"width: 310px\" class=\"wp-caption aligncenter\"><a href=\"http:\/\/lag.bassinminier62.org\/site\/wp-content\/uploads\/2012\/07\/CanneASucre.jpg\"><img loading=\"lazy\" decoding=\"async\" aria-describedby=\"caption-attachment-39\" class=\"size-medium wp-image-39\" title=\"CanneASucre\" alt=\"L'ancien restaurant &quot;La canne \u00e0 sucre&quot;, \u00e0 Lens\" src=\"http:\/\/lag.bassinminier62.org\/site\/wp-content\/uploads\/2012\/07\/CanneASucre-300x225.jpg\" width=\"300\" height=\"225\" srcset=\"https:\/\/www.lelag.fr\/site\/wp-content\/uploads\/2012\/07\/CanneASucre-300x225.jpg 300w, https:\/\/www.lelag.fr\/site\/wp-content\/uploads\/2012\/07\/CanneASucre.jpg 800w\" sizes=\"auto, (max-width: 300px) 100vw, 300px\" \/><\/a><p id=\"caption-attachment-39\" class=\"wp-caption-text\">L&rsquo;ancien restaurant \u00ab\u00a0La canne \u00e0 sucre\u00a0\u00bb, \u00e0 Lens<\/p><\/div>\n<p>&nbsp;<\/p>\n<div id=\"attachment_40\" style=\"width: 310px\" class=\"wp-caption aligncenter\"><a href=\"http:\/\/lag.bassinminier62.org\/site\/wp-content\/uploads\/2012\/07\/LocalUMP.jpg\"><img loading=\"lazy\" decoding=\"async\" aria-describedby=\"caption-attachment-40\" class=\"size-medium wp-image-40\" title=\"LocalUMP\" alt=\"L'ancien local de l'UMP, \u00e0 Li\u00e9vin\" src=\"http:\/\/lag.bassinminier62.org\/site\/wp-content\/uploads\/2012\/07\/LocalUMP-300x225.jpg\" width=\"300\" height=\"225\" srcset=\"https:\/\/www.lelag.fr\/site\/wp-content\/uploads\/2012\/07\/LocalUMP-300x225.jpg 300w, https:\/\/www.lelag.fr\/site\/wp-content\/uploads\/2012\/07\/LocalUMP.jpg 640w\" sizes=\"auto, (max-width: 300px) 100vw, 300px\" \/><\/a><p id=\"caption-attachment-40\" class=\"wp-caption-text\">L&rsquo;ancien local de l&rsquo;UMP, \u00e0 Li\u00e9vin<\/p><\/div>\n<h1>\u00c7a-y-est : nous y sommes !<\/h1>\n<p>Au final, apr\u00e8s plusieurs visites et contre-visites, nous nous sommes mis d&rsquo;accord. Durant l&rsquo;\u00e9t\u00e9 2012, nous investissons le LAG, <strong>notre LAG<\/strong> \ud83d\ude09<\/p>\n<div id=\"attachment_44\" style=\"width: 310px\" class=\"wp-caption aligncenter\"><a href=\"http:\/\/lag.bassinminier62.org\/site\/wp-content\/uploads\/2012\/07\/EntreeDansLeLAG-Ete2012.jpg\"><img loading=\"lazy\" decoding=\"async\" aria-describedby=\"caption-attachment-44\" class=\"size-medium wp-image-44\" title=\"EntreeDansLeLAG-Ete2012\" alt=\"\u00c9t\u00e9 2012 : nous entrons dans le LAG\" src=\"http:\/\/lag.bassinminier62.org\/site\/wp-content\/uploads\/2012\/07\/EntreeDansLeLAG-Ete2012-300x225.jpg\" width=\"300\" height=\"225\" srcset=\"https:\/\/www.lelag.fr\/site\/wp-content\/uploads\/2012\/07\/EntreeDansLeLAG-Ete2012-300x225.jpg 300w, https:\/\/www.lelag.fr\/site\/wp-content\/uploads\/2012\/07\/EntreeDansLeLAG-Ete2012.jpg 640w\" sizes=\"auto, (max-width: 300px) 100vw, 300px\" \/><\/a><p id=\"caption-attachment-44\" class=\"wp-caption-text\">\u00c9t\u00e9 2012 : nous entrons dans le LAG<\/p><\/div>\n<p>&nbsp;<\/p>\n","protected":false},"excerpt":{"rendered":"<p>Avant le LAG&#8230; Depuis la fin 2008, diff\u00e9rents collectifs avaient pris l&rsquo;habitude de se r\u00e9unir \u00e0 Lens, au caf\u00e9 l&rsquo;Estrade. Ils y tenaient leurs r\u00e9unions, internes ou publiques, et participaient aux initiatives propos\u00e9es par l&rsquo;ami Pierre : groupe de r\u00e9flexion &hellip; <a href=\"https:\/\/www.lelag.fr\/site\/le-lag\/les-archives-du-lag\/la-naissance-du-lag\/\">Continuer la lecture <span class=\"meta-nav\">&rarr;<\/span><\/a><\/p>\n","protected":false},"author":1,"featured_media":0,"parent":966,"menu_order":60,"comment_status":"closed","ping_status":"open","template":"","meta":{"footnotes":""},"class_list":["post-76","page","type-page","status-publish","hentry"],"_links":{"self":[{"href":"https:\/\/www.lelag.fr\/site\/wp-json\/wp\/v2\/pages\/76","targetHints":{"allow":["GET"]}}],"collection":[{"href":"https:\/\/www.lelag.fr\/site\/wp-json\/wp\/v2\/pages"}],"about":[{"href":"https:\/\/www.lelag.fr\/site\/wp-json\/wp\/v2\/types\/page"}],"author":[{"embeddable":true,"href":"https:\/\/www.lelag.fr\/site\/wp-json\/wp\/v2\/users\/1"}],"replies":[{"embeddable":true,"href":"https:\/\/www.lelag.fr\/site\/wp-json\/wp\/v2\/comments?post=76"}],"version-history":[{"count":5,"href":"https:\/\/www.lelag.fr\/site\/wp-json\/wp\/v2\/pages\/76\/revisions"}],"predecessor-version":[{"id":79,"href":"https:\/\/www.lelag.fr\/site\/wp-json\/wp\/v2\/pages\/76\/revisions\/79"}],"up":[{"embeddable":true,"href":"https:\/\/www.lelag.fr\/site\/wp-json\/wp\/v2\/pages\/966"}],"wp:attachment":[{"href":"https:\/\/www.lelag.fr\/site\/wp-json\/wp\/v2\/media?parent=76"}],"curies":[{"name":"wp","href":"https:\/\/api.w.org\/{rel}","templated":true}]}}