{"id":560,"date":"2012-11-08T12:45:33","date_gmt":"2012-11-08T11:45:33","guid":{"rendered":"http:\/\/lag.bassinminier62.org\/site\/?page_id=560"},"modified":"2012-11-08T12:46:46","modified_gmt":"2012-11-08T11:46:46","slug":"fonctionnement-charte-du-lag","status":"publish","type":"page","link":"https:\/\/www.lelag.fr\/site\/le-lag\/fonctionnement-charte-du-lag\/","title":{"rendered":"Fonctionnement et charte du  LAG"},"content":{"rendered":"<h1>Le fonctionnement<\/h1>\n<h2>Fonctionnement politique<\/h2>\n<ul>\n<li>Le LAG est compos\u00e9 de membres (des femmes\/hommes et des structures), qui adh\u00e8rent pleinement \u00e0 la charte (voir ci-dessous).<\/li>\n<li>Ces membres composent l&rsquo;Assembl\u00e9e G\u00e9n\u00e9rale (AG) du LAG.<\/li>\n<li>Chaque nouveau membre est obligatoirement approuv\u00e9 par l&rsquo;ensemble de l&rsquo;AG.<\/li>\n<li>L&rsquo;AG du LAG se r\u00e9unit le 1er mardi de chaque mois, de 19h00 \u00e0 21h0, au LAG. Chacun-e compte pour un (1\u00a0 personne = 1 collectif = 1 voix) + fonctionnement au consensus.<\/li>\n<li>Ils-elles d\u00e9cident d\u2019int\u00e9grer de nouvelles personnes ou structures \u00e0 l\u2019AG<\/li>\n<li>Ils-elles \u00e9crivent et relisent la charte, de fa\u00e7on r\u00e9guli\u00e8re<\/li>\n<li>Ils-elles font vivre le lieu, financi\u00e8rement, et\/ou en actionsIls-elles valident les initiatives qui vont s\u2019y tenir, sur la base des crit\u00e8res de la charte.<\/li>\n<li>Ils-elles veillent \u00e0 la bonne autogestion quotidienne du lieu<\/li>\n<li>Ils-elles veillent \u00e0 la bonne gestion financi\u00e8re et mat\u00e9rielle du lieu<\/li>\n<\/ul>\n<h2>Fonctionnement financier<\/h2>\n<ul>\n<li>\u00a0Chaque mois des personnes ou des structures contribuent au fonctionnement du LAG (pr\u00e9l\u00e8vements de 15\u20ac \/ mois)<\/li>\n<li>Par ailleurs, ponctuellement, des personnes ou des structures effectuent des versements libres<\/li>\n<li>Enfin, les activit\u00e9s du LAG peuvent g\u00e9n\u00e9rer des rentr\u00e9es financi\u00e8res (activit\u00e9s \u00e0 prix libre ou \u00e0 prix fix\u00e9, bar, &#8230;)<\/li>\n<\/ul>\n<p>&nbsp;<\/p>\n<h2>Fonctionnement politique et financier<\/h2>\n<p>Il n&rsquo;y a pas de corr\u00e9lation entre l&rsquo;AG (fonctionnement politique) et les souscripteurs finnaciers :<\/p>\n<ul>\n<li>On peut \u00eatre membre de l&rsquo;AG, et ne pas avoir la possibilit\u00e9 d&rsquo;effectuer un pr\u00e9l\u00e8vement pour le LAG chaque mois.<\/li>\n<li>On peut souhaiter soutenir financi\u00e8rement l&rsquo;activit\u00e9 du LAG, sans pour autant partager pleinement la charte, et donc faire partie de l&rsquo;AG.<\/li>\n<\/ul>\n<h1>La charte<\/h1>\n<p>Il s&rsquo;agit des principes auxquels adh\u00e8rent tous-tes les membres de l&rsquo;AG du LAG. Pour l&rsquo;instant, il ne s&rsquo;agit pas d&rsquo;une charte tr\u00e8s \u00e9labor\u00e9e : elle est constitu\u00e9e des <em>\u00ab\u00a0mots-cl\u00e9s\u00a0\u00bb <\/em>suivants :<\/p>\n<ul>\n<li>autogestion<\/li>\n<li>anticapitalisme<\/li>\n<li>alternatives<\/li>\n<li>changement de soci\u00e9t\u00e9<\/li>\n<li>\u00e9cologie<\/li>\n<li>culture<\/li>\n<li>\u00e9ducation populaire<\/li>\n<li>antiracisme<\/li>\n<li>antisexisme antipatriarcat<\/li>\n<li>convivialit\u00e9<\/li>\n<li>joie<\/li>\n<li>buen vivir<\/li>\n<li>\u00e9mancipation<\/li>\n<li>r\u00e9sistance aux oppressions<\/li>\n<li>avancer avec les gens<\/li>\n<li>construire des alternatives en commun<\/li>\n<li>\u2026<\/li>\n<\/ul>\n","protected":false},"excerpt":{"rendered":"<p>Le fonctionnement Fonctionnement politique Le LAG est compos\u00e9 de membres (des femmes\/hommes et des structures), qui adh\u00e8rent pleinement \u00e0 la charte (voir ci-dessous). Ces membres composent l&rsquo;Assembl\u00e9e G\u00e9n\u00e9rale (AG) du LAG. Chaque nouveau membre est obligatoirement approuv\u00e9 par l&rsquo;ensemble de &hellip; <a href=\"https:\/\/www.lelag.fr\/site\/le-lag\/fonctionnement-charte-du-lag\/\">Continuer la lecture <span class=\"meta-nav\">&rarr;<\/span><\/a><\/p>\n","protected":false},"author":1,"featured_media":0,"parent":206,"menu_order":25,"comment_status":"closed","ping_status":"open","template":"","meta":{"footnotes":""},"class_list":["post-560","page","type-page","status-publish","hentry"],"_links":{"self":[{"href":"https:\/\/www.lelag.fr\/site\/wp-json\/wp\/v2\/pages\/560","targetHints":{"allow":["GET"]}}],"collection":[{"href":"https:\/\/www.lelag.fr\/site\/wp-json\/wp\/v2\/pages"}],"about":[{"href":"https:\/\/www.lelag.fr\/site\/wp-json\/wp\/v2\/types\/page"}],"author":[{"embeddable":true,"href":"https:\/\/www.lelag.fr\/site\/wp-json\/wp\/v2\/users\/1"}],"replies":[{"embeddable":true,"href":"https:\/\/www.lelag.fr\/site\/wp-json\/wp\/v2\/comments?post=560"}],"version-history":[{"count":3,"href":"https:\/\/www.lelag.fr\/site\/wp-json\/wp\/v2\/pages\/560\/revisions"}],"predecessor-version":[{"id":563,"href":"https:\/\/www.lelag.fr\/site\/wp-json\/wp\/v2\/pages\/560\/revisions\/563"}],"up":[{"embeddable":true,"href":"https:\/\/www.lelag.fr\/site\/wp-json\/wp\/v2\/pages\/206"}],"wp:attachment":[{"href":"https:\/\/www.lelag.fr\/site\/wp-json\/wp\/v2\/media?parent=560"}],"curies":[{"name":"wp","href":"https:\/\/api.w.org\/{rel}","templated":true}]}}

<h1>Le fonctionnement</h1>
<h2>Fonctionnement politique</h2>
<ul>
<li>Le LAG est composé de membres (des femmes/hommes et des structures), qui adhèrent pleinement à la charte (voir ci-dessous).</li>
<li>Ces membres composent l&rsquo;Assemblée Générale (AG) du LAG.</li>
<li>Chaque nouveau membre est obligatoirement approuvé par l&rsquo;ensemble de l&rsquo;AG.</li>
<li>L&rsquo;AG du LAG se réunit le 1er mardi de chaque mois, de 19h00 à 21h0, au LAG. Chacun-e compte pour un (1  personne = 1 collectif = 1 voix) + fonctionnement au consensus.</li>
<li>Ils-elles décident d’intégrer de nouvelles personnes ou structures à l’AG</li>
<li>Ils-elles écrivent et relisent la charte, de façon régulière</li>
<li>Ils-elles font vivre le lieu, financièrement, et/ou en actionsIls-elles valident les initiatives qui vont s’y tenir, sur la base des critères de la charte.</li>
<li>Ils-elles veillent à la bonne autogestion quotidienne du lieu</li>
<li>Ils-elles veillent à la bonne gestion financière et matérielle du lieu</li>
</ul>
<h2>Fonctionnement financier</h2>
<ul>
<li> Chaque mois des personnes ou des structures contribuent au fonctionnement du LAG (prélèvements de 15€ / mois)</li>
<li>Par ailleurs, ponctuellement, des personnes ou des structures effectuent des versements libres</li>
<li>Enfin, les activités du LAG peuvent générer des rentrées financières (activités à prix libre ou à prix fixé, bar, &#8230;)</li>
</ul>
<p>&nbsp;</p>
<h2>Fonctionnement politique et financier</h2>
<p>Il n&rsquo;y a pas de corrélation entre l&rsquo;AG (fonctionnement politique) et les souscripteurs finnaciers :</p>
<ul>
<li>On peut être membre de l&rsquo;AG, et ne pas avoir la possibilité d&rsquo;effectuer un prélèvement pour le LAG chaque mois.</li>
<li>On peut souhaiter soutenir financièrement l&rsquo;activité du LAG, sans pour autant partager pleinement la charte, et donc faire partie de l&rsquo;AG.</li>
</ul>
<h1>La charte</h1>
<p>Il s&rsquo;agit des principes auxquels adhèrent tous-tes les membres de l&rsquo;AG du LAG. Pour l&rsquo;instant, il ne s&rsquo;agit pas d&rsquo;une charte très élaborée : elle est constituée des <em>« mots-clés » </em>suivants :</p>
<ul>
<li>autogestion</li>
<li>anticapitalisme</li>
<li>alternatives</li>
<li>changement de société</li>
<li>écologie</li>
<li>culture</li>
<li>éducation populaire</li>
<li>antiracisme</li>
<li>antisexisme antipatriarcat</li>
<li>convivialité</li>
<li>joie</li>
<li>buen vivir</li>
<li>émancipation</li>
<li>résistance aux oppressions</li>
<li>avancer avec les gens</li>
<li>construire des alternatives en commun</li>
<li>…</li>
</ul>

<p>Le fonctionnement Fonctionnement politique Le LAG est composé de membres (des femmes/hommes et des structures), qui adhèrent pleinement à la charte (voir ci-dessous). Ces membres composent l&rsquo;Assemblée Générale (AG) du LAG. Chaque nouveau membre est obligatoirement approuvé par l&rsquo;ensemble de &hellip; <a href="https://www.lelag.fr/site/le-lag/fonctionnement-charte-du-lag/">Continuer la lecture <span class="meta-nav">&rarr;</span></a></p>
