{"id":485,"date":"2012-10-07T17:05:11","date_gmt":"2012-10-07T16:05:11","guid":{"rendered":"http:\/\/lag.bassinminier62.org\/site\/?page_id=485"},"modified":"2012-12-24T16:03:03","modified_gmt":"2012-12-24T15:03:03","slug":"le-lag-octobre-2012","status":"publish","type":"page","link":"https:\/\/www.lelag.fr\/site\/le-lag\/les-archives-du-lag\/le-lag-octobre-2012\/","title":{"rendered":"Le LAG : octobre 2012"},"content":{"rendered":"<h1>5 octobre 2012 : le LAG accueille ses voisin-es<\/h1>\n<p>Ils-elles sont venu-es \u00e0 notre rencontre, d\u00e9couvrir le LAG, \u00e9voquer nos projets&#8230; et passer avec nous une bien belle soir\u00e9e. Rendez-vous \u00e0 d&rsquo;ores et d\u00e9j\u00e0 \u00e9t\u00e9 pris pour se revoir, <a title=\"Livres et journaux\" href=\"http:\/\/lag.bassinminier62.org\/site\/projets-2012-2013\/livres-et-journaux\/\">chaque jeudi soir<\/a> (\u00e0 partir du 18 octobre 2012) et le <a title=\"20 octobre : on inaugure !!!\" href=\"http:\/\/lag.bassinminier62.org\/site\/20-octobre-on-inaugure\/\">20 octobre, \u00e0 l&rsquo;occasion de l&rsquo;inauguration du LAG.<\/a><\/p>\n<div id=\"attachment_491\" style=\"width: 310px\" class=\"wp-caption alignleft\"><a href=\"http:\/\/lag.bassinminier62.org\/site\/wp-content\/uploads\/2012\/10\/20121005-AccueilDesVoisin-es-001.jpg\"><img loading=\"lazy\" decoding=\"async\" aria-describedby=\"caption-attachment-491\" class=\"size-medium wp-image-491\" title=\"20121005-AccueilDesVoisin-es-001\" alt=\"Accueil des voisin-es le 5 octobre 2012\" src=\"http:\/\/lag.bassinminier62.org\/site\/wp-content\/uploads\/2012\/10\/20121005-AccueilDesVoisin-es-001-300x225.jpg\" width=\"300\" height=\"225\" srcset=\"https:\/\/www.lelag.fr\/site\/wp-content\/uploads\/2012\/10\/20121005-AccueilDesVoisin-es-001-300x225.jpg 300w, https:\/\/www.lelag.fr\/site\/wp-content\/uploads\/2012\/10\/20121005-AccueilDesVoisin-es-001-1024x768.jpg 1024w, https:\/\/www.lelag.fr\/site\/wp-content\/uploads\/2012\/10\/20121005-AccueilDesVoisin-es-001.jpg 1600w\" sizes=\"auto, (max-width: 300px) 100vw, 300px\" \/><\/a><p id=\"caption-attachment-491\" class=\"wp-caption-text\">Accueil des voisin-es le 5 octobre 2012<\/p><\/div>\n<p>&nbsp;<\/p>\n<p>&nbsp;<\/p>\n<p>&nbsp;<\/p>\n<p>&nbsp;<\/p>\n<p>&nbsp;<\/p>\n<div id=\"attachment_492\" style=\"width: 310px\" class=\"wp-caption aligncenter\"><a href=\"http:\/\/lag.bassinminier62.org\/site\/wp-content\/uploads\/2012\/10\/20121005-AccueilDesVoisin-es-002.jpg\"><img loading=\"lazy\" decoding=\"async\" aria-describedby=\"caption-attachment-492\" class=\"size-medium wp-image-492\" title=\"20121005-AccueilDesVoisin-es-002\" alt=\"Accueil des voisin-es le 5 octobre 2012\" src=\"http:\/\/lag.bassinminier62.org\/site\/wp-content\/uploads\/2012\/10\/20121005-AccueilDesVoisin-es-002-300x225.jpg\" width=\"300\" height=\"225\" srcset=\"https:\/\/www.lelag.fr\/site\/wp-content\/uploads\/2012\/10\/20121005-AccueilDesVoisin-es-002-300x225.jpg 300w, https:\/\/www.lelag.fr\/site\/wp-content\/uploads\/2012\/10\/20121005-AccueilDesVoisin-es-002-1024x768.jpg 1024w, https:\/\/www.lelag.fr\/site\/wp-content\/uploads\/2012\/10\/20121005-AccueilDesVoisin-es-002.jpg 1600w\" sizes=\"auto, (max-width: 300px) 100vw, 300px\" \/><\/a><p id=\"caption-attachment-492\" class=\"wp-caption-text\">Accueil des voisin-es le 5 octobre 2012<\/p><\/div>\n<p>&nbsp;<\/p>\n<div id=\"attachment_493\" style=\"width: 310px\" class=\"wp-caption alignright\"><a href=\"http:\/\/lag.bassinminier62.org\/site\/wp-content\/uploads\/2012\/10\/20121005-AccueilDesVoisin-es-003.jpg\"><img loading=\"lazy\" decoding=\"async\" aria-describedby=\"caption-attachment-493\" class=\"size-medium wp-image-493\" title=\"20121005-AccueilDesVoisin-es-003\" alt=\"Accueil des voisin-es le 5 octobre 2012\" src=\"http:\/\/lag.bassinminier62.org\/site\/wp-content\/uploads\/2012\/10\/20121005-AccueilDesVoisin-es-003-300x225.jpg\" width=\"300\" height=\"225\" srcset=\"https:\/\/www.lelag.fr\/site\/wp-content\/uploads\/2012\/10\/20121005-AccueilDesVoisin-es-003-300x225.jpg 300w, https:\/\/www.lelag.fr\/site\/wp-content\/uploads\/2012\/10\/20121005-AccueilDesVoisin-es-003-1024x768.jpg 1024w, https:\/\/www.lelag.fr\/site\/wp-content\/uploads\/2012\/10\/20121005-AccueilDesVoisin-es-003.jpg 1600w\" sizes=\"auto, (max-width: 300px) 100vw, 300px\" \/><\/a><p id=\"caption-attachment-493\" class=\"wp-caption-text\">Accueil des voisin-es le 5 octobre 2012<\/p><\/div>\n<p>&nbsp;<\/p>\n<p>&nbsp;<\/p>\n<p>&nbsp;<\/p>\n<p>&nbsp;<\/p>\n<p>&nbsp;<\/p>\n<p>&nbsp;<\/p>\n<p>&nbsp;<\/p>\n<div id=\"attachment_494\" style=\"width: 310px\" class=\"wp-caption aligncenter\"><a href=\"http:\/\/lag.bassinminier62.org\/site\/wp-content\/uploads\/2012\/10\/20121005-AccueilDesVoisin-es-004.jpg\"><img loading=\"lazy\" decoding=\"async\" aria-describedby=\"caption-attachment-494\" class=\"size-medium wp-image-494\" title=\"20121005-AccueilDesVoisin-es-004\" alt=\"Le LAG accueille ses voisin-es\" src=\"http:\/\/lag.bassinminier62.org\/site\/wp-content\/uploads\/2012\/10\/20121005-AccueilDesVoisin-es-004-300x225.jpg\" width=\"300\" height=\"225\" srcset=\"https:\/\/www.lelag.fr\/site\/wp-content\/uploads\/2012\/10\/20121005-AccueilDesVoisin-es-004-300x225.jpg 300w, https:\/\/www.lelag.fr\/site\/wp-content\/uploads\/2012\/10\/20121005-AccueilDesVoisin-es-004-1024x768.jpg 1024w, https:\/\/www.lelag.fr\/site\/wp-content\/uploads\/2012\/10\/20121005-AccueilDesVoisin-es-004.jpg 1600w\" sizes=\"auto, (max-width: 300px) 100vw, 300px\" \/><\/a><p id=\"caption-attachment-494\" class=\"wp-caption-text\">Le LAG accueille ses voisin-es<\/p><\/div>\n<div id=\"attachment_495\" style=\"width: 310px\" class=\"wp-caption alignleft\"><a href=\"http:\/\/lag.bassinminier62.org\/site\/wp-content\/uploads\/2012\/10\/20121005-AccueilDesVoisin-es-005.jpg\"><img loading=\"lazy\" decoding=\"async\" aria-describedby=\"caption-attachment-495\" class=\"size-medium wp-image-495\" title=\"20121005-AccueilDesVoisin-es-005\" alt=\"Le LAG accueille ses voisin-es\" src=\"http:\/\/lag.bassinminier62.org\/site\/wp-content\/uploads\/2012\/10\/20121005-AccueilDesVoisin-es-005-300x225.jpg\" width=\"300\" height=\"225\" srcset=\"https:\/\/www.lelag.fr\/site\/wp-content\/uploads\/2012\/10\/20121005-AccueilDesVoisin-es-005-300x225.jpg 300w, https:\/\/www.lelag.fr\/site\/wp-content\/uploads\/2012\/10\/20121005-AccueilDesVoisin-es-005-1024x768.jpg 1024w, https:\/\/www.lelag.fr\/site\/wp-content\/uploads\/2012\/10\/20121005-AccueilDesVoisin-es-005.jpg 1600w\" sizes=\"auto, (max-width: 300px) 100vw, 300px\" \/><\/a><p id=\"caption-attachment-495\" class=\"wp-caption-text\">Le LAG accueille ses voisin-es<\/p><\/div>\n<p>&nbsp;<\/p>\n<p>&nbsp;<\/p>\n<p>&nbsp;<\/p>\n<p>&nbsp;<\/p>\n<p>&nbsp;<\/p>\n<p>&nbsp;<\/p>\n<p>&nbsp;<\/p>\n<div id=\"attachment_496\" style=\"width: 310px\" class=\"wp-caption aligncenter\"><a href=\"http:\/\/lag.bassinminier62.org\/site\/wp-content\/uploads\/2012\/10\/20121005-AccueilDesVoisin-es-006.jpg\"><img loading=\"lazy\" decoding=\"async\" aria-describedby=\"caption-attachment-496\" class=\"size-medium wp-image-496\" title=\"20121005-AccueilDesVoisin-es-006\" alt=\"Le LAG accueille ses voisin-es\" src=\"http:\/\/lag.bassinminier62.org\/site\/wp-content\/uploads\/2012\/10\/20121005-AccueilDesVoisin-es-006-300x225.jpg\" width=\"300\" height=\"225\" srcset=\"https:\/\/www.lelag.fr\/site\/wp-content\/uploads\/2012\/10\/20121005-AccueilDesVoisin-es-006-300x225.jpg 300w, https:\/\/www.lelag.fr\/site\/wp-content\/uploads\/2012\/10\/20121005-AccueilDesVoisin-es-006-1024x768.jpg 1024w, https:\/\/www.lelag.fr\/site\/wp-content\/uploads\/2012\/10\/20121005-AccueilDesVoisin-es-006.jpg 1600w\" sizes=\"auto, (max-width: 300px) 100vw, 300px\" \/><\/a><p id=\"caption-attachment-496\" class=\"wp-caption-text\">Le LAG accueille ses voisin-es<\/p><\/div>\n<div id=\"attachment_497\" style=\"width: 310px\" class=\"wp-caption alignright\"><a href=\"http:\/\/lag.bassinminier62.org\/site\/wp-content\/uploads\/2012\/10\/20121005-AccueilDesVoisin-es-007.jpg\"><img loading=\"lazy\" decoding=\"async\" aria-describedby=\"caption-attachment-497\" class=\"size-medium wp-image-497\" title=\"20121005-AccueilDesVoisin-es-007\" alt=\"Le LAG accueille ses voisin-es\" src=\"http:\/\/lag.bassinminier62.org\/site\/wp-content\/uploads\/2012\/10\/20121005-AccueilDesVoisin-es-007-300x225.jpg\" width=\"300\" height=\"225\" srcset=\"https:\/\/www.lelag.fr\/site\/wp-content\/uploads\/2012\/10\/20121005-AccueilDesVoisin-es-007-300x225.jpg 300w, https:\/\/www.lelag.fr\/site\/wp-content\/uploads\/2012\/10\/20121005-AccueilDesVoisin-es-007-1024x768.jpg 1024w, https:\/\/www.lelag.fr\/site\/wp-content\/uploads\/2012\/10\/20121005-AccueilDesVoisin-es-007.jpg 1600w\" sizes=\"auto, (max-width: 300px) 100vw, 300px\" \/><\/a><p id=\"caption-attachment-497\" class=\"wp-caption-text\">Le LAG accueille ses voisin-es<\/p><\/div>\n<p>&nbsp;<\/p>\n<p>&nbsp;<\/p>\n<p>&nbsp;<\/p>\n<p>&nbsp;<\/p>\n<p>&nbsp;<\/p>\n<p>&nbsp;<\/p>\n<div id=\"attachment_498\" style=\"width: 310px\" class=\"wp-caption aligncenter\"><a href=\"http:\/\/lag.bassinminier62.org\/site\/wp-content\/uploads\/2012\/10\/20121005-AccueilDesVoisin-es-008.jpg\"><img loading=\"lazy\" decoding=\"async\" aria-describedby=\"caption-attachment-498\" class=\"size-medium wp-image-498\" title=\"20121005-AccueilDesVoisin-es-008\" alt=\"Le LAG accueille ses voisin-es\" src=\"http:\/\/lag.bassinminier62.org\/site\/wp-content\/uploads\/2012\/10\/20121005-AccueilDesVoisin-es-008-300x225.jpg\" width=\"300\" height=\"225\" srcset=\"https:\/\/www.lelag.fr\/site\/wp-content\/uploads\/2012\/10\/20121005-AccueilDesVoisin-es-008-300x225.jpg 300w, https:\/\/www.lelag.fr\/site\/wp-content\/uploads\/2012\/10\/20121005-AccueilDesVoisin-es-008-1024x768.jpg 1024w, https:\/\/www.lelag.fr\/site\/wp-content\/uploads\/2012\/10\/20121005-AccueilDesVoisin-es-008.jpg 1600w\" sizes=\"auto, (max-width: 300px) 100vw, 300px\" \/><\/a><p id=\"caption-attachment-498\" class=\"wp-caption-text\">Le LAG accueille ses voisin-es<\/p><\/div>\n<div id=\"attachment_499\" style=\"width: 310px\" class=\"wp-caption alignleft\"><a href=\"http:\/\/lag.bassinminier62.org\/site\/wp-content\/uploads\/2012\/10\/20121005-AccueilDesVoisin-es-009.jpg\"><img loading=\"lazy\" decoding=\"async\" aria-describedby=\"caption-attachment-499\" class=\"size-medium wp-image-499\" title=\"20121005-AccueilDesVoisin-es-009\" alt=\"Le LAG accueille ses voisin-es\" src=\"http:\/\/lag.bassinminier62.org\/site\/wp-content\/uploads\/2012\/10\/20121005-AccueilDesVoisin-es-009-300x225.jpg\" width=\"300\" height=\"225\" srcset=\"https:\/\/www.lelag.fr\/site\/wp-content\/uploads\/2012\/10\/20121005-AccueilDesVoisin-es-009-300x225.jpg 300w, https:\/\/www.lelag.fr\/site\/wp-content\/uploads\/2012\/10\/20121005-AccueilDesVoisin-es-009-1024x768.jpg 1024w, https:\/\/www.lelag.fr\/site\/wp-content\/uploads\/2012\/10\/20121005-AccueilDesVoisin-es-009.jpg 1600w\" sizes=\"auto, (max-width: 300px) 100vw, 300px\" \/><\/a><p id=\"caption-attachment-499\" class=\"wp-caption-text\">Le LAG accueille ses voisin-es<\/p><\/div>\n<p>&nbsp;<\/p>\n<p>&nbsp;<\/p>\n<h1 style=\"text-align: left;\"><\/h1>\n<h1 style=\"text-align: left;\"><\/h1>\n<h1 style=\"text-align: left;\"><\/h1>\n<p>&nbsp;<\/p>\n<h1 style=\"text-align: left;\">6 octobre 2012 : Foire aux Install&rsquo;<\/h1>\n<div id=\"attachment_486\" style=\"width: 310px\" class=\"wp-caption aligncenter\"><a href=\"http:\/\/lag.bassinminier62.org\/site\/wp-content\/uploads\/2012\/10\/20121006-FoireAuxInstall-025.jpg\"><img loading=\"lazy\" decoding=\"async\" aria-describedby=\"caption-attachment-486\" class=\"size-medium wp-image-486\" title=\"20121006-FoireAuxInstall-025\" alt=\"Foire aux Install' de Cliss XXI : 6 octobre 2012\" src=\"http:\/\/lag.bassinminier62.org\/site\/wp-content\/uploads\/2012\/10\/20121006-FoireAuxInstall-025-300x225.jpg\" width=\"300\" height=\"225\" srcset=\"https:\/\/www.lelag.fr\/site\/wp-content\/uploads\/2012\/10\/20121006-FoireAuxInstall-025-300x225.jpg 300w, https:\/\/www.lelag.fr\/site\/wp-content\/uploads\/2012\/10\/20121006-FoireAuxInstall-025.jpg 640w\" sizes=\"auto, (max-width: 300px) 100vw, 300px\" \/><\/a><p id=\"caption-attachment-486\" class=\"wp-caption-text\">Foire aux Install&rsquo; de Cliss XXI : 6 octobre 2012<\/p><\/div>\n<p><a title=\"Foire aux Install' - Cliss XXI\" href=\"http:\/\/www.cliss21.com\/site\/-Foire-aux-Install,75-\">La Foire aux Install, c&rsquo;est une initiative de la coop\u00e9rative Cliss XXI<\/a>, en g\u00e9n\u00e9ral le premier samedi de chaque mois. C&rsquo;\u00e9tait donc, ce samedi 6 octobre, la premi\u00e8re Foire aux Install&rsquo; au LAG.<\/p>\n<p><a title=\"Foire aux Install' - Cliss XXI - Octobre 2012\" href=\"http:\/\/www.cliss21.com\/site\/Foire-aux-Install-Octobre-2012-c\">Compte-rendu et diaporama photos sur le site de Cliss XXI.<\/a><\/p>\n<p>&nbsp;<\/p>\n<h1>20 octobre : on inaugure !!!<\/h1>\n<p><strong>Ami-es de l&rsquo;autogestion, des alternatives, du changement de soci\u00e9t\u00e9&#8230;<\/strong> Retenez d&rsquo;ores et d\u00e9j\u00e0 la date : ce sera le<\/p>\n<p style=\"padding-left: 60px;\"><strong>Samedi 20 octobre<\/strong><\/p>\n<p style=\"padding-left: 60px;\"><strong>\u00e0 partir de 16h30<\/strong><\/p>\n<h1>Au programme<\/h1>\n<ul>\n<li>le rendez-vous est \u00e0 16h30, au caf\u00e9 associatif<strong> l&rsquo;Ancre Bleue<\/strong>, square du Grand Cond\u00e9 \u00e0 Li\u00e9vin.<\/li>\n<li>nous serons accompagn\u00e9s d&rsquo;une joyeuse <strong>fanfare<\/strong>, d&rsquo;ami-es <strong>accord\u00e9onistes<\/strong>, d&rsquo;une <strong>chorale<\/strong>, et de <strong>graffeurs-graffeuses<\/strong><\/li>\n<li>Entre <strong>l&rsquo;Ancre Bleue<\/strong> et <strong>Le LAG<\/strong>, il y a environ 1Km, que nous parcourrons dans la joie et la bonne humeur, en chantant, dansant, graffant&#8230; avec la satisfaction de celles et ceux qui voient de nouveau <strong>le joli nom d&rsquo;autogestion<\/strong> reprendre toute sa place dans l&rsquo;espace public.<\/li>\n<li>Nous arrivons donc au LAG, o\u00f9 nous nous exprimerons, sur ce que repr\u00e9sente ce lieu, dans le bassin minier.<\/li>\n<li><strong>Restez<\/strong>&#8230; car ce n&rsquo;est pas fini \ud83d\ude09<\/li>\n<li>Nous continuons la f\u00eate, en <strong>vous offrant<\/strong> et en <strong>nous offrant<\/strong> l&rsquo;ap\u00e9ritif &#8230;.<\/li>\n<li>&#8230; et une<strong> soir\u00e9e festive<\/strong>, avec nos ami-es <a title=\"Le duo des Falaises\" href=\"http:\/\/lag.bassinminier62.org\/site\/le-duo-des-falaises\/\">Le Duo des Falaises<\/a>&#8230;<\/li>\n<li>&#8230; et une <strong>auberge espagnole<\/strong>&#8230; \u00c7a vous tente : alors bienvenue ! Il vous suffit d&rsquo;apporter un plat sal\u00e9 ou sucr\u00e9.<\/li>\n<\/ul>\n<p>&nbsp;<\/p>\n<div id=\"attachment_515\" style=\"width: 216px\" class=\"wp-caption aligncenter\"><a href=\"http:\/\/lag.bassinminier62.org\/site\/wp-content\/uploads\/2012\/09\/20121020-InaugurationLAG.jpg\"><img loading=\"lazy\" decoding=\"async\" aria-describedby=\"caption-attachment-515\" class=\"size-medium wp-image-515\" title=\"20121020-InaugurationLAG\" alt=\"20 octobre 2012 : Inauguration du LAG\" src=\"http:\/\/lag.bassinminier62.org\/site\/wp-content\/uploads\/2012\/09\/20121020-InaugurationLAG-206x300.jpg\" width=\"206\" height=\"300\" srcset=\"https:\/\/www.lelag.fr\/site\/wp-content\/uploads\/2012\/09\/20121020-InaugurationLAG-206x300.jpg 206w, https:\/\/www.lelag.fr\/site\/wp-content\/uploads\/2012\/09\/20121020-InaugurationLAG-703x1024.jpg 703w, https:\/\/www.lelag.fr\/site\/wp-content\/uploads\/2012\/09\/20121020-InaugurationLAG.jpg 937w\" sizes=\"auto, (max-width: 206px) 100vw, 206px\" \/><\/a><p id=\"caption-attachment-515\" class=\"wp-caption-text\">20 octobre 2012 : Inauguration du LAG<\/p><\/div>\n<p>&nbsp;<\/p>\n<p><a title=\"20 octobre : une belle inauguration !!!\" href=\"http:\/\/lag.bassinminier62.org\/site\/20-octobre-une-belle-inauguration\/\">Le jour m\u00eame : inauguration r\u00e9ussie !<\/a><\/p>\n","protected":false},"excerpt":{"rendered":"<p>5 octobre 2012 : le LAG accueille ses voisin-es Ils-elles sont venu-es \u00e0 notre rencontre, d\u00e9couvrir le LAG, \u00e9voquer nos projets&#8230; et passer avec nous une bien belle soir\u00e9e. Rendez-vous \u00e0 d&rsquo;ores et d\u00e9j\u00e0 \u00e9t\u00e9 pris pour se revoir, chaque &hellip; <a href=\"https:\/\/www.lelag.fr\/site\/le-lag\/les-archives-du-lag\/le-lag-octobre-2012\/\">Continuer la lecture <span class=\"meta-nav\">&rarr;<\/span><\/a><\/p>\n","protected":false},"author":1,"featured_media":0,"parent":966,"menu_order":95,"comment_status":"closed","ping_status":"open","template":"","meta":{"footnotes":""},"class_list":["post-485","page","type-page","status-publish","hentry"],"_links":{"self":[{"href":"https:\/\/www.lelag.fr\/site\/wp-json\/wp\/v2\/pages\/485","targetHints":{"allow":["GET"]}}],"collection":[{"href":"https:\/\/www.lelag.fr\/site\/wp-json\/wp\/v2\/pages"}],"about":[{"href":"https:\/\/www.lelag.fr\/site\/wp-json\/wp\/v2\/types\/page"}],"author":[{"embeddable":true,"href":"https:\/\/www.lelag.fr\/site\/wp-json\/wp\/v2\/users\/1"}],"replies":[{"embeddable":true,"href":"https:\/\/www.lelag.fr\/site\/wp-json\/wp\/v2\/comments?post=485"}],"version-history":[{"count":8,"href":"https:\/\/www.lelag.fr\/site\/wp-json\/wp\/v2\/pages\/485\/revisions"}],"predecessor-version":[{"id":970,"href":"https:\/\/www.lelag.fr\/site\/wp-json\/wp\/v2\/pages\/485\/revisions\/970"}],"up":[{"embeddable":true,"href":"https:\/\/www.lelag.fr\/site\/wp-json\/wp\/v2\/pages\/966"}],"wp:attachment":[{"href":"https:\/\/www.lelag.fr\/site\/wp-json\/wp\/v2\/media?parent=485"}],"curies":[{"name":"wp","href":"https:\/\/api.w.org\/{rel}","templated":true}]}}