{"id":3328,"date":"2016-03-06T12:52:57","date_gmt":"2016-03-06T11:52:57","guid":{"rendered":"http:\/\/www.lelag.fr\/site\/?page_id=3328"},"modified":"2016-09-07T08:32:40","modified_gmt":"2016-09-07T06:32:40","slug":"les-permanences-du-lag","status":"publish","type":"page","link":"https:\/\/www.lelag.fr\/site\/le-lag\/les-permanences-du-lag\/","title":{"rendered":"Les permanences du LAG"},"content":{"rendered":"<p>Les permanences du LAG se tiennent en g\u00e9n\u00e9ral les lundis et jeudis soir, de 18 \u00e0 20h00. Voir l&rsquo;agenda, pour confirmation des dates.<\/p>\n<p>Chaque soir\u00e9e de permanence est ouverte, autour du bar : \u00e9changes, d\u00e9tente, livres, DVDs, acc\u00e8s internet, biblioth\u00e8que sociale et <a href=\"http:\/\/www.lelag.fr\/site\/nos-projets\/livres-et-journaux\/\">table de presse<\/a>\u2026<\/p>\n","protected":false},"excerpt":{"rendered":"<p>Les permanences du LAG se tiennent en g\u00e9n\u00e9ral les lundis et jeudis soir, de 18 \u00e0 20h00. Voir l&rsquo;agenda, pour confirmation des dates. Chaque soir\u00e9e de permanence est ouverte, autour du bar : \u00e9changes, d\u00e9tente, livres, DVDs, acc\u00e8s internet, biblioth\u00e8que &hellip; <a href=\"https:\/\/www.lelag.fr\/site\/le-lag\/les-permanences-du-lag\/\">Continuer la lecture <span class=\"meta-nav\">&rarr;<\/span><\/a><\/p>\n","protected":false},"author":2,"featured_media":0,"parent":206,"menu_order":15,"comment_status":"closed","ping_status":"closed","template":"","meta":{"footnotes":""},"class_list":["post-3328","page","type-page","status-publish","hentry"],"_links":{"self":[{"href":"https:\/\/www.lelag.fr\/site\/wp-json\/wp\/v2\/pages\/3328","targetHints":{"allow":["GET"]}}],"collection":[{"href":"https:\/\/www.lelag.fr\/site\/wp-json\/wp\/v2\/pages"}],"about":[{"href":"https:\/\/www.lelag.fr\/site\/wp-json\/wp\/v2\/types\/page"}],"author":[{"embeddable":true,"href":"https:\/\/www.lelag.fr\/site\/wp-json\/wp\/v2\/users\/2"}],"replies":[{"embeddable":true,"href":"https:\/\/www.lelag.fr\/site\/wp-json\/wp\/v2\/comments?post=3328"}],"version-history":[{"count":6,"href":"https:\/\/www.lelag.fr\/site\/wp-json\/wp\/v2\/pages\/3328\/revisions"}],"predecessor-version":[{"id":3469,"href":"https:\/\/www.lelag.fr\/site\/wp-json\/wp\/v2\/pages\/3328\/revisions\/3469"}],"up":[{"embeddable":true,"href":"https:\/\/www.lelag.fr\/site\/wp-json\/wp\/v2\/pages\/206"}],"wp:attachment":[{"href":"https:\/\/www.lelag.fr\/site\/wp-json\/wp\/v2\/media?parent=3328"}],"curies":[{"name":"wp","href":"https:\/\/api.w.org\/{rel}","templated":true}]}}

<p>Les permanences du LAG se tiennent en général les lundis et jeudis soir, de 18 à 20h00. Voir l&rsquo;agenda, pour confirmation des dates.</p>
<p>Chaque soirée de permanence est ouverte, autour du bar : échanges, détente, livres, DVDs, accès internet, bibliothèque sociale et <a href="http://www.lelag.fr/site/nos-projets/livres-et-journaux/">table de presse</a>…</p>

<p>Les permanences du LAG se tiennent en général les lundis et jeudis soir, de 18 à 20h00. Voir l&rsquo;agenda, pour confirmation des dates. Chaque soirée de permanence est ouverte, autour du bar : échanges, détente, livres, DVDs, accès internet, bibliothèque &hellip; <a href="https://www.lelag.fr/site/le-lag/les-permanences-du-lag/">Continuer la lecture <span class="meta-nav">&rarr;</span></a></p>
