{"id":3113,"date":"2016-01-19T20:41:05","date_gmt":"2016-01-19T19:41:05","guid":{"rendered":"http:\/\/www.lelag.fr\/site\/?page_id=3113"},"modified":"2023-02-22T11:03:55","modified_gmt":"2023-02-22T10:03:55","slug":"bobines-rebelles-2016","status":"publish","type":"page","link":"https:\/\/www.lelag.fr\/site\/cinema\/bobines-rebelles\/bobines-rebelles-2016\/","title":{"rendered":"Bobines rebelles 2016"},"content":{"rendered":"<div id=\"attachment_3116\" style=\"width: 210px\" class=\"wp-caption aligncenter\"><a href=\"http:\/\/www.lelag.fr\/site\/wp-content\/uploads\/2016\/01\/AfficheBobinesRebelles2016-10.jpg\" rel=\"attachment wp-att-3116\"><img loading=\"lazy\" decoding=\"async\" aria-describedby=\"caption-attachment-3116\" class=\"size-medium wp-image-3116\" src=\"http:\/\/www.lelag.fr\/site\/wp-content\/uploads\/2016\/01\/AfficheBobinesRebelles2016-10-200x300.jpg\" alt=\"Bobines rebelles 2016\" width=\"200\" height=\"300\" srcset=\"https:\/\/www.lelag.fr\/site\/wp-content\/uploads\/2016\/01\/AfficheBobinesRebelles2016-10-200x300.jpg 200w, https:\/\/www.lelag.fr\/site\/wp-content\/uploads\/2016\/01\/AfficheBobinesRebelles2016-10.jpg 472w\" sizes=\"auto, (max-width: 200px) 100vw, 200px\" \/><\/a><p id=\"caption-attachment-3116\" class=\"wp-caption-text\">Bobines rebelles 2016<\/p><\/div>\n<p>C&rsquo;est donc la 4\u00e8me \u00e9dition de Bobines rebelles dans le 62 !<\/p>\n<p>Cette 4\u00e8me \u00e9dition se d\u00e9roulera <strong>durant la soir\u00e9e du vendredi 1er, et l\u2019ensemble de la journ\u00e9e du samedi 2 avril 2016.<\/strong><\/p>\n<h1>Programmation<\/h1>\n<p>Conform\u00e9ment \u00e0 l\u2019esprit de Bobines rebelles, chaque projection est suivie d\u2019un \u00e9change avec la r\u00e9alisatrice \/ le r\u00e9alisateur.<\/p>\n<h2>Vendredi 1er avril 2016<\/h2>\n<ul>\n<li>Ouverture du festival Bobines rebelles 2016 : <a href=\"http:\/\/www.lelag.fr\/site\/bulles-dexil\/\">Bulles d&rsquo;exil de Vincent Marie et Antoine Chosson<\/a> \u2013 Film + \u00e9changes avec les r\u00e9alisateurs<\/li>\n<li><strong>Au LAG, 23 avenue Jean Jaur\u00e8s, \u00e0 Li\u00e9vin, \u00e0 20h00<\/strong><\/li>\n<\/ul>\n<h2>Samedi 2 avril 2016<\/h2>\n<p><strong>Toute cette journ\u00e9e du 2 avril se d\u00e9roule au LAG, 23 avenue Jean Jaur\u00e8s, \u00e0 Li\u00e9vin.<\/strong><\/p>\n<ul>\n<li>10h30 : <a href=\"http:\/\/www.lelag.fr\/site\/athome\/\">At(h)ome de Elisabeth Leuvrey<\/a> \u2013 Film + \u00e9changes avec la r\u00e9alisatrice et Bruno Hadjih, photographe<\/li>\n<li>14h00 : <a href=\"http:\/\/www.lelag.fr\/site\/la-foret-sacree\/\">La for\u00eat sacr\u00e9e de Camille Sarret<\/a> \u2013 Film + \u00e9changes avec la r\u00e9alisatrice<\/li>\n<li>16h30 : <a href=\"http:\/\/www.lelag.fr\/site\/recardo-muntean-rostas\/\">Recardo Muntean Rostas de Stanislas Zambeaux<\/a> \u2013 Film + \u00e9changes avec le r\u00e9alisateur<\/li>\n<li>18h00 : <a href=\"http:\/\/www.lelag.fr\/site\/liquidation-totale\/\">Liquidation totale de H\u00e9l\u00e8ne Desplanques<\/a> \u2013 Film + \u00e9changes avec la r\u00e9alisatrice et des ouvri\u00e8res de l&rsquo;usine Samsonite<\/li>\n<\/ul>\n<p><strong>N&rsquo;h\u00e9sitez pas \u00e0 imprimer cette programmation, ci-dessous<\/strong><\/p>\n<div id=\"attachment_3347\" style=\"width: 226px\" class=\"wp-caption aligncenter\"><a href=\"http:\/\/www.lelag.fr\/site\/wp-content\/uploads\/2016\/01\/ProgrammationBobinesRebelles2016.png\" rel=\"attachment wp-att-3347\"><img loading=\"lazy\" decoding=\"async\" aria-describedby=\"caption-attachment-3347\" class=\"size-medium wp-image-3347\" src=\"http:\/\/www.lelag.fr\/site\/wp-content\/uploads\/2016\/01\/ProgrammationBobinesRebelles2016-216x300.png\" alt=\"Programmation Bobines rebelles 2016\" width=\"216\" height=\"300\" srcset=\"https:\/\/www.lelag.fr\/site\/wp-content\/uploads\/2016\/01\/ProgrammationBobinesRebelles2016-216x300.png 216w, https:\/\/www.lelag.fr\/site\/wp-content\/uploads\/2016\/01\/ProgrammationBobinesRebelles2016.png 585w\" sizes=\"auto, (max-width: 216px) 100vw, 216px\" \/><\/a><p id=\"caption-attachment-3347\" class=\"wp-caption-text\">Programmation Bobines rebelles 2016<\/p><\/div>\n<h1>Prix libre<\/h1>\n<p>Comme chaque ann\u00e9e, l&rsquo;ensemble du week-end est \u00e0 prix libre : les entr\u00e9es, les sandwiches du samedi midi, ainsi que le repas du samedi soir, Babines rebelles. Une seule exception : les boissons du bar.<\/p>\n<p><a href=\"http:\/\/www.lelag.fr\/site\/le-lag\/fonctionnement-charte-du-lag\/le-prix-libre\/\">Au LAG, le prix libre est une r\u00e9elle d\u00e9marche politique&#8230;<\/a><\/p>\n<h1>Babines rebelles<\/h1>\n<p>La soir\u00e9e se poursuit ensuite autour du d\u00e9sormais fameux repas <strong>Babines rebelles<\/strong>, avec l\u2019ensemble des r\u00e9alisateurs \u2013 r\u00e9alisatrices. <a href=\"http:\/\/www.lelag.fr\/site\/babines-rebelles\/\">Une nouveaut\u00e9 cette ann\u00e9e : il est indispensable de s&rsquo;inscrire, avant le 25 mars 2016.<\/a><\/p>\n<h1>Covoiturage<\/h1>\n<p>C&rsquo;est une bonne solution, pour profiter pleinement de Bobines rebelles, et faire de chouettes rencontres :<\/p>\n<ul>\n<li><a title=\"Les propositions de covoiturage pour les prochaines initiatives pr\u00e9vues au LAG\" href=\"http:\/\/www.lelag.fr\/site\/proposition-covoiturage-pour-les-prochaines-initiatives-prevues-au-lag\/\">Vous proposez des places en covoiturage : c&rsquo;est ici.<\/a><\/li>\n<li><a title=\"Les offres de covoiturage pour les initiatives pr\u00e9vues au LAG\" href=\"http:\/\/www.lelag.fr\/site\/les-offres-de-covoiturage-pour-les-initiatives-prevues-au-lag\/\"> Vous cherchez des places en covoiturage : c&rsquo;est ici.<\/a><\/li>\n<\/ul>\n<h1>Retour sur les pr\u00e9c\u00e9dentes \u00e9ditions<\/h1>\n<p>En attendant la tenue de cette 4\u00e8me \u00e9dition, plus belle et plus rebelle que jamais, on peut se jouer une s\u00e9quence nostalgie, en se rem\u00e9morant les programmations pr\u00e9c\u00e9dentes :<\/p>\n<ul>\n<li><a title=\"Bobines Rebelles 2013\" href=\"http:\/\/www.lelag.fr\/site\/cinema\/bobines-rebelles\/bobines-rebelles-2013\/\">Bobines rebelles 2013<\/a><\/li>\n<li><a title=\"Bobines Rebelles 2014\" href=\"http:\/\/www.lelag.fr\/site\/cinema\/bobines-rebelles\/bobines-rebelles-2014\/\">Bobines rebelles 2014<\/a><\/li>\n<li><a href=\"http:\/\/www.lelag.fr\/site\/cinema\/bobines-rebelles\/bobines-rebelles-2015\/\">Bobines rebelles 2015<\/a><\/li>\n<\/ul>\n<h1>4\u00e8me festival du documentaire d\u2019auteur, social et politique dans le 62<\/h1>\n<p>Bobines rebelles, c\u2019est un <strong>Festival de documentaire d\u2019auteur social et politique<\/strong>, auto-organis\u00e9 dans diverses r\u00e9gions de France.<\/p>\n<p>Chaque s\u00e9ance du festival Bobines rebelles est propos\u00e9e \u00e0 <a title=\"Le prix libre\" href=\"http:\/\/lag.bassinminier62.org\/site\/le-lag\/fonctionnement-charte-du-lag\/le-prix-libre\/\">prix libre.<\/a><\/p>\n<p><strong>Festival<\/strong>: en programmant pendant un week-end une s\u00e9rie de films documentaires, nous voulons proposer un moment fort, permettant de cr\u00e9er une v\u00e9ritable dynamique de r\u00e9flexion.<\/p>\n<p><strong>Documentaire<\/strong>\u00a0: en revendiquant un point de vue clairement affirm\u00e9, le documentaire permet de faire appara\u00eetre une r\u00e9alit\u00e9 qui, d\u2019habitude, nous est cach\u00e9e. Il favorise une d\u00e9marche critique et l\u2019\u00e9mergence d\u2019une conscience politique plus engag\u00e9e.<\/p>\n<p><strong>D&rsquo;auteur<\/strong>\u00a0: le documentaire d\u02bcauteur est un prisme particulier permettant de nourrir une r\u00e9flexion collective. Ce cin\u00e9ma laisse une large place au spectateur dans l&rsquo;\u00e9laboration d&rsquo;une pens\u00e9e (\u00e0 l\u02bcinverse d\u02bcun reportage t\u00e9l\u00e9visuel, o\u00f9 le cerveau du spectateur est pris dans l\u02bc\u00e9tau des \u00e9vidences et autres lieux communs).<\/p>\n<p><strong>Social et politique<\/strong>\u00a0: \u00e0 l\u2019heure o\u00f9 les tenants du pouvoir nous imposent une pens\u00e9e unique associ\u00e9e \u00e0 une fausse bipolarisation politique, nous voulons partager nos interrogations, confronter nos dissidences. Ind\u00e9pendance politique et autonomie de pens\u00e9e sont, aujourd\u2019hui, une exigence sociale<\/p>\n<p><em>\u00ab Le documentaire social se distingue du documentaire tout court et des actualit\u00e9s de la semaine par le point de vue que d\u00e9fend nettement son auteur. Ce documentaire social exige que l\u2019on prenne position car il met les points sur les i. S\u2019il n\u2019engage pas un artiste, il engage au moins un homme. Ceci vaut bien cela. (\u2026) Ce documentaire social devra nous dessiller les yeux. \u00bb<\/em> Jean Vigo (1905-1934)<\/p>\n","protected":false},"excerpt":{"rendered":"<p>C&rsquo;est donc la 4\u00e8me \u00e9dition de Bobines rebelles dans le 62 ! Cette 4\u00e8me \u00e9dition se d\u00e9roulera durant la soir\u00e9e du vendredi 1er, et l\u2019ensemble de la journ\u00e9e du samedi 2 avril 2016. Programmation Conform\u00e9ment \u00e0 l\u2019esprit de Bobines rebelles, &hellip; <a href=\"https:\/\/www.lelag.fr\/site\/cinema\/bobines-rebelles\/bobines-rebelles-2016\/\">Continuer la lecture <span class=\"meta-nav\">&rarr;<\/span><\/a><\/p>\n","protected":false},"author":1,"featured_media":0,"parent":925,"menu_order":65,"comment_status":"closed","ping_status":"closed","template":"","meta":{"footnotes":""},"class_list":["post-3113","page","type-page","status-publish","hentry"],"_links":{"self":[{"href":"https:\/\/www.lelag.fr\/site\/wp-json\/wp\/v2\/pages\/3113","targetHints":{"allow":["GET"]}}],"collection":[{"href":"https:\/\/www.lelag.fr\/site\/wp-json\/wp\/v2\/pages"}],"about":[{"href":"https:\/\/www.lelag.fr\/site\/wp-json\/wp\/v2\/types\/page"}],"author":[{"embeddable":true,"href":"https:\/\/www.lelag.fr\/site\/wp-json\/wp\/v2\/users\/1"}],"replies":[{"embeddable":true,"href":"https:\/\/www.lelag.fr\/site\/wp-json\/wp\/v2\/comments?post=3113"}],"version-history":[{"count":23,"href":"https:\/\/www.lelag.fr\/site\/wp-json\/wp\/v2\/pages\/3113\/revisions"}],"predecessor-version":[{"id":3115,"href":"https:\/\/www.lelag.fr\/site\/wp-json\/wp\/v2\/pages\/3113\/revisions\/3115"}],"up":[{"embeddable":true,"href":"https:\/\/www.lelag.fr\/site\/wp-json\/wp\/v2\/pages\/925"}],"wp:attachment":[{"href":"https:\/\/www.lelag.fr\/site\/wp-json\/wp\/v2\/media?parent=3113"}],"curies":[{"name":"wp","href":"https:\/\/api.w.org\/{rel}","templated":true}]}}

<div id="attachment_3116" style="width: 210px" class="wp-caption aligncenter"><a href="http://www.lelag.fr/site/wp-content/uploads/2016/01/AfficheBobinesRebelles2016-10.jpg" rel="attachment wp-att-3116"><img loading="lazy" decoding="async" aria-describedby="caption-attachment-3116" class="size-medium wp-image-3116" src="http://www.lelag.fr/site/wp-content/uploads/2016/01/AfficheBobinesRebelles2016-10-200x300.jpg" alt="Bobines rebelles 2016" width="200" height="300" srcset="https://www.lelag.fr/site/wp-content/uploads/2016/01/AfficheBobinesRebelles2016-10-200x300.jpg 200w, https://www.lelag.fr/site/wp-content/uploads/2016/01/AfficheBobinesRebelles2016-10.jpg 472w" sizes="auto, (max-width: 200px) 100vw, 200px" /></a><p id="caption-attachment-3116" class="wp-caption-text">Bobines rebelles 2016</p></div>
<p>C&rsquo;est donc la 4ème édition de Bobines rebelles dans le 62 !</p>
<p>Cette 4ème édition se déroulera <strong>durant la soirée du vendredi 1er, et l’ensemble de la journée du samedi 2 avril 2016.</strong></p>
<h1>Programmation</h1>
<p>Conformément à l’esprit de Bobines rebelles, chaque projection est suivie d’un échange avec la réalisatrice / le réalisateur.</p>
<h2>Vendredi 1er avril 2016</h2>
<ul>
<li>Ouverture du festival Bobines rebelles 2016 : <a href="http://www.lelag.fr/site/bulles-dexil/">Bulles d&rsquo;exil de Vincent Marie et Antoine Chosson</a> – Film + échanges avec les réalisateurs</li>
<li><strong>Au LAG, 23 avenue Jean Jaurès, à Liévin, à 20h00</strong></li>
</ul>
<h2>Samedi 2 avril 2016</h2>
<p><strong>Toute cette journée du 2 avril se déroule au LAG, 23 avenue Jean Jaurès, à Liévin.</strong></p>
<ul>
<li>10h30 : <a href="http://www.lelag.fr/site/athome/">At(h)ome de Elisabeth Leuvrey</a> – Film + échanges avec la réalisatrice et Bruno Hadjih, photographe</li>
<li>14h00 : <a href="http://www.lelag.fr/site/la-foret-sacree/">La forêt sacrée de Camille Sarret</a> – Film + échanges avec la réalisatrice</li>
<li>16h30 : <a href="http://www.lelag.fr/site/recardo-muntean-rostas/">Recardo Muntean Rostas de Stanislas Zambeaux</a> – Film + échanges avec le réalisateur</li>
<li>18h00 : <a href="http://www.lelag.fr/site/liquidation-totale/">Liquidation totale de Hélène Desplanques</a> – Film + échanges avec la réalisatrice et des ouvrières de l&rsquo;usine Samsonite</li>
</ul>
<p><strong>N&rsquo;hésitez pas à imprimer cette programmation, ci-dessous</strong></p>
<div id="attachment_3347" style="width: 226px" class="wp-caption aligncenter"><a href="http://www.lelag.fr/site/wp-content/uploads/2016/01/ProgrammationBobinesRebelles2016.png" rel="attachment wp-att-3347"><img loading="lazy" decoding="async" aria-describedby="caption-attachment-3347" class="size-medium wp-image-3347" src="http://www.lelag.fr/site/wp-content/uploads/2016/01/ProgrammationBobinesRebelles2016-216x300.png" alt="Programmation Bobines rebelles 2016" width="216" height="300" srcset="https://www.lelag.fr/site/wp-content/uploads/2016/01/ProgrammationBobinesRebelles2016-216x300.png 216w, https://www.lelag.fr/site/wp-content/uploads/2016/01/ProgrammationBobinesRebelles2016.png 585w" sizes="auto, (max-width: 216px) 100vw, 216px" /></a><p id="caption-attachment-3347" class="wp-caption-text">Programmation Bobines rebelles 2016</p></div>
<h1>Prix libre</h1>
<p>Comme chaque année, l&rsquo;ensemble du week-end est à prix libre : les entrées, les sandwiches du samedi midi, ainsi que le repas du samedi soir, Babines rebelles. Une seule exception : les boissons du bar.</p>
<p><a href="http://www.lelag.fr/site/le-lag/fonctionnement-charte-du-lag/le-prix-libre/">Au LAG, le prix libre est une réelle démarche politique&#8230;</a></p>
<h1>Babines rebelles</h1>
<p>La soirée se poursuit ensuite autour du désormais fameux repas <strong>Babines rebelles</strong>, avec l’ensemble des réalisateurs – réalisatrices. <a href="http://www.lelag.fr/site/babines-rebelles/">Une nouveauté cette année : il est indispensable de s&rsquo;inscrire, avant le 25 mars 2016.</a></p>
<h1>Covoiturage</h1>
<p>C&rsquo;est une bonne solution, pour profiter pleinement de Bobines rebelles, et faire de chouettes rencontres :</p>
<ul>
<li><a title="Les propositions de covoiturage pour les prochaines initiatives prévues au LAG" href="http://www.lelag.fr/site/proposition-covoiturage-pour-les-prochaines-initiatives-prevues-au-lag/">Vous proposez des places en covoiturage : c&rsquo;est ici.</a></li>
<li><a title="Les offres de covoiturage pour les initiatives prévues au LAG" href="http://www.lelag.fr/site/les-offres-de-covoiturage-pour-les-initiatives-prevues-au-lag/"> Vous cherchez des places en covoiturage : c&rsquo;est ici.</a></li>
</ul>
<h1>Retour sur les précédentes éditions</h1>
<p>En attendant la tenue de cette 4ème édition, plus belle et plus rebelle que jamais, on peut se jouer une séquence nostalgie, en se remémorant les programmations précédentes :</p>
<ul>
<li><a title="Bobines Rebelles 2013" href="http://www.lelag.fr/site/cinema/bobines-rebelles/bobines-rebelles-2013/">Bobines rebelles 2013</a></li>
<li><a title="Bobines Rebelles 2014" href="http://www.lelag.fr/site/cinema/bobines-rebelles/bobines-rebelles-2014/">Bobines rebelles 2014</a></li>
<li><a href="http://www.lelag.fr/site/cinema/bobines-rebelles/bobines-rebelles-2015/">Bobines rebelles 2015</a></li>
</ul>
<h1>4ème festival du documentaire d’auteur, social et politique dans le 62</h1>
<p>Bobines rebelles, c’est un <strong>Festival de documentaire d’auteur social et politique</strong>, auto-organisé dans diverses régions de France.</p>
<p>Chaque séance du festival Bobines rebelles est proposée à <a title="Le prix libre" href="http://lag.bassinminier62.org/site/le-lag/fonctionnement-charte-du-lag/le-prix-libre/">prix libre.</a></p>
<p><strong>Festival</strong>: en programmant pendant un week-end une série de films documentaires, nous voulons proposer un moment fort, permettant de créer une véritable dynamique de réflexion.</p>
<p><strong>Documentaire</strong> : en revendiquant un point de vue clairement affirmé, le documentaire permet de faire apparaître une réalité qui, d’habitude, nous est cachée. Il favorise une démarche critique et l’émergence d’une conscience politique plus engagée.</p>
<p><strong>D&rsquo;auteur</strong> : le documentaire dʼauteur est un prisme particulier permettant de nourrir une réflexion collective. Ce cinéma laisse une large place au spectateur dans l&rsquo;élaboration d&rsquo;une pensée (à lʼinverse dʼun reportage télévisuel, où le cerveau du spectateur est pris dans lʼétau des évidences et autres lieux communs).</p>
<p><strong>Social et politique</strong> : à l’heure où les tenants du pouvoir nous imposent une pensée unique associée à une fausse bipolarisation politique, nous voulons partager nos interrogations, confronter nos dissidences. Indépendance politique et autonomie de pensée sont, aujourd’hui, une exigence sociale</p>
<p><em>« Le documentaire social se distingue du documentaire tout court et des actualités de la semaine par le point de vue que défend nettement son auteur. Ce documentaire social exige que l’on prenne position car il met les points sur les i. S’il n’engage pas un artiste, il engage au moins un homme. Ceci vaut bien cela. (…) Ce documentaire social devra nous dessiller les yeux. »</em> Jean Vigo (1905-1934)</p>

<p>C&rsquo;est donc la 4ème édition de Bobines rebelles dans le 62 ! Cette 4ème édition se déroulera durant la soirée du vendredi 1er, et l’ensemble de la journée du samedi 2 avril 2016. Programmation Conformément à l’esprit de Bobines rebelles, &hellip; <a href="https://www.lelag.fr/site/cinema/bobines-rebelles/bobines-rebelles-2016/">Continuer la lecture <span class="meta-nav">&rarr;</span></a></p>
