{"id":194,"date":"2012-07-24T06:47:56","date_gmt":"2012-07-24T05:47:56","guid":{"rendered":"http:\/\/lag.bassinminier62.org\/site\/?page_id=194"},"modified":"2012-07-24T06:47:56","modified_gmt":"2012-07-24T05:47:56","slug":"quest-ce-que-cest","status":"publish","type":"page","link":"https:\/\/www.lelag.fr\/site\/lautogestion\/quest-ce-que-cest\/","title":{"rendered":"Qu&rsquo;est-ce que c&rsquo;est ?"},"content":{"rendered":"<p>Pas la peine de r\u00e9inventer la poudre ! Nous reproduisons ci-dessous un extrait de l&rsquo;appel pour une <a title=\"La Foire \u00e0 l'autogestion\" href=\"http:\/\/foire-autogestion.org\/\">Foire \u00e0 l&rsquo;autogestion<\/a>, dont la premi\u00e8re \u00e9dition s&rsquo;est tenue en juin 2012, en r\u00e9gion parisienne (plusieurs participant-es, individuel-les ou collectifs de la Foire \u00e0 l&rsquo;autogestion 2012 sont investi-es dans Le LAG).<\/p>\n<p><em>Ph\u00e9nom\u00e8ne plan\u00e9taire, l&rsquo;autogestion s&rsquo;inscrit dans la longue tradition historique des coop\u00e9ratives et des \u00ab r\u00e9cup\u00e9rations d&rsquo;entreprises \u00bb, de la Commune de Paris au Printemps de Prague, de la R\u00e9volution espagnole \u00e0 la Pologne d&rsquo;ao\u00fbt 1980, de Lip \u00e0 l&rsquo;Argentinazo en 2001. Elle appara\u00eet dans les luttes r\u00e9centes \u00e0 Philips-Dreux, \u00e0 Fralib et \u00e0 SeaFrance. Elle impr\u00e8gne \u00e9galement les pratiques alternatives, de la r\u00e9appropriation collective de l&rsquo;habitat au lien direct avec les paysans et les producteurs.<\/em><\/p>\n<p><em>Ces diff\u00e9rentes exp\u00e9riences partagent un horizon commun : d\u00e9cider collectivement des affaires communes, sans d\u00e9l\u00e9guer \u00e0 des dirigeants, aussi bien sur le plan \u00e9conomique que politique. Reprendre en main la production, c&rsquo;est aussi pouvoir transformer ses modalit\u00e9s et ses finalit\u00e9s. Ancr\u00e9e dans des pratiques concr\u00e8tes, port\u00e9e comme un projet global, l\u2019autogestion est ainsi une r\u00e9ponse possible \u00e0 la faillite du syst\u00e8me capitaliste et \u00e9tatiste.<\/em><\/p>\n<p><strong>L&rsquo;autogestion : semer de l&rsquo;utopie pour r\u00e9colter du r\u00e9el.<\/strong><\/p>\n<p>&nbsp;<\/p>\n<div>\n<dl id=\"attachment_109\">\n<dt><a href=\"http:\/\/lag.bassinminier62.org\/site\/wp-content\/uploads\/2012\/07\/Autogestion.jpg\"><img loading=\"lazy\" decoding=\"async\" title=\"Autogestion\" src=\"http:\/\/lag.bassinminier62.org\/site\/wp-content\/uploads\/2012\/07\/Autogestion-213x300.jpg\" alt=\"Autogestion\" width=\"213\" height=\"300\" \/><\/a><\/dt>\n<dd>Autogestion &#8211; http:\/\/commons.wikimedia.org\/wiki\/File:Autogestion.jpg<\/dd>\n<\/dl>\n<\/div>\n<h2>\u00a0Quelques liens<\/h2>\n<ul>\n<li><a title=\"Wikip\u00e9dia\" href=\"http:\/\/fr.wikipedia.org\/wiki\/Autogestion\">L&rsquo;autogestion sur Wikip\u00e9dia<\/a><\/li>\n<li><a title=\"Associatio pour l'autogestion\" href=\"http:\/\/www.autogestion.asso.fr\/\">L&rsquo;association pour l&rsquo;autogestion<\/a><\/li>\n<li><a title=\"Autogestion.coop\" href=\"http:\/\/autogestion.coop\/\">Autogestion.coop &#8211; le site des pratiques autog\u00e9r\u00e9es<\/a><\/li>\n<li><a title=\"Les Alternatifs\" href=\"http:\/\/www.alternatifs.org\/spip\/+-autogestion-+?lang=fr\">L&rsquo;autogestion et Les Alternatifs<\/a><\/li>\n<li><a title=\"F\u00e9d\u00e9ration anarchiste\" href=\"http:\/\/www.monde-libertaire.fr\/autogestion\">L&rsquo;autogestion et la F\u00e9d\u00e9ration anarchiste<\/a><\/li>\n<li><a title=\"Alternative libertaire\" href=\"http:\/\/www.alternativelibertaire.org\/spip.php?page=recherche&amp;recherche=+autogestion\">L&rsquo;autogestion et Alternative libertaire<\/a><\/li>\n<\/ul>\n","protected":false},"excerpt":{"rendered":"<p>Pas la peine de r\u00e9inventer la poudre ! Nous reproduisons ci-dessous un extrait de l&rsquo;appel pour une Foire \u00e0 l&rsquo;autogestion, dont la premi\u00e8re \u00e9dition s&rsquo;est tenue en juin 2012, en r\u00e9gion parisienne (plusieurs participant-es, individuel-les ou collectifs de la Foire &hellip; <a href=\"https:\/\/www.lelag.fr\/site\/lautogestion\/quest-ce-que-cest\/\">Continuer la lecture <span class=\"meta-nav\">&rarr;<\/span><\/a><\/p>\n","protected":false},"author":1,"featured_media":0,"parent":105,"menu_order":0,"comment_status":"closed","ping_status":"open","template":"","meta":{"footnotes":""},"class_list":["post-194","page","type-page","status-publish","hentry"],"_links":{"self":[{"href":"https:\/\/www.lelag.fr\/site\/wp-json\/wp\/v2\/pages\/194","targetHints":{"allow":["GET"]}}],"collection":[{"href":"https:\/\/www.lelag.fr\/site\/wp-json\/wp\/v2\/pages"}],"about":[{"href":"https:\/\/www.lelag.fr\/site\/wp-json\/wp\/v2\/types\/page"}],"author":[{"embeddable":true,"href":"https:\/\/www.lelag.fr\/site\/wp-json\/wp\/v2\/users\/1"}],"replies":[{"embeddable":true,"href":"https:\/\/www.lelag.fr\/site\/wp-json\/wp\/v2\/comments?post=194"}],"version-history":[{"count":1,"href":"https:\/\/www.lelag.fr\/site\/wp-json\/wp\/v2\/pages\/194\/revisions"}],"predecessor-version":[{"id":195,"href":"https:\/\/www.lelag.fr\/site\/wp-json\/wp\/v2\/pages\/194\/revisions\/195"}],"up":[{"embeddable":true,"href":"https:\/\/www.lelag.fr\/site\/wp-json\/wp\/v2\/pages\/105"}],"wp:attachment":[{"href":"https:\/\/www.lelag.fr\/site\/wp-json\/wp\/v2\/media?parent=194"}],"curies":[{"name":"wp","href":"https:\/\/api.w.org\/{rel}","templated":true}]}}

<p>Pas la peine de réinventer la poudre ! Nous reproduisons ci-dessous un extrait de l&rsquo;appel pour une <a title="La Foire à l'autogestion" href="http://foire-autogestion.org/">Foire à l&rsquo;autogestion</a>, dont la première édition s&rsquo;est tenue en juin 2012, en région parisienne (plusieurs participant-es, individuel-les ou collectifs de la Foire à l&rsquo;autogestion 2012 sont investi-es dans Le LAG).</p>
<p><em>Phénomène planétaire, l&rsquo;autogestion s&rsquo;inscrit dans la longue tradition historique des coopératives et des « récupérations d&rsquo;entreprises », de la Commune de Paris au Printemps de Prague, de la Révolution espagnole à la Pologne d&rsquo;août 1980, de Lip à l&rsquo;Argentinazo en 2001. Elle apparaît dans les luttes récentes à Philips-Dreux, à Fralib et à SeaFrance. Elle imprègne également les pratiques alternatives, de la réappropriation collective de l&rsquo;habitat au lien direct avec les paysans et les producteurs.</em></p>
<p><em>Ces différentes expériences partagent un horizon commun : décider collectivement des affaires communes, sans déléguer à des dirigeants, aussi bien sur le plan économique que politique. Reprendre en main la production, c&rsquo;est aussi pouvoir transformer ses modalités et ses finalités. Ancrée dans des pratiques concrètes, portée comme un projet global, l’autogestion est ainsi une réponse possible à la faillite du système capitaliste et étatiste.</em></p>
<p><strong>L&rsquo;autogestion : semer de l&rsquo;utopie pour récolter du réel.</strong></p>
<p>&nbsp;</p>
<div>
<dl id="attachment_109">
<dt><a href="http://lag.bassinminier62.org/site/wp-content/uploads/2012/07/Autogestion.jpg"><img loading="lazy" decoding="async" title="Autogestion" src="http://lag.bassinminier62.org/site/wp-content/uploads/2012/07/Autogestion-213x300.jpg" alt="Autogestion" width="213" height="300" /></a></dt>
<dd>Autogestion &#8211; http://commons.wikimedia.org/wiki/File:Autogestion.jpg</dd>
</dl>
</div>
<h2> Quelques liens</h2>
<ul>
<li><a title="Wikipédia" href="http://fr.wikipedia.org/wiki/Autogestion">L&rsquo;autogestion sur Wikipédia</a></li>
<li><a title="Associatio pour l'autogestion" href="http://www.autogestion.asso.fr/">L&rsquo;association pour l&rsquo;autogestion</a></li>
<li><a title="Autogestion.coop" href="http://autogestion.coop/">Autogestion.coop &#8211; le site des pratiques autogérées</a></li>
<li><a title="Les Alternatifs" href="http://www.alternatifs.org/spip/+-autogestion-+?lang=fr">L&rsquo;autogestion et Les Alternatifs</a></li>
<li><a title="Fédération anarchiste" href="http://www.monde-libertaire.fr/autogestion">L&rsquo;autogestion et la Fédération anarchiste</a></li>
<li><a title="Alternative libertaire" href="http://www.alternativelibertaire.org/spip.php?page=recherche&amp;recherche=+autogestion">L&rsquo;autogestion et Alternative libertaire</a></li>
</ul>

<p>Pas la peine de réinventer la poudre ! Nous reproduisons ci-dessous un extrait de l&rsquo;appel pour une Foire à l&rsquo;autogestion, dont la première édition s&rsquo;est tenue en juin 2012, en région parisienne (plusieurs participant-es, individuel-les ou collectifs de la Foire &hellip; <a href="https://www.lelag.fr/site/lautogestion/quest-ce-que-cest/">Continuer la lecture <span class="meta-nav">&rarr;</span></a></p>
