{"id":1466,"date":"2013-09-09T22:31:00","date_gmt":"2013-09-09T20:31:00","guid":{"rendered":"http:\/\/lag.bassinminier62.org\/site\/?page_id=1466"},"modified":"2023-02-22T10:44:47","modified_gmt":"2023-02-22T09:44:47","slug":"bobines-rebelles-2014","status":"publish","type":"page","link":"https:\/\/www.lelag.fr\/site\/cinema\/bobines-rebelles\/bobines-rebelles-2014\/","title":{"rendered":"Bobines rebelles 2014"},"content":{"rendered":"<div id=\"attachment_2004\" style=\"width: 209px\" class=\"wp-caption aligncenter\"><a href=\"http:\/\/www.lelag.fr\/site\/wp-content\/uploads\/2013\/09\/AfficheBR62-2014.jpg\"><img loading=\"lazy\" decoding=\"async\" aria-describedby=\"caption-attachment-2004\" class=\"size-medium wp-image-2004\" src=\"http:\/\/www.lelag.fr\/site\/wp-content\/uploads\/2013\/09\/AfficheBR62-2014-199x300.jpg\" alt=\"Bobines rebelles 2014\" width=\"199\" height=\"300\" srcset=\"https:\/\/www.lelag.fr\/site\/wp-content\/uploads\/2013\/09\/AfficheBR62-2014-199x300.jpg 199w, https:\/\/www.lelag.fr\/site\/wp-content\/uploads\/2013\/09\/AfficheBR62-2014-682x1024.jpg 682w\" sizes=\"auto, (max-width: 199px) 100vw, 199px\" \/><\/a><p id=\"caption-attachment-2004\" class=\"wp-caption-text\">Bobines rebelles 2014<\/p><\/div>\n<p><a title=\"Bobines Rebelles 2013\" href=\"http:\/\/lag.bassinminier62.org\/site\/cinema\/bobines-rebelles\/bobines-rebelles-2013\/\">Apr\u00e8s une premi\u00e8re \u00e9dition en 2013,<\/a> le LAG organise de nouveau le festival Bobines Rebelles. Le 2\u00e8me \u00e9dition se d\u00e9roulera <strong>durant le week-end du 11 au 14 avril 2014.<\/strong><\/p>\n<h1>Programmation<\/h1>\n<p>Conform\u00e9ment \u00e0 l&rsquo;esprit de Bobines rebelles, chaque projection est suivie d&rsquo;un \u00e9change avec la r\u00e9alisatrice \/ le r\u00e9alisateur.<\/p>\n<h2>Vendredi 11 avril 2014<\/h2>\n<ul>\n<li>19h30 : <strong>ouverture du festival Bobines rebelles 2014<\/strong> : <a href=\"http:\/\/www.lelag.fr\/site\/vers-madrid-the-burning-bright\/\" rel=\"bookmark\">Vers Madrid \u2013 The Burning Bright! <\/a>&#8211; Film + \u00e9changes avec le r\u00e9alisateur<\/li>\n<\/ul>\n<h2>Samedi 12 avril 2014<\/h2>\n<ul>\n<li>11h00 :\u00a0 <a href=\"http:\/\/www.lelag.fr\/site\/pour-des-figues-de-barbarie\/\" rel=\"bookmark\">Pour des figues de Barbarie de Hind Dadssi<\/a><\/li>\n<li>14h30 : <a href=\"http:\/\/www.lelag.fr\/site\/gari\/\" rel=\"bookmark\">\u00a1 GARI ! de Nicolas R\u00e9glat<\/a><\/li>\n<li>17h00 : <a href=\"http:\/\/www.lelag.fr\/site\/demain\/\">Demain de Carmit Harash<\/a><\/li>\n<\/ul>\n<h2>Dimanche 13 avril 2014<\/h2>\n<ul>\n<li>11h30 : <a title=\"Le bloc\" href=\"http:\/\/www.lelag.fr\/site\/le-bloc\/\">Le bloc de Sophie Drumain<\/a><\/li>\n<li>14h30 : <a href=\"http:\/\/www.lelag.fr\/site\/sur-les-toits-hiver-1972-mutineries-dans-les-prisons-francaises\/\" rel=\"bookmark\">Sur les toits \u2013 Hiver 1972 : mutineries dans les prisons fran\u00e7aises de Nicolas Drolc<\/a><\/li>\n<\/ul>\n<h1>2\u00e8me festival du documentaire d\u2019auteur, social et politique dans le 62<\/h1>\n<p>Bobines rebelles, c\u2019est un <strong>Festival de documentaire d\u2019auteur social et politique<\/strong>, auto-organis\u00e9 dans diverses r\u00e9gions de France :<\/p>\n<ul>\n<li><a title=\"Bobines Rebelles 93\" href=\"http:\/\/www.bobinesrebelles93.org\">\u00c0 Saint-Denis (93)<\/a><\/li>\n<li><a title=\"Bobines Rebelles 02\" href=\"http:\/\/kropotkine.cybertaria.org\/spip.php?rubrique16\">\u00c0 Merlieux, dans l\u2019Aisne<\/a><\/li>\n<li><a href=\"http:\/\/bobinesrebelles.org\">Dans la Creuse<\/a><\/li>\n<\/ul>\n<p>Chaque s\u00e9ance du festival Bobines rebelles est propos\u00e9e \u00e0 <a title=\"Le prix libre\" href=\"http:\/\/lag.bassinminier62.org\/site\/le-lag\/fonctionnement-charte-du-lag\/le-prix-libre\/\">prix libre.<\/a><\/p>\n<p><strong>Festival<\/strong>: en programmant pendant un week-end une s\u00e9rie de films documentaires, nous voulons proposer un moment fort, permettant de cr\u00e9er une v\u00e9ritable dynamique de r\u00e9flexion.<\/p>\n<p><strong>Documentaire<\/strong>\u00a0: en revendiquant un point de vue clairement affirm\u00e9, le documentaire permet de faire appara\u00eetre une r\u00e9alit\u00e9 qui, d\u2019habitude, nous est cach\u00e9e. Il favorise une d\u00e9marche critique et l\u2019\u00e9mergence d\u2019une conscience politique plus engag\u00e9e.<\/p>\n<p><strong>D&rsquo;auteur<\/strong>\u00a0: le documentaire d\u02bcauteur est un prisme particulier permettant de nourrir une r\u00e9flexion collective. Ce cin\u00e9ma laisse une large place au spectateur dans l&rsquo;\u00e9laboration d&rsquo;une pens\u00e9e (\u00e0 l\u02bcinverse d\u02bcun reportage t\u00e9l\u00e9visuel, o\u00f9 le cerveau du spectateur est pris dans l\u02bc\u00e9tau des \u00e9vidences et autres lieux communs).<\/p>\n<p><strong>Social et politique<\/strong>\u00a0: \u00e0 l\u2019heure o\u00f9 les tenants du pouvoir nous imposent une pens\u00e9e unique associ\u00e9e \u00e0 une fausse bipolarisation politique, nous voulons partager nos interrogations, confronter nos dissidences. Ind\u00e9pendance politique et autonomie de pens\u00e9e sont, aujourd\u2019hui, une exigence sociale<\/p>\n<p><em>\u00ab Le documentaire social se distingue du documentaire tout court et des actualit\u00e9s de la semaine par le point de vue que d\u00e9fend nettement son auteur. Ce documentaire social exige que l\u2019on prenne position car il met les points sur les i. S\u2019il n\u2019engage pas un artiste, il engage au moins un homme. Ceci vaut bien cela. (\u2026) Ce documentaire social devra nous dessiller les yeux. \u00bb<\/em> Jean Vigo (1905-1934)<\/p>\n<p>&nbsp;<\/p>\n<h1><\/h1>\n","protected":false},"excerpt":{"rendered":"<p>Apr\u00e8s une premi\u00e8re \u00e9dition en 2013, le LAG organise de nouveau le festival Bobines Rebelles. Le 2\u00e8me \u00e9dition se d\u00e9roulera durant le week-end du 11 au 14 avril 2014. Programmation Conform\u00e9ment \u00e0 l&rsquo;esprit de Bobines rebelles, chaque projection est suivie &hellip; <a href=\"https:\/\/www.lelag.fr\/site\/cinema\/bobines-rebelles\/bobines-rebelles-2014\/\">Continuer la lecture <span class=\"meta-nav\">&rarr;<\/span><\/a><\/p>\n","protected":false},"author":1,"featured_media":0,"parent":925,"menu_order":80,"comment_status":"closed","ping_status":"closed","template":"","meta":{"footnotes":""},"class_list":["post-1466","page","type-page","status-publish","hentry"],"_links":{"self":[{"href":"https:\/\/www.lelag.fr\/site\/wp-json\/wp\/v2\/pages\/1466","targetHints":{"allow":["GET"]}}],"collection":[{"href":"https:\/\/www.lelag.fr\/site\/wp-json\/wp\/v2\/pages"}],"about":[{"href":"https:\/\/www.lelag.fr\/site\/wp-json\/wp\/v2\/types\/page"}],"author":[{"embeddable":true,"href":"https:\/\/www.lelag.fr\/site\/wp-json\/wp\/v2\/users\/1"}],"replies":[{"embeddable":true,"href":"https:\/\/www.lelag.fr\/site\/wp-json\/wp\/v2\/comments?post=1466"}],"version-history":[{"count":8,"href":"https:\/\/www.lelag.fr\/site\/wp-json\/wp\/v2\/pages\/1466\/revisions"}],"predecessor-version":[{"id":1921,"href":"https:\/\/www.lelag.fr\/site\/wp-json\/wp\/v2\/pages\/1466\/revisions\/1921"}],"up":[{"embeddable":true,"href":"https:\/\/www.lelag.fr\/site\/wp-json\/wp\/v2\/pages\/925"}],"wp:attachment":[{"href":"https:\/\/www.lelag.fr\/site\/wp-json\/wp\/v2\/media?parent=1466"}],"curies":[{"name":"wp","href":"https:\/\/api.w.org\/{rel}","templated":true}]}}