{"id":1464,"date":"2013-09-09T22:26:32","date_gmt":"2013-09-09T20:26:32","guid":{"rendered":"http:\/\/lag.bassinminier62.org\/site\/?page_id=1464"},"modified":"2023-02-22T10:45:06","modified_gmt":"2023-02-22T09:45:06","slug":"bobines-rebelles-2013","status":"publish","type":"page","link":"https:\/\/www.lelag.fr\/site\/cinema\/bobines-rebelles\/bobines-rebelles-2013\/","title":{"rendered":"Bobines rebelles 2013"},"content":{"rendered":"<h1><\/h1>\n<div style=\"text-align: center;\">\n<dl id=\"attachment_1159\">\n<dt><a href=\"http:\/\/lag.bassinminier62.org\/site\/wp-content\/uploads\/2012\/12\/AfficheBR62-2013-10.jpg\"><img loading=\"lazy\" decoding=\"async\" src=\"http:\/\/lag.bassinminier62.org\/site\/wp-content\/uploads\/2012\/12\/AfficheBR62-2013-10-199x300.jpg\" alt=\"Bobines rebelles 62 - 2013\" width=\"199\" height=\"300\" \/><\/a><\/dt>\n<dd>Bobines rebelles 62 &#8211; 2013<\/dd>\n<\/dl>\n<\/div>\n<h1>Programmation<\/h1>\n<ul>\n<li>10h00 : Accueil<\/li>\n<li>11h00 : <a title=\"Cheveux rouges et caf\u00e9 noir\" href=\"http:\/\/lag.bassinminier62.org\/site\/cheveux-rouges-et-cafe-noir\/\">Cheveux rouges et caf\u00e9 noir<\/a> Film + \u00e9changes avec la r\u00e9alisatrice<\/li>\n<li>12h30 : Repas. Nous tiendrons le bar, pour vous r\u00e9galer de boissons artisanales, soupes maison, et de tous les p\u2019tits plats sucr\u00e9s et sal\u00e9s r\u00e9alis\u00e9s\u00a0 \u00e0 partir des fruits et l\u00e9gumes de paysans et jardiniers locaux. Avis aux v\u00e9g\u00e9tariens, ils n\u2019auront que l\u2019embarras du choix. Et les carnivores ne seront pas oubli\u00e9s pour autant.<\/li>\n<li>13h30 : <a title=\"9Ter\" href=\"http:\/\/lag.bassinminier62.org\/site\/9ter\/\">9Ter<\/a> Film + \u00e9changes avec la r\u00e9alisatrice<\/li>\n<li>15h00 : <a title=\"De l\u2019autre c\u00f4t\u00e9 de la route\" href=\"http:\/\/lag.bassinminier62.org\/site\/de-lautre-cote-de-la-route\/\">De l&rsquo;autre c\u00f4t\u00e9 de la route<\/a> Film + \u00e9changes avec les r\u00e9alisatrices<\/li>\n<li>16h30 : <a title=\"Film de guerre\" href=\"http:\/\/lelag.fr\/site\/film-de-guerre\/\">Film de guerre<\/a> Film + \u00e9changes avec la r\u00e9alisatrice<\/li>\n<li>18h00 : <a title=\"D\u2019\u00e9gal \u00e0 \u00e9gales\" href=\"http:\/\/lag.bassinminier62.org\/site\/degal-a-egales\/\">D\u2019\u00e9gal \u00e0 \u00e9gales<\/a> Film + \u00e9changes avec le r\u00e9alisateur<\/li>\n<li>20H00 : Repas. Nous tiendrons le bar, pour vous r\u00e9galer de boissons artisanales, soupes maison, et de tous les p\u2019tits plats sucr\u00e9s et sal\u00e9s r\u00e9alis\u00e9s\u00a0 \u00e0 partir des fruits et l\u00e9gumes de paysans et jardiniers locaux. Avis aux v\u00e9g\u00e9tariens, ils n\u2019auront que l\u2019embarras du choix. Et les carnivores ne seront pas oubli\u00e9s pour autant.<\/li>\n<\/ul>\n<h1>En t\u00e9l\u00e9chargement<\/h1>\n<p><a href=\"http:\/\/lag.bassinminier62.org\/site\/wp-content\/uploads\/2012\/12\/ProgrammeBobinesRebelles62-2013-A3.pdf\">Le programme de Bobines Rebelles 62 (2013)<\/a><\/p>\n<h1>1er festival du documentaire d&rsquo;auteur, social et politique dans le 62<\/h1>\n<p>Bobines rebelles, c&rsquo;est un <strong>Festival de documentaire d&rsquo;auteur social et politique<\/strong>, auto-organis\u00e9 dans diverses r\u00e9gions de France :<\/p>\n<ul>\n<li><a title=\"Bobines Rebelles 93\" href=\"http:\/\/www.bobinesrebelles93.org\">\u00c0 Saint-Denis (93)<\/a><\/li>\n<li><a title=\"Bobines Rebelles 02\" href=\"http:\/\/kropotkine.cybertaria.org\/spip.php?rubrique16\">\u00c0 Merlieux, dans l&rsquo;Aisne<\/a><\/li>\n<li><a href=\"http:\/\/bobinesrebelles.org\">Dans la Creuse<\/a><\/li>\n<\/ul>\n<p>Le LAG se propose donc d&rsquo;\u00eatre le prochain site organisant Bobines Rebelles. \u00c7a se tient le <strong>samedi 23 mars 2013.<\/strong><\/p>\n<p>Chaque s\u00e9ance du festival Bobines rebelles est propos\u00e9e \u00e0 <a title=\"Le prix libre\" href=\"http:\/\/lag.bassinminier62.org\/site\/le-lag\/fonctionnement-charte-du-lag\/le-prix-libre\/\">prix libre.<\/a><\/p>\n<p>Festival: en programmant pendant une journ\u00e9e une s\u00e9rie de films documentaires, nous voulons proposer un moment fort, permettant de cr\u00e9er une v\u00e9ritable dynamique de r\u00e9flexion.<\/p>\n<p>Documentaire\u00a0: en revendiquant un point de vue clairement affirm\u00e9, le documentaire permet de faire appara\u00eetre une r\u00e9alit\u00e9 qui, d\u2019habitude, nous est cach\u00e9e. Il favorise une d\u00e9marche critique et l\u2019\u00e9mergence d\u2019une conscience politique plus engag\u00e9e.<\/p>\n<p>D&rsquo;auteur\u00a0: le documentaire d\u02bcauteur est un prisme particulier permettant de nourrir une r\u00e9flexion collective. Ce cin\u00e9ma laisse une large place au spectateur dans l&rsquo;\u00e9laboration d&rsquo;une pens\u00e9e (\u00e0 l\u02bcinverse d\u02bcun reportage t\u00e9l\u00e9visuel, o\u00f9 le cerveau du spectateur est pris dans l\u02bc\u00e9tau des \u00e9vidences et autres lieux communs).<\/p>\n<p>Social et politique\u00a0: \u00e0 l\u2019heure o\u00f9 les tenants du pouvoir nous imposent une pens\u00e9e unique associ\u00e9e \u00e0 une fausse bipolarisation politique, nous voulons partager nos interrogations, confronter nos dissidences. Ind\u00e9pendance politique et autonomie de pens\u00e9e sont, aujourd\u2019hui, une exigence sociale<\/p>\n<p><em>\u00ab Le documentaire social se distingue du documentaire tout court et des actualit\u00e9s de la semaine par le point de vue que d\u00e9fend nettement son auteur. Ce documentaire social exige que l\u2019on prenne position car il met les points sur les i. S\u2019il n\u2019engage pas un artiste, il engage au moins un homme. Ceci vaut bien cela. (\u2026) Ce documentaire social devra nous dessiller les yeux. \u00bb<\/em> Jean Vigo (1905-1934)<\/p>\n<p>&nbsp;<\/p>\n<h1><\/h1>\n","protected":false},"excerpt":{"rendered":"<p>Bobines rebelles 62 &#8211; 2013 Programmation 10h00 : Accueil 11h00 : Cheveux rouges et caf\u00e9 noir Film + \u00e9changes avec la r\u00e9alisatrice 12h30 : Repas. Nous tiendrons le bar, pour vous r\u00e9galer de boissons artisanales, soupes maison, et de tous &hellip; <a href=\"https:\/\/www.lelag.fr\/site\/cinema\/bobines-rebelles\/bobines-rebelles-2013\/\">Continuer la lecture <span class=\"meta-nav\">&rarr;<\/span><\/a><\/p>\n","protected":false},"author":1,"featured_media":0,"parent":925,"menu_order":90,"comment_status":"closed","ping_status":"closed","template":"","meta":{"footnotes":""},"class_list":["post-1464","page","type-page","status-publish","hentry"],"_links":{"self":[{"href":"https:\/\/www.lelag.fr\/site\/wp-json\/wp\/v2\/pages\/1464","targetHints":{"allow":["GET"]}}],"collection":[{"href":"https:\/\/www.lelag.fr\/site\/wp-json\/wp\/v2\/pages"}],"about":[{"href":"https:\/\/www.lelag.fr\/site\/wp-json\/wp\/v2\/types\/page"}],"author":[{"embeddable":true,"href":"https:\/\/www.lelag.fr\/site\/wp-json\/wp\/v2\/users\/1"}],"replies":[{"embeddable":true,"href":"https:\/\/www.lelag.fr\/site\/wp-json\/wp\/v2\/comments?post=1464"}],"version-history":[{"count":4,"href":"https:\/\/www.lelag.fr\/site\/wp-json\/wp\/v2\/pages\/1464\/revisions"}],"predecessor-version":[{"id":6627,"href":"https:\/\/www.lelag.fr\/site\/wp-json\/wp\/v2\/pages\/1464\/revisions\/6627"}],"up":[{"embeddable":true,"href":"https:\/\/www.lelag.fr\/site\/wp-json\/wp\/v2\/pages\/925"}],"wp:attachment":[{"href":"https:\/\/www.lelag.fr\/site\/wp-json\/wp\/v2\/media?parent=1464"}],"curies":[{"name":"wp","href":"https:\/\/api.w.org\/{rel}","templated":true}]}}

<h1></h1>
<div style="text-align: center;">
<dl id="attachment_1159">
<dt><a href="http://lag.bassinminier62.org/site/wp-content/uploads/2012/12/AfficheBR62-2013-10.jpg"><img loading="lazy" decoding="async" src="http://lag.bassinminier62.org/site/wp-content/uploads/2012/12/AfficheBR62-2013-10-199x300.jpg" alt="Bobines rebelles 62 - 2013" width="199" height="300" /></a></dt>
<dd>Bobines rebelles 62 &#8211; 2013</dd>
</dl>
</div>
<h1>Programmation</h1>
<ul>
<li>10h00 : Accueil</li>
<li>11h00 : <a title="Cheveux rouges et café noir" href="http://lag.bassinminier62.org/site/cheveux-rouges-et-cafe-noir/">Cheveux rouges et café noir</a> Film + échanges avec la réalisatrice</li>
<li>12h30 : Repas. Nous tiendrons le bar, pour vous régaler de boissons artisanales, soupes maison, et de tous les p’tits plats sucrés et salés réalisés  à partir des fruits et légumes de paysans et jardiniers locaux. Avis aux végétariens, ils n’auront que l’embarras du choix. Et les carnivores ne seront pas oubliés pour autant.</li>
<li>13h30 : <a title="9Ter" href="http://lag.bassinminier62.org/site/9ter/">9Ter</a> Film + échanges avec la réalisatrice</li>
<li>15h00 : <a title="De l’autre côté de la route" href="http://lag.bassinminier62.org/site/de-lautre-cote-de-la-route/">De l&rsquo;autre côté de la route</a> Film + échanges avec les réalisatrices</li>
<li>16h30 : <a title="Film de guerre" href="http://lelag.fr/site/film-de-guerre/">Film de guerre</a> Film + échanges avec la réalisatrice</li>
<li>18h00 : <a title="D’égal à égales" href="http://lag.bassinminier62.org/site/degal-a-egales/">D’égal à égales</a> Film + échanges avec le réalisateur</li>
<li>20H00 : Repas. Nous tiendrons le bar, pour vous régaler de boissons artisanales, soupes maison, et de tous les p’tits plats sucrés et salés réalisés  à partir des fruits et légumes de paysans et jardiniers locaux. Avis aux végétariens, ils n’auront que l’embarras du choix. Et les carnivores ne seront pas oubliés pour autant.</li>
</ul>
<h1>En téléchargement</h1>
<p><a href="http://lag.bassinminier62.org/site/wp-content/uploads/2012/12/ProgrammeBobinesRebelles62-2013-A3.pdf">Le programme de Bobines Rebelles 62 (2013)</a></p>
<h1>1er festival du documentaire d&rsquo;auteur, social et politique dans le 62</h1>
<p>Bobines rebelles, c&rsquo;est un <strong>Festival de documentaire d&rsquo;auteur social et politique</strong>, auto-organisé dans diverses régions de France :</p>
<ul>
<li><a title="Bobines Rebelles 93" href="http://www.bobinesrebelles93.org">À Saint-Denis (93)</a></li>
<li><a title="Bobines Rebelles 02" href="http://kropotkine.cybertaria.org/spip.php?rubrique16">À Merlieux, dans l&rsquo;Aisne</a></li>
<li><a href="http://bobinesrebelles.org">Dans la Creuse</a></li>
</ul>
<p>Le LAG se propose donc d&rsquo;être le prochain site organisant Bobines Rebelles. Ça se tient le <strong>samedi 23 mars 2013.</strong></p>
<p>Chaque séance du festival Bobines rebelles est proposée à <a title="Le prix libre" href="http://lag.bassinminier62.org/site/le-lag/fonctionnement-charte-du-lag/le-prix-libre/">prix libre.</a></p>
<p>Festival: en programmant pendant une journée une série de films documentaires, nous voulons proposer un moment fort, permettant de créer une véritable dynamique de réflexion.</p>
<p>Documentaire : en revendiquant un point de vue clairement affirmé, le documentaire permet de faire apparaître une réalité qui, d’habitude, nous est cachée. Il favorise une démarche critique et l’émergence d’une conscience politique plus engagée.</p>
<p>D&rsquo;auteur : le documentaire dʼauteur est un prisme particulier permettant de nourrir une réflexion collective. Ce cinéma laisse une large place au spectateur dans l&rsquo;élaboration d&rsquo;une pensée (à lʼinverse dʼun reportage télévisuel, où le cerveau du spectateur est pris dans lʼétau des évidences et autres lieux communs).</p>
<p>Social et politique : à l’heure où les tenants du pouvoir nous imposent une pensée unique associée à une fausse bipolarisation politique, nous voulons partager nos interrogations, confronter nos dissidences. Indépendance politique et autonomie de pensée sont, aujourd’hui, une exigence sociale</p>
<p><em>« Le documentaire social se distingue du documentaire tout court et des actualités de la semaine par le point de vue que défend nettement son auteur. Ce documentaire social exige que l’on prenne position car il met les points sur les i. S’il n’engage pas un artiste, il engage au moins un homme. Ceci vaut bien cela. (…) Ce documentaire social devra nous dessiller les yeux. »</em> Jean Vigo (1905-1934)</p>
<p>&nbsp;</p>
<h1></h1>

<p>Bobines rebelles 62 &#8211; 2013 Programmation 10h00 : Accueil 11h00 : Cheveux rouges et café noir Film + échanges avec la réalisatrice 12h30 : Repas. Nous tiendrons le bar, pour vous régaler de boissons artisanales, soupes maison, et de tous &hellip; <a href="https://www.lelag.fr/site/cinema/bobines-rebelles/bobines-rebelles-2013/">Continuer la lecture <span class="meta-nav">&rarr;</span></a></p>
